{"id":3882,"date":"2023-03-15T12:28:35","date_gmt":"2023-03-15T11:28:35","guid":{"rendered":"https:\/\/www.upo.es\/25-aniversario\/?post_type=tribe_events&#038;p=3882"},"modified":"2023-03-23T11:19:06","modified_gmt":"2023-03-23T10:19:06","slug":"teatro-el-sueno-ilustrado-de-olavide","status":"publish","type":"tribe_events","link":"https:\/\/www.upo.es\/25-aniversario\/evento\/teatro-el-sueno-ilustrado-de-olavide\/","title":{"rendered":"Teatro &#8216;El sue\u00f1o ilustrado de Olavide&#8217;"},"content":{"rendered":"<p>Con motivo de la 4\u00aa Semana de la Historia de la Universidad Pablo de Olavide se representa la obra de teatro &#8216;El sue\u00f1o ilustrado de Olavide&#8217; como actividad dentro del marco del 25 aniversario de la Universidad.<\/p>\n<p>La obra es una dramatizaci\u00f3n de unos hechos que pudieron ocurrir en una fecha concreta, la de la muerte de Pablo de Olavide y J\u00e1uregui, lo que permitir\u00e1 hacer un repaso por su vida y obra.<\/p>\n<p>Representaci\u00f3n a cargo del grupo de teatro del Colegio de Abogados de Sevilla.<\/p>\n<p>Martes 28 de marzo a las 19 horas.<\/p>\n<p>Teatro Fundaci\u00f3n Cajasol (acceso calle Chicarreros, 1).<\/p>\n<p><a href=\"https:\/\/www.upo.es\/25-aniversario\/wp-content\/uploads\/2023\/03\/Folleto-El-Sueno-Ilustrado-De-Olavide-Def-Corregida.pdf\">Folleto &#8216;El sue\u00f1o ilustrado de Olavide&#8217;<\/a><\/p>\n<p>Entrada libre hasta completar aforo.<\/p>\n","protected":false},"excerpt":{"rendered":"<p>Con motivo de la 4\u00aa Semana de la Historia de la Universidad Pablo de Olavide se representa la obra de teatro &#8216;El sue\u00f1o ilustrado de Olavide&#8217; como actividad dentro del [&hellip;]<\/p>\n","protected":false},"author":3,"featured_media":3883,"comment_status":"closed","ping_status":"closed","template":"","meta":{"om_disable_all_campaigns":false,"_monsterinsights_skip_tracking":false,"_monsterinsights_sitenote_active":false,"_monsterinsights_sitenote_note":"","_monsterinsights_sitenote_category":0,"_tribe_events_status":"","_tribe_events_status_reason":"","footnotes":""},"tags":[60,100,53,99,98],"tribe_events_cat":[97],"class_list":["post-3882","tribe_events","type-tribe_events","status-publish","has-post-thumbnail","hentry","tag-25-aniversario-upo","tag-colegio-de-abogados-de-sevilla","tag-pablo-de-olavide","tag-semana-de-la-historia","tag-teatro","tribe_events_cat-teatro","cat_teatro"],"aioseo_notices":[],"yoast_head":"<!-- This site is optimized with the Yoast SEO plugin v19.9 - https:\/\/yoast.com\/wordpress\/plugins\/seo\/ -->\n<title>Teatro &#039;El sue\u00f1o ilustrado de Olavide&#039; - 25 Aniversario UPO<\/title>\n<meta name=\"robots\" content=\"index, follow, max-snippet:-1, max-image-preview:large, max-video-preview:-1\" \/>\n<link rel=\"canonical\" href=\"https:\/\/www.upo.es\/25-aniversario\/evento\/teatro-el-sueno-ilustrado-de-olavide\/\" \/>\n<meta property=\"og:locale\" content=\"es_ES\" \/>\n<meta property=\"og:type\" content=\"article\" \/>\n<meta property=\"og:title\" content=\"Teatro &#039;El sue\u00f1o ilustrado de Olavide&#039; - 25 Aniversario UPO\" \/>\n<meta property=\"og:description\" content=\"Con motivo de la 4\u00aa Semana de la Historia de la Universidad Pablo de Olavide se representa la obra de teatro &#8216;El sue\u00f1o ilustrado de Olavide&#8217; como actividad dentro del [&hellip;]\" \/>\n<meta property=\"og:url\" content=\"https:\/\/www.upo.es\/25-aniversario\/evento\/teatro-el-sueno-ilustrado-de-olavide\/\" \/>\n<meta property=\"og:site_name\" content=\"25 Aniversario UPO\" \/>\n<meta property=\"article:modified_time\" content=\"2023-03-23T10:19:06+00:00\" \/>\n<meta property=\"og:image\" content=\"https:\/\/www.upo.es\/25-aniversario\/wp-content\/uploads\/2023\/03\/Cartel_Teatro-El-Sueno-Ilustrado-de-Olavide-scaled.jpg\" \/>\n\t<meta property=\"og:image:width\" content=\"1889\" \/>\n\t<meta property=\"og:image:height\" content=\"2560\" \/>\n\t<meta property=\"og:image:type\" content=\"image\/jpeg\" \/>\n<meta name=\"twitter:card\" content=\"summary_large_image\" \/>\n<meta name=\"twitter:label1\" content=\"Tiempo de lectura\" \/>\n\t<meta name=\"twitter:data1\" content=\"1 minuto\" \/>\n<script type=\"application\/ld+json\" class=\"yoast-schema-graph\">{\"@context\":\"https:\/\/schema.org\",\"@graph\":[{\"@type\":\"WebPage\",\"@id\":\"https:\/\/www.upo.es\/25-aniversario\/evento\/teatro-el-sueno-ilustrado-de-olavide\/\",\"url\":\"https:\/\/www.upo.es\/25-aniversario\/evento\/teatro-el-sueno-ilustrado-de-olavide\/\",\"name\":\"Teatro 'El sue\u00f1o ilustrado de Olavide' - 25 Aniversario UPO\",\"isPartOf\":{\"@id\":\"https:\/\/www.upo.es\/25-aniversario\/#website\"},\"datePublished\":\"2023-03-15T11:28:35+00:00\",\"dateModified\":\"2023-03-23T10:19:06+00:00\",\"breadcrumb\":{\"@id\":\"https:\/\/www.upo.es\/25-aniversario\/evento\/teatro-el-sueno-ilustrado-de-olavide\/#breadcrumb\"},\"inLanguage\":\"es\",\"potentialAction\":[{\"@type\":\"ReadAction\",\"target\":[\"https:\/\/www.upo.es\/25-aniversario\/evento\/teatro-el-sueno-ilustrado-de-olavide\/\"]}]},{\"@type\":\"BreadcrumbList\",\"@id\":\"https:\/\/www.upo.es\/25-aniversario\/evento\/teatro-el-sueno-ilustrado-de-olavide\/#breadcrumb\",\"itemListElement\":[{\"@type\":\"ListItem\",\"position\":1,\"name\":\"\",\"item\":\"https:\/\/www.upo.es\/25-aniversario\/\"},{\"@type\":\"ListItem\",\"position\":2,\"name\":\"Eventos\",\"item\":\"https:\/\/www.upo.es\/25-aniversario\/eventos\/\"},{\"@type\":\"ListItem\",\"position\":3,\"name\":\"Teatro &#8216;El sue\u00f1o ilustrado de Olavide&#8217;\"}]},{\"@type\":\"WebSite\",\"@id\":\"https:\/\/www.upo.es\/25-aniversario\/#website\",\"url\":\"https:\/\/www.upo.es\/25-aniversario\/\",\"name\":\"25 Aniversario UPO\",\"description\":\"Olavide, x 25 m\u00e1s\",\"potentialAction\":[{\"@type\":\"SearchAction\",\"target\":{\"@type\":\"EntryPoint\",\"urlTemplate\":\"https:\/\/www.upo.es\/25-aniversario\/?s={search_term_string}\"},\"query-input\":\"required name=search_term_string\"}],\"inLanguage\":\"es\"}]}<\/script>\n<!-- \/ Yoast SEO plugin. -->","yoast_head_json":{"title":"Teatro 'El sue\u00f1o ilustrado de Olavide' - 25 Aniversario UPO","robots":{"index":"index","follow":"follow","max-snippet":"max-snippet:-1","max-image-preview":"max-image-preview:large","max-video-preview":"max-video-preview:-1"},"canonical":"https:\/\/www.upo.es\/25-aniversario\/evento\/teatro-el-sueno-ilustrado-de-olavide\/","og_locale":"es_ES","og_type":"article","og_title":"Teatro 'El sue\u00f1o ilustrado de Olavide' - 25 Aniversario UPO","og_description":"Con motivo de la 4\u00aa Semana de la Historia de la Universidad Pablo de Olavide se representa la obra de teatro &#8216;El sue\u00f1o ilustrado de Olavide&#8217; como actividad dentro del [&hellip;]","og_url":"https:\/\/www.upo.es\/25-aniversario\/evento\/teatro-el-sueno-ilustrado-de-olavide\/","og_site_name":"25 Aniversario UPO","article_modified_time":"2023-03-23T10:19:06+00:00","og_image":[{"width":1889,"height":2560,"url":"https:\/\/www.upo.es\/25-aniversario\/wp-content\/uploads\/2023\/03\/Cartel_Teatro-El-Sueno-Ilustrado-de-Olavide-scaled.jpg","type":"image\/jpeg"}],"twitter_card":"summary_large_image","twitter_misc":{"Tiempo de lectura":"1 minuto"},"schema":{"@context":"https:\/\/schema.org","@graph":[{"@type":"WebPage","@id":"https:\/\/www.upo.es\/25-aniversario\/evento\/teatro-el-sueno-ilustrado-de-olavide\/","url":"https:\/\/www.upo.es\/25-aniversario\/evento\/teatro-el-sueno-ilustrado-de-olavide\/","name":"Teatro 'El sue\u00f1o ilustrado de Olavide' - 25 Aniversario UPO","isPartOf":{"@id":"https:\/\/www.upo.es\/25-aniversario\/#website"},"datePublished":"2023-03-15T11:28:35+00:00","dateModified":"2023-03-23T10:19:06+00:00","breadcrumb":{"@id":"https:\/\/www.upo.es\/25-aniversario\/evento\/teatro-el-sueno-ilustrado-de-olavide\/#breadcrumb"},"inLanguage":"es","potentialAction":[{"@type":"ReadAction","target":["https:\/\/www.upo.es\/25-aniversario\/evento\/teatro-el-sueno-ilustrado-de-olavide\/"]}]},{"@type":"BreadcrumbList","@id":"https:\/\/www.upo.es\/25-aniversario\/evento\/teatro-el-sueno-ilustrado-de-olavide\/#breadcrumb","itemListElement":[{"@type":"ListItem","position":1,"name":"","item":"https:\/\/www.upo.es\/25-aniversario\/"},{"@type":"ListItem","position":2,"name":"Eventos","item":"https:\/\/www.upo.es\/25-aniversario\/eventos\/"},{"@type":"ListItem","position":3,"name":"Teatro &#8216;El sue\u00f1o ilustrado de Olavide&#8217;"}]},{"@type":"WebSite","@id":"https:\/\/www.upo.es\/25-aniversario\/#website","url":"https:\/\/www.upo.es\/25-aniversario\/","name":"25 Aniversario UPO","description":"Olavide, x 25 m\u00e1s","potentialAction":[{"@type":"SearchAction","target":{"@type":"EntryPoint","urlTemplate":"https:\/\/www.upo.es\/25-aniversario\/?s={search_term_string}"},"query-input":"required name=search_term_string"}],"inLanguage":"es"}]}},"_links":{"self":[{"href":"https:\/\/www.upo.es\/25-aniversario\/wp-json\/wp\/v2\/tribe_events\/3882","targetHints":{"allow":["GET"]}}],"collection":[{"href":"https:\/\/www.upo.es\/25-aniversario\/wp-json\/wp\/v2\/tribe_events"}],"about":[{"href":"https:\/\/www.upo.es\/25-aniversario\/wp-json\/wp\/v2\/types\/tribe_events"}],"author":[{"embeddable":true,"href":"https:\/\/www.upo.es\/25-aniversario\/wp-json\/wp\/v2\/users\/3"}],"replies":[{"embeddable":true,"href":"https:\/\/www.upo.es\/25-aniversario\/wp-json\/wp\/v2\/comments?post=3882"}],"version-history":[{"count":4,"href":"https:\/\/www.upo.es\/25-aniversario\/wp-json\/wp\/v2\/tribe_events\/3882\/revisions"}],"predecessor-version":[{"id":3897,"href":"https:\/\/www.upo.es\/25-aniversario\/wp-json\/wp\/v2\/tribe_events\/3882\/revisions\/3897"}],"wp:featuredmedia":[{"embeddable":true,"href":"https:\/\/www.upo.es\/25-aniversario\/wp-json\/wp\/v2\/media\/3883"}],"wp:attachment":[{"href":"https:\/\/www.upo.es\/25-aniversario\/wp-json\/wp\/v2\/media?parent=3882"}],"wp:term":[{"taxonomy":"post_tag","embeddable":true,"href":"https:\/\/www.upo.es\/25-aniversario\/wp-json\/wp\/v2\/tags?post=3882"},{"taxonomy":"tribe_events_cat","embeddable":true,"href":"https:\/\/www.upo.es\/25-aniversario\/wp-json\/wp\/v2\/tribe_events_cat?post=3882"}],"curies":[{"name":"wp","href":"https:\/\/api.w.org\/{rel}","templated":true}]}}

Teatro &#8216;El sueño ilustrado de Olavide&#8217;

<p>Con motivo de la 4ª Semana de la Historia de la Universidad Pablo de Olavide se representa la obra de teatro &#8216;El sueño ilustrado de Olavide&#8217; como actividad dentro del marco del 25 aniversario de la Universidad.</p>
<p>La obra es una dramatización de unos hechos que pudieron ocurrir en una fecha concreta, la de la muerte de Pablo de Olavide y Jáuregui, lo que permitirá hacer un repaso por su vida y obra.</p>
<p>Representación a cargo del grupo de teatro del Colegio de Abogados de Sevilla.</p>
<p>Martes 28 de marzo a las 19 horas.</p>
<p>Teatro Fundación Cajasol (acceso calle Chicarreros, 1).</p>
<p><a href="https://www.upo.es/25-aniversario/wp-content/uploads/2023/03/Folleto-El-Sueno-Ilustrado-De-Olavide-Def-Corregida.pdf">Folleto &#8216;El sueño ilustrado de Olavide&#8217;</a></p>
<p>Entrada libre hasta completar aforo.</p>

<p>Con motivo de la 4ª Semana de la Historia de la Universidad Pablo de Olavide se representa la obra de teatro &#8216;El sueño ilustrado de Olavide&#8217; como actividad dentro del [&hellip;]</p>

<!-- This site is optimized with the Yoast SEO plugin v19.9 - https://yoast.com/wordpress/plugins/seo/ -->
<title>Teatro &#039;El sueño ilustrado de Olavide&#039; - 25 Aniversario UPO</title>
<meta name="robots" content="index, follow, max-snippet:-1, max-image-preview:large, max-video-preview:-1" />
<link rel="canonical" href="https://www.upo.es/25-aniversario/evento/teatro-el-sueno-ilustrado-de-olavide/" />
<meta property="og:locale" content="es_ES" />
<meta property="og:type" content="article" />
<meta property="og:title" content="Teatro &#039;El sueño ilustrado de Olavide&#039; - 25 Aniversario UPO" />
<meta property="og:description" content="Con motivo de la 4ª Semana de la Historia de la Universidad Pablo de Olavide se representa la obra de teatro &#8216;El sueño ilustrado de Olavide&#8217; como actividad dentro del [&hellip;]" />
<meta property="og:url" content="https://www.upo.es/25-aniversario/evento/teatro-el-sueno-ilustrado-de-olavide/" />
<meta property="og:site_name" content="25 Aniversario UPO" />
<meta property="article:modified_time" content="2023-03-23T10:19:06+00:00" />
<meta property="og:image" content="https://www.upo.es/25-aniversario/wp-content/uploads/2023/03/Cartel_Teatro-El-Sueno-Ilustrado-de-Olavide-scaled.jpg" />
	<meta property="og:image:width" content="1889" />
	<meta property="og:image:height" content="2560" />
	<meta property="og:image:type" content="image/jpeg" />
<meta name="twitter:card" content="summary_large_image" />
<meta name="twitter:label1" content="Tiempo de lectura" />
	<meta name="twitter:data1" content="1 minuto" />
<script type="application/ld+json" class="yoast-schema-graph">{"@context":"https://schema.org","@graph":[{"@type":"WebPage","@id":"https://www.upo.es/25-aniversario/evento/teatro-el-sueno-ilustrado-de-olavide/","url":"https://www.upo.es/25-aniversario/evento/teatro-el-sueno-ilustrado-de-olavide/","name":"Teatro 'El sueño ilustrado de Olavide' - 25 Aniversario UPO","isPartOf":{"@id":"https://www.upo.es/25-aniversario/#website"},"datePublished":"2023-03-15T11:28:35+00:00","dateModified":"2023-03-23T10:19:06+00:00","breadcrumb":{"@id":"https://www.upo.es/25-aniversario/evento/teatro-el-sueno-ilustrado-de-olavide/#breadcrumb"},"inLanguage":"es","potentialAction":[{"@type":"ReadAction","target":["https://www.upo.es/25-aniversario/evento/teatro-el-sueno-ilustrado-de-olavide/"]}]},{"@type":"BreadcrumbList","@id":"https://www.upo.es/25-aniversario/evento/teatro-el-sueno-ilustrado-de-olavide/#breadcrumb","itemListElement":[{"@type":"ListItem","position":1,"name":"","item":"https://www.upo.es/25-aniversario/"},{"@type":"ListItem","position":2,"name":"Eventos","item":"https://www.upo.es/25-aniversario/eventos/"},{"@type":"ListItem","position":3,"name":"Teatro &#8216;El sueño ilustrado de Olavide&#8217;"}]},{"@type":"WebSite","@id":"https://www.upo.es/25-aniversario/#website","url":"https://www.upo.es/25-aniversario/","name":"25 Aniversario UPO","description":"Olavide, x 25 más","potentialAction":[{"@type":"SearchAction","target":{"@type":"EntryPoint","urlTemplate":"https://www.upo.es/25-aniversario/?s={search_term_string}"},"query-input":"required name=search_term_string"}],"inLanguage":"es"}]}</script>
<!-- / Yoast SEO plugin. -->

Teatro 'El sueño ilustrado de Olavide' - 25 Aniversario UPO

Con motivo de la 4ª Semana de la Historia de la Universidad Pablo de Olavide se representa la obra de teatro &#8216;El sueño ilustrado de Olavide&#8217; como actividad dentro del [&hellip;]

Olavide, x 25 más
