{"id":3951,"date":"2023-04-19T09:39:49","date_gmt":"2023-04-19T07:39:49","guid":{"rendered":"https:\/\/www.upo.es\/25-aniversario\/?post_type=tribe_events&#038;p=3951"},"modified":"2023-04-19T09:45:01","modified_gmt":"2023-04-19T07:45:01","slug":"brecha-de-genero-en-la-investigacion-cientifica","status":"publish","type":"tribe_events","link":"https:\/\/www.upo.es\/25-aniversario\/evento\/brecha-de-genero-en-la-investigacion-cientifica\/","title":{"rendered":"Brecha de g\u00e9nero en la investigaci\u00f3n cient\u00edfica"},"content":{"rendered":"<p><strong>Ciclo de Conferencias Rosario Valpuesta: Investigaciones feministas desde la pr\u00e1ctica reflexiva<\/strong><\/p>\n<p>23 de mayo de 2023.<\/p>\n<p>17 horas. <strong>Brecha de g\u00e9nero en la investigaci\u00f3n cient\u00edfica<\/strong><\/p>\n<p>D\u00f1a. Valeria Greyer Tobarc\u00eda y D\u00f1a. Ana Moral Rama. Universidad Pablo de Olavide<\/p>\n<p>Este ciclo de conferencias tiene como objetivo debatir y reflexionar sobre las Investigaciones Feministas, establecer el procedimiento para realizar una investigaci\u00f3n con perspectiva de g\u00e9nero desde diferentes \u00e1reas de conocimiento, presentar investigaciones, metodolog\u00edas, estrategias, oportunidades y limitaciones.<\/p>\n<p>&nbsp;<\/p>\n","protected":false},"excerpt":{"rendered":"<p>Ciclo de Conferencias Rosario Valpuesta: Investigaciones feministas desde la pr\u00e1ctica reflexiva 23 de mayo de 2023. 17 horas. Brecha de g\u00e9nero en la investigaci\u00f3n cient\u00edfica D\u00f1a. Valeria Greyer Tobarc\u00eda y [&hellip;]<\/p>\n","protected":false},"author":3,"featured_media":3507,"comment_status":"closed","ping_status":"closed","template":"","meta":{"om_disable_all_campaigns":false,"_monsterinsights_skip_tracking":false,"_monsterinsights_sitenote_active":false,"_monsterinsights_sitenote_note":"","_monsterinsights_sitenote_category":0,"_tribe_events_status":"","_tribe_events_status_reason":"","footnotes":""},"tags":[24,27,119,28,23],"tribe_events_cat":[22],"class_list":["post-3951","tribe_events","type-tribe_events","status-publish","has-post-thumbnail","hentry","tag-conferencia","tag-feminismo","tag-genero","tag-investigaciones-feministas","tag-rosario-valpuesta","tribe_events_cat-conferencia","cat_conferencia"],"aioseo_notices":[],"yoast_head":"<!-- This site is optimized with the Yoast SEO plugin v19.9 - https:\/\/yoast.com\/wordpress\/plugins\/seo\/ -->\n<title>Brecha de g\u00e9nero en la investigaci\u00f3n cient\u00edfica - 25 Aniversario UPO<\/title>\n<meta name=\"robots\" content=\"index, follow, max-snippet:-1, max-image-preview:large, max-video-preview:-1\" \/>\n<link rel=\"canonical\" href=\"https:\/\/www.upo.es\/25-aniversario\/evento\/brecha-de-genero-en-la-investigacion-cientifica\/\" \/>\n<meta property=\"og:locale\" content=\"es_ES\" \/>\n<meta property=\"og:type\" content=\"article\" \/>\n<meta property=\"og:title\" content=\"Brecha de g\u00e9nero en la investigaci\u00f3n cient\u00edfica - 25 Aniversario UPO\" \/>\n<meta property=\"og:description\" content=\"Ciclo de Conferencias Rosario Valpuesta: Investigaciones feministas desde la pr\u00e1ctica reflexiva 23 de mayo de 2023. 17 horas. Brecha de g\u00e9nero en la investigaci\u00f3n cient\u00edfica D\u00f1a. Valeria Greyer Tobarc\u00eda y [&hellip;]\" \/>\n<meta property=\"og:url\" content=\"https:\/\/www.upo.es\/25-aniversario\/evento\/brecha-de-genero-en-la-investigacion-cientifica\/\" \/>\n<meta property=\"og:site_name\" content=\"25 Aniversario UPO\" \/>\n<meta property=\"article:modified_time\" content=\"2023-04-19T07:45:01+00:00\" \/>\n<meta property=\"og:image\" content=\"https:\/\/www.upo.es\/25-aniversario\/wp-content\/uploads\/2022\/11\/Cartel17noviembreCicloConferencias.png\" \/>\n\t<meta property=\"og:image:width\" content=\"600\" \/>\n\t<meta property=\"og:image:height\" content=\"381\" \/>\n\t<meta property=\"og:image:type\" content=\"image\/png\" \/>\n<meta name=\"twitter:card\" content=\"summary_large_image\" \/>\n<meta name=\"twitter:label1\" content=\"Tiempo de lectura\" \/>\n\t<meta name=\"twitter:data1\" content=\"1 minuto\" \/>\n<script type=\"application\/ld+json\" class=\"yoast-schema-graph\">{\"@context\":\"https:\/\/schema.org\",\"@graph\":[{\"@type\":\"WebPage\",\"@id\":\"https:\/\/www.upo.es\/25-aniversario\/evento\/brecha-de-genero-en-la-investigacion-cientifica\/\",\"url\":\"https:\/\/www.upo.es\/25-aniversario\/evento\/brecha-de-genero-en-la-investigacion-cientifica\/\",\"name\":\"Brecha de g\u00e9nero en la investigaci\u00f3n cient\u00edfica - 25 Aniversario UPO\",\"isPartOf\":{\"@id\":\"https:\/\/www.upo.es\/25-aniversario\/#website\"},\"datePublished\":\"2023-04-19T07:39:49+00:00\",\"dateModified\":\"2023-04-19T07:45:01+00:00\",\"breadcrumb\":{\"@id\":\"https:\/\/www.upo.es\/25-aniversario\/evento\/brecha-de-genero-en-la-investigacion-cientifica\/#breadcrumb\"},\"inLanguage\":\"es\",\"potentialAction\":[{\"@type\":\"ReadAction\",\"target\":[\"https:\/\/www.upo.es\/25-aniversario\/evento\/brecha-de-genero-en-la-investigacion-cientifica\/\"]}]},{\"@type\":\"BreadcrumbList\",\"@id\":\"https:\/\/www.upo.es\/25-aniversario\/evento\/brecha-de-genero-en-la-investigacion-cientifica\/#breadcrumb\",\"itemListElement\":[{\"@type\":\"ListItem\",\"position\":1,\"name\":\"\",\"item\":\"https:\/\/www.upo.es\/25-aniversario\/\"},{\"@type\":\"ListItem\",\"position\":2,\"name\":\"Eventos\",\"item\":\"https:\/\/www.upo.es\/25-aniversario\/eventos\/\"},{\"@type\":\"ListItem\",\"position\":3,\"name\":\"Brecha de g\u00e9nero en la investigaci\u00f3n cient\u00edfica\"}]},{\"@type\":\"WebSite\",\"@id\":\"https:\/\/www.upo.es\/25-aniversario\/#website\",\"url\":\"https:\/\/www.upo.es\/25-aniversario\/\",\"name\":\"25 Aniversario UPO\",\"description\":\"Olavide, x 25 m\u00e1s\",\"potentialAction\":[{\"@type\":\"SearchAction\",\"target\":{\"@type\":\"EntryPoint\",\"urlTemplate\":\"https:\/\/www.upo.es\/25-aniversario\/?s={search_term_string}\"},\"query-input\":\"required name=search_term_string\"}],\"inLanguage\":\"es\"}]}<\/script>\n<!-- \/ Yoast SEO plugin. -->","yoast_head_json":{"title":"Brecha de g\u00e9nero en la investigaci\u00f3n cient\u00edfica - 25 Aniversario UPO","robots":{"index":"index","follow":"follow","max-snippet":"max-snippet:-1","max-image-preview":"max-image-preview:large","max-video-preview":"max-video-preview:-1"},"canonical":"https:\/\/www.upo.es\/25-aniversario\/evento\/brecha-de-genero-en-la-investigacion-cientifica\/","og_locale":"es_ES","og_type":"article","og_title":"Brecha de g\u00e9nero en la investigaci\u00f3n cient\u00edfica - 25 Aniversario UPO","og_description":"Ciclo de Conferencias Rosario Valpuesta: Investigaciones feministas desde la pr\u00e1ctica reflexiva 23 de mayo de 2023. 17 horas. Brecha de g\u00e9nero en la investigaci\u00f3n cient\u00edfica D\u00f1a. Valeria Greyer Tobarc\u00eda y [&hellip;]","og_url":"https:\/\/www.upo.es\/25-aniversario\/evento\/brecha-de-genero-en-la-investigacion-cientifica\/","og_site_name":"25 Aniversario UPO","article_modified_time":"2023-04-19T07:45:01+00:00","og_image":[{"width":600,"height":381,"url":"https:\/\/www.upo.es\/25-aniversario\/wp-content\/uploads\/2022\/11\/Cartel17noviembreCicloConferencias.png","type":"image\/png"}],"twitter_card":"summary_large_image","twitter_misc":{"Tiempo de lectura":"1 minuto"},"schema":{"@context":"https:\/\/schema.org","@graph":[{"@type":"WebPage","@id":"https:\/\/www.upo.es\/25-aniversario\/evento\/brecha-de-genero-en-la-investigacion-cientifica\/","url":"https:\/\/www.upo.es\/25-aniversario\/evento\/brecha-de-genero-en-la-investigacion-cientifica\/","name":"Brecha de g\u00e9nero en la investigaci\u00f3n cient\u00edfica - 25 Aniversario UPO","isPartOf":{"@id":"https:\/\/www.upo.es\/25-aniversario\/#website"},"datePublished":"2023-04-19T07:39:49+00:00","dateModified":"2023-04-19T07:45:01+00:00","breadcrumb":{"@id":"https:\/\/www.upo.es\/25-aniversario\/evento\/brecha-de-genero-en-la-investigacion-cientifica\/#breadcrumb"},"inLanguage":"es","potentialAction":[{"@type":"ReadAction","target":["https:\/\/www.upo.es\/25-aniversario\/evento\/brecha-de-genero-en-la-investigacion-cientifica\/"]}]},{"@type":"BreadcrumbList","@id":"https:\/\/www.upo.es\/25-aniversario\/evento\/brecha-de-genero-en-la-investigacion-cientifica\/#breadcrumb","itemListElement":[{"@type":"ListItem","position":1,"name":"","item":"https:\/\/www.upo.es\/25-aniversario\/"},{"@type":"ListItem","position":2,"name":"Eventos","item":"https:\/\/www.upo.es\/25-aniversario\/eventos\/"},{"@type":"ListItem","position":3,"name":"Brecha de g\u00e9nero en la investigaci\u00f3n cient\u00edfica"}]},{"@type":"WebSite","@id":"https:\/\/www.upo.es\/25-aniversario\/#website","url":"https:\/\/www.upo.es\/25-aniversario\/","name":"25 Aniversario UPO","description":"Olavide, x 25 m\u00e1s","potentialAction":[{"@type":"SearchAction","target":{"@type":"EntryPoint","urlTemplate":"https:\/\/www.upo.es\/25-aniversario\/?s={search_term_string}"},"query-input":"required name=search_term_string"}],"inLanguage":"es"}]}},"_links":{"self":[{"href":"https:\/\/www.upo.es\/25-aniversario\/wp-json\/wp\/v2\/tribe_events\/3951","targetHints":{"allow":["GET"]}}],"collection":[{"href":"https:\/\/www.upo.es\/25-aniversario\/wp-json\/wp\/v2\/tribe_events"}],"about":[{"href":"https:\/\/www.upo.es\/25-aniversario\/wp-json\/wp\/v2\/types\/tribe_events"}],"author":[{"embeddable":true,"href":"https:\/\/www.upo.es\/25-aniversario\/wp-json\/wp\/v2\/users\/3"}],"replies":[{"embeddable":true,"href":"https:\/\/www.upo.es\/25-aniversario\/wp-json\/wp\/v2\/comments?post=3951"}],"version-history":[{"count":2,"href":"https:\/\/www.upo.es\/25-aniversario\/wp-json\/wp\/v2\/tribe_events\/3951\/revisions"}],"predecessor-version":[{"id":3953,"href":"https:\/\/www.upo.es\/25-aniversario\/wp-json\/wp\/v2\/tribe_events\/3951\/revisions\/3953"}],"wp:featuredmedia":[{"embeddable":true,"href":"https:\/\/www.upo.es\/25-aniversario\/wp-json\/wp\/v2\/media\/3507"}],"wp:attachment":[{"href":"https:\/\/www.upo.es\/25-aniversario\/wp-json\/wp\/v2\/media?parent=3951"}],"wp:term":[{"taxonomy":"post_tag","embeddable":true,"href":"https:\/\/www.upo.es\/25-aniversario\/wp-json\/wp\/v2\/tags?post=3951"},{"taxonomy":"tribe_events_cat","embeddable":true,"href":"https:\/\/www.upo.es\/25-aniversario\/wp-json\/wp\/v2\/tribe_events_cat?post=3951"}],"curies":[{"name":"wp","href":"https:\/\/api.w.org\/{rel}","templated":true}]}}

Brecha de género en la investigación científica

<p><strong>Ciclo de Conferencias Rosario Valpuesta: Investigaciones feministas desde la práctica reflexiva</strong></p>
<p>23 de mayo de 2023.</p>
<p>17 horas. <strong>Brecha de género en la investigación científica</strong></p>
<p>Dña. Valeria Greyer Tobarcía y Dña. Ana Moral Rama. Universidad Pablo de Olavide</p>
<p>Este ciclo de conferencias tiene como objetivo debatir y reflexionar sobre las Investigaciones Feministas, establecer el procedimiento para realizar una investigación con perspectiva de género desde diferentes áreas de conocimiento, presentar investigaciones, metodologías, estrategias, oportunidades y limitaciones.</p>
<p>&nbsp;</p>

<p>Ciclo de Conferencias Rosario Valpuesta: Investigaciones feministas desde la práctica reflexiva 23 de mayo de 2023. 17 horas. Brecha de género en la investigación científica Dña. Valeria Greyer Tobarcía y [&hellip;]</p>

<!-- This site is optimized with the Yoast SEO plugin v19.9 - https://yoast.com/wordpress/plugins/seo/ -->
<title>Brecha de género en la investigación científica - 25 Aniversario UPO</title>
<meta name="robots" content="index, follow, max-snippet:-1, max-image-preview:large, max-video-preview:-1" />
<link rel="canonical" href="https://www.upo.es/25-aniversario/evento/brecha-de-genero-en-la-investigacion-cientifica/" />
<meta property="og:locale" content="es_ES" />
<meta property="og:type" content="article" />
<meta property="og:title" content="Brecha de género en la investigación científica - 25 Aniversario UPO" />
<meta property="og:description" content="Ciclo de Conferencias Rosario Valpuesta: Investigaciones feministas desde la práctica reflexiva 23 de mayo de 2023. 17 horas. Brecha de género en la investigación científica Dña. Valeria Greyer Tobarcía y [&hellip;]" />
<meta property="og:url" content="https://www.upo.es/25-aniversario/evento/brecha-de-genero-en-la-investigacion-cientifica/" />
<meta property="og:site_name" content="25 Aniversario UPO" />
<meta property="article:modified_time" content="2023-04-19T07:45:01+00:00" />
<meta property="og:image" content="https://www.upo.es/25-aniversario/wp-content/uploads/2022/11/Cartel17noviembreCicloConferencias.png" />
	<meta property="og:image:width" content="600" />
	<meta property="og:image:height" content="381" />
	<meta property="og:image:type" content="image/png" />
<meta name="twitter:card" content="summary_large_image" />
<meta name="twitter:label1" content="Tiempo de lectura" />
	<meta name="twitter:data1" content="1 minuto" />
<script type="application/ld+json" class="yoast-schema-graph">{"@context":"https://schema.org","@graph":[{"@type":"WebPage","@id":"https://www.upo.es/25-aniversario/evento/brecha-de-genero-en-la-investigacion-cientifica/","url":"https://www.upo.es/25-aniversario/evento/brecha-de-genero-en-la-investigacion-cientifica/","name":"Brecha de género en la investigación científica - 25 Aniversario UPO","isPartOf":{"@id":"https://www.upo.es/25-aniversario/#website"},"datePublished":"2023-04-19T07:39:49+00:00","dateModified":"2023-04-19T07:45:01+00:00","breadcrumb":{"@id":"https://www.upo.es/25-aniversario/evento/brecha-de-genero-en-la-investigacion-cientifica/#breadcrumb"},"inLanguage":"es","potentialAction":[{"@type":"ReadAction","target":["https://www.upo.es/25-aniversario/evento/brecha-de-genero-en-la-investigacion-cientifica/"]}]},{"@type":"BreadcrumbList","@id":"https://www.upo.es/25-aniversario/evento/brecha-de-genero-en-la-investigacion-cientifica/#breadcrumb","itemListElement":[{"@type":"ListItem","position":1,"name":"","item":"https://www.upo.es/25-aniversario/"},{"@type":"ListItem","position":2,"name":"Eventos","item":"https://www.upo.es/25-aniversario/eventos/"},{"@type":"ListItem","position":3,"name":"Brecha de género en la investigación científica"}]},{"@type":"WebSite","@id":"https://www.upo.es/25-aniversario/#website","url":"https://www.upo.es/25-aniversario/","name":"25 Aniversario UPO","description":"Olavide, x 25 más","potentialAction":[{"@type":"SearchAction","target":{"@type":"EntryPoint","urlTemplate":"https://www.upo.es/25-aniversario/?s={search_term_string}"},"query-input":"required name=search_term_string"}],"inLanguage":"es"}]}</script>
<!-- / Yoast SEO plugin. -->

Brecha de género en la investigación científica - 25 Aniversario UPO

Ciclo de Conferencias Rosario Valpuesta: Investigaciones feministas desde la práctica reflexiva 23 de mayo de 2023. 17 horas. Brecha de género en la investigación científica Dña. Valeria Greyer Tobarcía y [&hellip;]

Olavide, x 25 más
