{"id":4013,"date":"2023-06-15T12:05:42","date_gmt":"2023-06-15T10:05:42","guid":{"rendered":"https:\/\/www.upo.es\/25-aniversario\/?post_type=tribe_events&#038;p=4013"},"modified":"2023-06-15T12:05:42","modified_gmt":"2023-06-15T10:05:42","slug":"acto-de-clausura-25-aniversario-universidad-y-empresa-un-vinculo-estrategico-de-futuro","status":"publish","type":"tribe_events","link":"https:\/\/www.upo.es\/25-aniversario\/evento\/acto-de-clausura-25-aniversario-universidad-y-empresa-un-vinculo-estrategico-de-futuro\/","title":{"rendered":"Acto de clausura 25 Aniversario: &#8216;Universidad y Empresa. Un v\u00ednculo estrat\u00e9gico de futuro&#8217;"},"content":{"rendered":"<p><strong>Acto de clausura del 25 Aniversario de la Universidad Pablo de Olavide<\/strong><\/p>\n<p><strong>&#8216;Universidad y Empresa. Un v\u00ednculo estrat\u00e9gico de futuro&#8217;<\/strong><\/p>\n<p>Homenaje a las empresas e instituciones que han acompa\u00f1ado a la Universidad Pablo de Olavide durante los 25 a\u00f1os de su historia y han colaborado con la puesta en marcha de proyectos estrat\u00e9gicos para la Universidad.<\/p>\n<p>Este acto de reconocimiento tiene como objetivos principales poner en valor la importancia de los v\u00ednculos Universidad-Empresa, agradecer y visibilizar el importante papel que las empresas e instituciones desempe\u00f1an en la vida acad\u00e9mica universitaria, as\u00ed como ampliar el espacio de sinergias para el futuro.<\/p>\n","protected":false},"excerpt":{"rendered":"<p>Acto de clausura del 25 Aniversario de la Universidad Pablo de Olavide &#8216;Universidad y Empresa. Un v\u00ednculo estrat\u00e9gico de futuro&#8217; Homenaje a las empresas e instituciones que han acompa\u00f1ado a [&hellip;]<\/p>\n","protected":false},"author":3,"featured_media":4014,"comment_status":"closed","ping_status":"closed","template":"","meta":{"om_disable_all_campaigns":false,"_monsterinsights_skip_tracking":false,"_monsterinsights_sitenote_active":false,"_monsterinsights_sitenote_note":"","_monsterinsights_sitenote_category":0,"_tribe_events_status":"","_tribe_events_status_reason":"","footnotes":""},"tags":[117,152,153],"tribe_events_cat":[21],"class_list":["post-4013","tribe_events","type-tribe_events","status-publish","has-post-thumbnail","hentry","tag-25-aniversario","tag-acto-de-clausura","tag-universidad-empresa","tribe_events_cat-institucional","cat_institucional"],"aioseo_notices":[],"yoast_head":"<!-- This site is optimized with the Yoast SEO plugin v19.9 - https:\/\/yoast.com\/wordpress\/plugins\/seo\/ -->\n<title>Acto de clausura 25 Aniversario: &#039;Universidad y Empresa. Un v\u00ednculo estrat\u00e9gico de futuro&#039; - 25 Aniversario UPO<\/title>\n<meta name=\"robots\" content=\"index, follow, max-snippet:-1, max-image-preview:large, max-video-preview:-1\" \/>\n<link rel=\"canonical\" href=\"https:\/\/www.upo.es\/25-aniversario\/evento\/acto-de-clausura-25-aniversario-universidad-y-empresa-un-vinculo-estrategico-de-futuro\/\" \/>\n<meta property=\"og:locale\" content=\"es_ES\" \/>\n<meta property=\"og:type\" content=\"article\" \/>\n<meta property=\"og:title\" content=\"Acto de clausura 25 Aniversario: &#039;Universidad y Empresa. Un v\u00ednculo estrat\u00e9gico de futuro&#039; - 25 Aniversario UPO\" \/>\n<meta property=\"og:description\" content=\"Acto de clausura del 25 Aniversario de la Universidad Pablo de Olavide &#8216;Universidad y Empresa. Un v\u00ednculo estrat\u00e9gico de futuro&#8217; Homenaje a las empresas e instituciones que han acompa\u00f1ado a [&hellip;]\" \/>\n<meta property=\"og:url\" content=\"https:\/\/www.upo.es\/25-aniversario\/evento\/acto-de-clausura-25-aniversario-universidad-y-empresa-un-vinculo-estrategico-de-futuro\/\" \/>\n<meta property=\"og:site_name\" content=\"25 Aniversario UPO\" \/>\n<meta property=\"og:image\" content=\"https:\/\/www.upo.es\/25-aniversario\/wp-content\/uploads\/2023\/06\/Portada.jpg\" \/>\n\t<meta property=\"og:image:width\" content=\"1414\" \/>\n\t<meta property=\"og:image:height\" content=\"2000\" \/>\n\t<meta property=\"og:image:type\" content=\"image\/jpeg\" \/>\n<meta name=\"twitter:card\" content=\"summary_large_image\" \/>\n<meta name=\"twitter:label1\" content=\"Tiempo de lectura\" \/>\n\t<meta name=\"twitter:data1\" content=\"1 minuto\" \/>\n<script type=\"application\/ld+json\" class=\"yoast-schema-graph\">{\"@context\":\"https:\/\/schema.org\",\"@graph\":[{\"@type\":\"WebPage\",\"@id\":\"https:\/\/www.upo.es\/25-aniversario\/evento\/acto-de-clausura-25-aniversario-universidad-y-empresa-un-vinculo-estrategico-de-futuro\/\",\"url\":\"https:\/\/www.upo.es\/25-aniversario\/evento\/acto-de-clausura-25-aniversario-universidad-y-empresa-un-vinculo-estrategico-de-futuro\/\",\"name\":\"Acto de clausura 25 Aniversario: 'Universidad y Empresa. Un v\u00ednculo estrat\u00e9gico de futuro' - 25 Aniversario UPO\",\"isPartOf\":{\"@id\":\"https:\/\/www.upo.es\/25-aniversario\/#website\"},\"datePublished\":\"2023-06-15T10:05:42+00:00\",\"dateModified\":\"2023-06-15T10:05:42+00:00\",\"breadcrumb\":{\"@id\":\"https:\/\/www.upo.es\/25-aniversario\/evento\/acto-de-clausura-25-aniversario-universidad-y-empresa-un-vinculo-estrategico-de-futuro\/#breadcrumb\"},\"inLanguage\":\"es\",\"potentialAction\":[{\"@type\":\"ReadAction\",\"target\":[\"https:\/\/www.upo.es\/25-aniversario\/evento\/acto-de-clausura-25-aniversario-universidad-y-empresa-un-vinculo-estrategico-de-futuro\/\"]}]},{\"@type\":\"BreadcrumbList\",\"@id\":\"https:\/\/www.upo.es\/25-aniversario\/evento\/acto-de-clausura-25-aniversario-universidad-y-empresa-un-vinculo-estrategico-de-futuro\/#breadcrumb\",\"itemListElement\":[{\"@type\":\"ListItem\",\"position\":1,\"name\":\"\",\"item\":\"https:\/\/www.upo.es\/25-aniversario\/\"},{\"@type\":\"ListItem\",\"position\":2,\"name\":\"Eventos\",\"item\":\"https:\/\/www.upo.es\/25-aniversario\/eventos\/\"},{\"@type\":\"ListItem\",\"position\":3,\"name\":\"Acto de clausura 25 Aniversario: &#8216;Universidad y Empresa. Un v\u00ednculo estrat\u00e9gico de futuro&#8217;\"}]},{\"@type\":\"WebSite\",\"@id\":\"https:\/\/www.upo.es\/25-aniversario\/#website\",\"url\":\"https:\/\/www.upo.es\/25-aniversario\/\",\"name\":\"25 Aniversario UPO\",\"description\":\"Olavide, x 25 m\u00e1s\",\"potentialAction\":[{\"@type\":\"SearchAction\",\"target\":{\"@type\":\"EntryPoint\",\"urlTemplate\":\"https:\/\/www.upo.es\/25-aniversario\/?s={search_term_string}\"},\"query-input\":\"required name=search_term_string\"}],\"inLanguage\":\"es\"}]}<\/script>\n<!-- \/ Yoast SEO plugin. -->","yoast_head_json":{"title":"Acto de clausura 25 Aniversario: 'Universidad y Empresa. Un v\u00ednculo estrat\u00e9gico de futuro' - 25 Aniversario UPO","robots":{"index":"index","follow":"follow","max-snippet":"max-snippet:-1","max-image-preview":"max-image-preview:large","max-video-preview":"max-video-preview:-1"},"canonical":"https:\/\/www.upo.es\/25-aniversario\/evento\/acto-de-clausura-25-aniversario-universidad-y-empresa-un-vinculo-estrategico-de-futuro\/","og_locale":"es_ES","og_type":"article","og_title":"Acto de clausura 25 Aniversario: 'Universidad y Empresa. Un v\u00ednculo estrat\u00e9gico de futuro' - 25 Aniversario UPO","og_description":"Acto de clausura del 25 Aniversario de la Universidad Pablo de Olavide &#8216;Universidad y Empresa. Un v\u00ednculo estrat\u00e9gico de futuro&#8217; Homenaje a las empresas e instituciones que han acompa\u00f1ado a [&hellip;]","og_url":"https:\/\/www.upo.es\/25-aniversario\/evento\/acto-de-clausura-25-aniversario-universidad-y-empresa-un-vinculo-estrategico-de-futuro\/","og_site_name":"25 Aniversario UPO","og_image":[{"width":1414,"height":2000,"url":"https:\/\/www.upo.es\/25-aniversario\/wp-content\/uploads\/2023\/06\/Portada.jpg","type":"image\/jpeg"}],"twitter_card":"summary_large_image","twitter_misc":{"Tiempo de lectura":"1 minuto"},"schema":{"@context":"https:\/\/schema.org","@graph":[{"@type":"WebPage","@id":"https:\/\/www.upo.es\/25-aniversario\/evento\/acto-de-clausura-25-aniversario-universidad-y-empresa-un-vinculo-estrategico-de-futuro\/","url":"https:\/\/www.upo.es\/25-aniversario\/evento\/acto-de-clausura-25-aniversario-universidad-y-empresa-un-vinculo-estrategico-de-futuro\/","name":"Acto de clausura 25 Aniversario: 'Universidad y Empresa. Un v\u00ednculo estrat\u00e9gico de futuro' - 25 Aniversario UPO","isPartOf":{"@id":"https:\/\/www.upo.es\/25-aniversario\/#website"},"datePublished":"2023-06-15T10:05:42+00:00","dateModified":"2023-06-15T10:05:42+00:00","breadcrumb":{"@id":"https:\/\/www.upo.es\/25-aniversario\/evento\/acto-de-clausura-25-aniversario-universidad-y-empresa-un-vinculo-estrategico-de-futuro\/#breadcrumb"},"inLanguage":"es","potentialAction":[{"@type":"ReadAction","target":["https:\/\/www.upo.es\/25-aniversario\/evento\/acto-de-clausura-25-aniversario-universidad-y-empresa-un-vinculo-estrategico-de-futuro\/"]}]},{"@type":"BreadcrumbList","@id":"https:\/\/www.upo.es\/25-aniversario\/evento\/acto-de-clausura-25-aniversario-universidad-y-empresa-un-vinculo-estrategico-de-futuro\/#breadcrumb","itemListElement":[{"@type":"ListItem","position":1,"name":"","item":"https:\/\/www.upo.es\/25-aniversario\/"},{"@type":"ListItem","position":2,"name":"Eventos","item":"https:\/\/www.upo.es\/25-aniversario\/eventos\/"},{"@type":"ListItem","position":3,"name":"Acto de clausura 25 Aniversario: &#8216;Universidad y Empresa. Un v\u00ednculo estrat\u00e9gico de futuro&#8217;"}]},{"@type":"WebSite","@id":"https:\/\/www.upo.es\/25-aniversario\/#website","url":"https:\/\/www.upo.es\/25-aniversario\/","name":"25 Aniversario UPO","description":"Olavide, x 25 m\u00e1s","potentialAction":[{"@type":"SearchAction","target":{"@type":"EntryPoint","urlTemplate":"https:\/\/www.upo.es\/25-aniversario\/?s={search_term_string}"},"query-input":"required name=search_term_string"}],"inLanguage":"es"}]}},"_links":{"self":[{"href":"https:\/\/www.upo.es\/25-aniversario\/wp-json\/wp\/v2\/tribe_events\/4013","targetHints":{"allow":["GET"]}}],"collection":[{"href":"https:\/\/www.upo.es\/25-aniversario\/wp-json\/wp\/v2\/tribe_events"}],"about":[{"href":"https:\/\/www.upo.es\/25-aniversario\/wp-json\/wp\/v2\/types\/tribe_events"}],"author":[{"embeddable":true,"href":"https:\/\/www.upo.es\/25-aniversario\/wp-json\/wp\/v2\/users\/3"}],"replies":[{"embeddable":true,"href":"https:\/\/www.upo.es\/25-aniversario\/wp-json\/wp\/v2\/comments?post=4013"}],"version-history":[{"count":1,"href":"https:\/\/www.upo.es\/25-aniversario\/wp-json\/wp\/v2\/tribe_events\/4013\/revisions"}],"predecessor-version":[{"id":4015,"href":"https:\/\/www.upo.es\/25-aniversario\/wp-json\/wp\/v2\/tribe_events\/4013\/revisions\/4015"}],"wp:featuredmedia":[{"embeddable":true,"href":"https:\/\/www.upo.es\/25-aniversario\/wp-json\/wp\/v2\/media\/4014"}],"wp:attachment":[{"href":"https:\/\/www.upo.es\/25-aniversario\/wp-json\/wp\/v2\/media?parent=4013"}],"wp:term":[{"taxonomy":"post_tag","embeddable":true,"href":"https:\/\/www.upo.es\/25-aniversario\/wp-json\/wp\/v2\/tags?post=4013"},{"taxonomy":"tribe_events_cat","embeddable":true,"href":"https:\/\/www.upo.es\/25-aniversario\/wp-json\/wp\/v2\/tribe_events_cat?post=4013"}],"curies":[{"name":"wp","href":"https:\/\/api.w.org\/{rel}","templated":true}]}}

Acto de clausura 25 Aniversario: &#8216;Universidad y Empresa. Un vínculo estratégico de futuro&#8217;

<p><strong>Acto de clausura del 25 Aniversario de la Universidad Pablo de Olavide</strong></p>
<p><strong>&#8216;Universidad y Empresa. Un vínculo estratégico de futuro&#8217;</strong></p>
<p>Homenaje a las empresas e instituciones que han acompañado a la Universidad Pablo de Olavide durante los 25 años de su historia y han colaborado con la puesta en marcha de proyectos estratégicos para la Universidad.</p>
<p>Este acto de reconocimiento tiene como objetivos principales poner en valor la importancia de los vínculos Universidad-Empresa, agradecer y visibilizar el importante papel que las empresas e instituciones desempeñan en la vida académica universitaria, así como ampliar el espacio de sinergias para el futuro.</p>

<p>Acto de clausura del 25 Aniversario de la Universidad Pablo de Olavide &#8216;Universidad y Empresa. Un vínculo estratégico de futuro&#8217; Homenaje a las empresas e instituciones que han acompañado a [&hellip;]</p>

<!-- This site is optimized with the Yoast SEO plugin v19.9 - https://yoast.com/wordpress/plugins/seo/ -->
<title>Acto de clausura 25 Aniversario: &#039;Universidad y Empresa. Un vínculo estratégico de futuro&#039; - 25 Aniversario UPO</title>
<meta name="robots" content="index, follow, max-snippet:-1, max-image-preview:large, max-video-preview:-1" />
<link rel="canonical" href="https://www.upo.es/25-aniversario/evento/acto-de-clausura-25-aniversario-universidad-y-empresa-un-vinculo-estrategico-de-futuro/" />
<meta property="og:locale" content="es_ES" />
<meta property="og:type" content="article" />
<meta property="og:title" content="Acto de clausura 25 Aniversario: &#039;Universidad y Empresa. Un vínculo estratégico de futuro&#039; - 25 Aniversario UPO" />
<meta property="og:description" content="Acto de clausura del 25 Aniversario de la Universidad Pablo de Olavide &#8216;Universidad y Empresa. Un vínculo estratégico de futuro&#8217; Homenaje a las empresas e instituciones que han acompañado a [&hellip;]" />
<meta property="og:url" content="https://www.upo.es/25-aniversario/evento/acto-de-clausura-25-aniversario-universidad-y-empresa-un-vinculo-estrategico-de-futuro/" />
<meta property="og:site_name" content="25 Aniversario UPO" />
<meta property="og:image" content="https://www.upo.es/25-aniversario/wp-content/uploads/2023/06/Portada.jpg" />
	<meta property="og:image:width" content="1414" />
	<meta property="og:image:height" content="2000" />
	<meta property="og:image:type" content="image/jpeg" />
<meta name="twitter:card" content="summary_large_image" />
<meta name="twitter:label1" content="Tiempo de lectura" />
	<meta name="twitter:data1" content="1 minuto" />
<script type="application/ld+json" class="yoast-schema-graph">{"@context":"https://schema.org","@graph":[{"@type":"WebPage","@id":"https://www.upo.es/25-aniversario/evento/acto-de-clausura-25-aniversario-universidad-y-empresa-un-vinculo-estrategico-de-futuro/","url":"https://www.upo.es/25-aniversario/evento/acto-de-clausura-25-aniversario-universidad-y-empresa-un-vinculo-estrategico-de-futuro/","name":"Acto de clausura 25 Aniversario: 'Universidad y Empresa. Un vínculo estratégico de futuro' - 25 Aniversario UPO","isPartOf":{"@id":"https://www.upo.es/25-aniversario/#website"},"datePublished":"2023-06-15T10:05:42+00:00","dateModified":"2023-06-15T10:05:42+00:00","breadcrumb":{"@id":"https://www.upo.es/25-aniversario/evento/acto-de-clausura-25-aniversario-universidad-y-empresa-un-vinculo-estrategico-de-futuro/#breadcrumb"},"inLanguage":"es","potentialAction":[{"@type":"ReadAction","target":["https://www.upo.es/25-aniversario/evento/acto-de-clausura-25-aniversario-universidad-y-empresa-un-vinculo-estrategico-de-futuro/"]}]},{"@type":"BreadcrumbList","@id":"https://www.upo.es/25-aniversario/evento/acto-de-clausura-25-aniversario-universidad-y-empresa-un-vinculo-estrategico-de-futuro/#breadcrumb","itemListElement":[{"@type":"ListItem","position":1,"name":"","item":"https://www.upo.es/25-aniversario/"},{"@type":"ListItem","position":2,"name":"Eventos","item":"https://www.upo.es/25-aniversario/eventos/"},{"@type":"ListItem","position":3,"name":"Acto de clausura 25 Aniversario: &#8216;Universidad y Empresa. Un vínculo estratégico de futuro&#8217;"}]},{"@type":"WebSite","@id":"https://www.upo.es/25-aniversario/#website","url":"https://www.upo.es/25-aniversario/","name":"25 Aniversario UPO","description":"Olavide, x 25 más","potentialAction":[{"@type":"SearchAction","target":{"@type":"EntryPoint","urlTemplate":"https://www.upo.es/25-aniversario/?s={search_term_string}"},"query-input":"required name=search_term_string"}],"inLanguage":"es"}]}</script>
<!-- / Yoast SEO plugin. -->

Acto de clausura 25 Aniversario: 'Universidad y Empresa. Un vínculo estratégico de futuro' - 25 Aniversario UPO

Acto de clausura del 25 Aniversario de la Universidad Pablo de Olavide &#8216;Universidad y Empresa. Un vínculo estratégico de futuro&#8217; Homenaje a las empresas e instituciones que han acompañado a [&hellip;]

Olavide, x 25 más
