{"id":3627,"date":"2022-08-11T11:44:13","date_gmt":"2022-08-11T09:44:13","guid":{"rendered":"https:\/\/www.upo.es\/area-historia-america\/?page_id=3627"},"modified":"2025-01-28T09:08:17","modified_gmt":"2025-01-28T08:08:17","slug":"cafe-con-america","status":"publish","type":"page","link":"https:\/\/www.upo.es\/area-historia-america\/actividades\/cafe-con-america\/","title":{"rendered":"Podcast: Caf\u00e9 con Am\u00e9rica"},"content":{"rendered":"<section class=\"wpb-content-wrapper\"><p>[vc_row][vc_column][vc_column_text]En 2024 hemos estrenado nuevo podcast: \u00abCaf\u00e9 con Am\u00e9rica\u00bb es el comienzo de un bello y necesario acercamiento: el de la comunidad universitaria dedicada al estudio de la Historia de Am\u00e9rica y las personas inquietas. La historia del continente americano tiene la capacidad de asombrar a cualquier persona que escuche un poquito sobre ella. Por ejemplo, \u00bfqu\u00e9 mitos hay entorno a las independencias? \u00bfC\u00f3mo viven los pueblos originarios, c\u00f3mo preservan su historia, su cosmovisi\u00f3n y sus identidades? \u00bfCu\u00e1les son las construcciones de g\u00e9nero que se desarrollan en Am\u00e9rica Latina antes y despu\u00e9s de la llegada de Col\u00f3n? \u00bfPor qu\u00e9 es tan especial su literatura? \u00bfC\u00f3mo podemos explicar su actualidad?<\/p>\n<p>Desde el \u00c1rea de Historia de Am\u00e9rica nos proponemos tratar todos aquellos temas que quepan en este espacio radiof\u00f3nico para despertar en la audiencia la misma pasi\u00f3n que siente nuestro equipo. Contaremos tanto con la compa\u00f1\u00eda de profesionales excelentes como con algo tan esencial como las ganas de dar a conocer y de aprender.<\/p>\n<p>\u00a1<a href=\"https:\/\/radiolavide.org\/programa\/cafe-con-america\/\">Suscr\u00edbete<\/a> para no perderte nada! Y\u00a0 pincha <a href=\"https:\/\/radiolavide.org\/categoria-audio\/cafe-con-america\/\">aqu\u00ed <\/a>para escuchar todos nuestros programas, \u00a1esperamos que disfrut\u00e9is tanto como nosotras![\/vc_column_text][vc_column_text][\/vc_column_text][vc_empty_space][vc_empty_space][\/vc_column][\/vc_row][vc_row][vc_column][vc_single_image image=\u00bb4237&#8243; img_size=\u00bbmedium\u00bb alignment=\u00bbcenter\u00bb style=\u00bbvc_box_border_circle_2&#8243; onclick=\u00bbcustom_link\u00bb link=\u00bbhttp:\/\/radiolavide.org\/programa\/cafe-con-america\/\u00bb][\/vc_column][vc_column][\/vc_column][\/vc_row]<\/p>\n<\/section>","protected":false},"excerpt":{"rendered":"<p>[vc_row][vc_column][vc_column_text]En 2024 hemos estrenado nuevo podcast: \u00abCaf\u00e9 con Am\u00e9rica\u00bb es el comienzo de un bello y necesario acercamiento: el de la comunidad universitaria dedicada al estudio de la Historia de Am\u00e9rica y las personas inquietas. La historia del continente americano tiene la capacidad de asombrar a cualquier persona que escuche un poquito sobre ella. Por ejemplo, \u00bfqu\u00e9 mitos hay entorno a las independencias? \u00bfC\u00f3mo viven los pueblos originarios, c\u00f3mo preservan su historia, su cosmovisi\u00f3n y sus identidades? \u00bfCu\u00e1les son las construcciones de g\u00e9nero que se desarrollan en Am\u00e9rica Latina antes [&hellip;]<\/p>\n","protected":false},"author":1,"featured_media":4237,"parent":3649,"menu_order":0,"comment_status":"closed","ping_status":"closed","template":"","meta":{"footnotes":""},"class_list":["post-3627","page","type-page","status-publish","has-post-thumbnail","hentry"],"_links":{"self":[{"href":"https:\/\/www.upo.es\/area-historia-america\/wp-json\/wp\/v2\/pages\/3627","targetHints":{"allow":["GET"]}}],"collection":[{"href":"https:\/\/www.upo.es\/area-historia-america\/wp-json\/wp\/v2\/pages"}],"about":[{"href":"https:\/\/www.upo.es\/area-historia-america\/wp-json\/wp\/v2\/types\/page"}],"author":[{"embeddable":true,"href":"https:\/\/www.upo.es\/area-historia-america\/wp-json\/wp\/v2\/users\/1"}],"replies":[{"embeddable":true,"href":"https:\/\/www.upo.es\/area-historia-america\/wp-json\/wp\/v2\/comments?post=3627"}],"version-history":[{"count":14,"href":"https:\/\/www.upo.es\/area-historia-america\/wp-json\/wp\/v2\/pages\/3627\/revisions"}],"predecessor-version":[{"id":4239,"href":"https:\/\/www.upo.es\/area-historia-america\/wp-json\/wp\/v2\/pages\/3627\/revisions\/4239"}],"up":[{"embeddable":true,"href":"https:\/\/www.upo.es\/area-historia-america\/wp-json\/wp\/v2\/pages\/3649"}],"wp:featuredmedia":[{"embeddable":true,"href":"https:\/\/www.upo.es\/area-historia-america\/wp-json\/wp\/v2\/media\/4237"}],"wp:attachment":[{"href":"https:\/\/www.upo.es\/area-historia-america\/wp-json\/wp\/v2\/media?parent=3627"}],"curies":[{"name":"wp","href":"https:\/\/api.w.org\/{rel}","templated":true}]}}