{"id":3984,"date":"2023-06-12T13:25:03","date_gmt":"2023-06-12T11:25:03","guid":{"rendered":"https:\/\/www.upo.es\/area-historia-america\/?post_type=tribe_events&#038;p=3984"},"modified":"2023-06-12T13:25:03","modified_gmt":"2023-06-12T11:25:03","slug":"congreso-de-la-red-abya-yala-en-homenaje-a-juan-marchena-fernandez","status":"publish","type":"tribe_events","link":"https:\/\/www.upo.es\/area-historia-america\/evento\/congreso-de-la-red-abya-yala-en-homenaje-a-juan-marchena-fernandez\/","title":{"rendered":"Congreso de la Red Abya Yala en Homenaje a Juan Marchena Fern\u00e1ndez"},"content":{"rendered":"<p>El Congreso de la Red Abya Yala es una iniciativa de los grupos PAIDI HUM 209 \u00abIntegraci\u00f3n hist\u00f3rico cultural, desarrollo y derechos humanos en Am\u00e9rica Latina\u00bb, que dirige el profesor Justo Cu\u00f1o, y del grupo HUM 686 \u00abCentro de Estudios de la Religiosidad Andaluza\u00bb dirigido por el profesor Jos\u00e9 Mar\u00eda Miura. Este Congreso ha reunido a medio centenar de personas en la Sede de la Universidad Pablo de Olavide en Carmona, los d\u00edas 12, 13 y 14 de junio de 2023.<\/p>\n<p>El evento se plantea como un homenaje a la figura del recientemente fallecido profesor Juan Marchena Fern\u00e1ndez, cuya obra ha sido una de las bases fundamentales para la construcci\u00f3n de la historiograf\u00eda americanista m\u00e1s actual. Este nuevo conocimiento historiogr\u00e1fico, no solo ha sido glosado a trav\u00e9s de los maestros y maestras m\u00e1s reconocidas, sino tambi\u00e9n a trav\u00e9s de los estudiantes, ya doctores, formados en la UPO, y que actualmente son investigadores y profesores en distintas universidades latinoamericanas y ostentan relevantes reconocimientos acad\u00e9micos.<\/p>\n<p>El Congreso utiliza una metodolog\u00eda mixta presencial-virtual sincr\u00f3nica con posibilidad de matricularse o de asistir virtualmente. Otra de las finalidades del evento, ser\u00e1 la constituci\u00f3n formal de la Red Abya Yala UPO, conformada por estudiantes egresados del programa de Historia de Am\u00e9rica que constituy\u00f3, desarroll\u00f3 e impuls\u00f3 el profesor Juan Marchena Fern\u00e1ndez, nuestro maestro.<\/p>\n<p>M\u00e1s informaci\u00f3n: <a href=\"https:\/\/www.upo.es\/area-historia-america\/wp-content\/uploads\/2023\/06\/Homenaje_Marchena_Carmona_2023_reduc.pdf\">Homenaje_Marchena_Carmona_2023_reduc<\/a><\/p>\n","protected":false},"excerpt":{"rendered":"<p>El Congreso de la Red Abya Yala es una iniciativa de los grupos PAIDI HUM 209 \u00abIntegraci\u00f3n hist\u00f3rico cultural, desarrollo y derechos humanos en Am\u00e9rica Latina\u00bb, que dirige el profesor Justo Cu\u00f1o, y del grupo HUM 686 \u00abCentro de Estudios de la Religiosidad Andaluza\u00bb dirigido por el profesor Jos\u00e9 Mar\u00eda Miura. Este Congreso ha reunido a medio centenar de personas en la Sede de la Universidad Pablo de Olavide en Carmona, los d\u00edas 12, 13 y 14 de junio de 2023. El evento se plantea como un homenaje a la [&hellip;]<\/p>\n","protected":false},"author":2,"featured_media":3987,"comment_status":"open","ping_status":"closed","template":"","meta":{"_tribe_events_status":"","_tribe_events_status_reason":"","footnotes":""},"tags":[148,146,147],"tribe_events_cat":[140],"class_list":["post-3984","tribe_events","type-tribe_events","status-publish","has-post-thumbnail","hentry","tag-carmona","tag-homenaje","tag-juan-marchena","tribe_events_cat-congreso","cat_congreso"],"_links":{"self":[{"href":"https:\/\/www.upo.es\/area-historia-america\/wp-json\/wp\/v2\/tribe_events\/3984","targetHints":{"allow":["GET"]}}],"collection":[{"href":"https:\/\/www.upo.es\/area-historia-america\/wp-json\/wp\/v2\/tribe_events"}],"about":[{"href":"https:\/\/www.upo.es\/area-historia-america\/wp-json\/wp\/v2\/types\/tribe_events"}],"author":[{"embeddable":true,"href":"https:\/\/www.upo.es\/area-historia-america\/wp-json\/wp\/v2\/users\/2"}],"replies":[{"embeddable":true,"href":"https:\/\/www.upo.es\/area-historia-america\/wp-json\/wp\/v2\/comments?post=3984"}],"version-history":[{"count":1,"href":"https:\/\/www.upo.es\/area-historia-america\/wp-json\/wp\/v2\/tribe_events\/3984\/revisions"}],"predecessor-version":[{"id":3988,"href":"https:\/\/www.upo.es\/area-historia-america\/wp-json\/wp\/v2\/tribe_events\/3984\/revisions\/3988"}],"wp:featuredmedia":[{"embeddable":true,"href":"https:\/\/www.upo.es\/area-historia-america\/wp-json\/wp\/v2\/media\/3987"}],"wp:attachment":[{"href":"https:\/\/www.upo.es\/area-historia-america\/wp-json\/wp\/v2\/media?parent=3984"}],"wp:term":[{"taxonomy":"post_tag","embeddable":true,"href":"https:\/\/www.upo.es\/area-historia-america\/wp-json\/wp\/v2\/tags?post=3984"},{"taxonomy":"tribe_events_cat","embeddable":true,"href":"https:\/\/www.upo.es\/area-historia-america\/wp-json\/wp\/v2\/tribe_events_cat?post=3984"}],"curies":[{"name":"wp","href":"https:\/\/api.w.org\/{rel}","templated":true}]}}

Congreso de la Red Abya Yala en Homenaje a Juan Marchena Fernández

<p>El Congreso de la Red Abya Yala es una iniciativa de los grupos PAIDI HUM 209 «Integración histórico cultural, desarrollo y derechos humanos en América Latina», que dirige el profesor Justo Cuño, y del grupo HUM 686 «Centro de Estudios de la Religiosidad Andaluza» dirigido por el profesor José María Miura. Este Congreso ha reunido a medio centenar de personas en la Sede de la Universidad Pablo de Olavide en Carmona, los días 12, 13 y 14 de junio de 2023.</p>
<p>El evento se plantea como un homenaje a la figura del recientemente fallecido profesor Juan Marchena Fernández, cuya obra ha sido una de las bases fundamentales para la construcción de la historiografía americanista más actual. Este nuevo conocimiento historiográfico, no solo ha sido glosado a través de los maestros y maestras más reconocidas, sino también a través de los estudiantes, ya doctores, formados en la UPO, y que actualmente son investigadores y profesores en distintas universidades latinoamericanas y ostentan relevantes reconocimientos académicos.</p>
<p>El Congreso utiliza una metodología mixta presencial-virtual sincrónica con posibilidad de matricularse o de asistir virtualmente. Otra de las finalidades del evento, será la constitución formal de la Red Abya Yala UPO, conformada por estudiantes egresados del programa de Historia de América que constituyó, desarrolló e impulsó el profesor Juan Marchena Fernández, nuestro maestro.</p>
<p>Más información: <a href="https://www.upo.es/area-historia-america/wp-content/uploads/2023/06/Homenaje_Marchena_Carmona_2023_reduc.pdf">Homenaje_Marchena_Carmona_2023_reduc</a></p>

<p>El Congreso de la Red Abya Yala es una iniciativa de los grupos PAIDI HUM 209 «Integración histórico cultural, desarrollo y derechos humanos en América Latina», que dirige el profesor Justo Cuño, y del grupo HUM 686 «Centro de Estudios de la Religiosidad Andaluza» dirigido por el profesor José María Miura. Este Congreso ha reunido a medio centenar de personas en la Sede de la Universidad Pablo de Olavide en Carmona, los días 12, 13 y 14 de junio de 2023. El evento se plantea como un homenaje a la [&hellip;]</p>
