{"id":4071,"date":"2023-08-13T21:18:25","date_gmt":"2023-08-13T19:18:25","guid":{"rendered":"https:\/\/www.upo.es\/area-historia-america\/?post_type=tribe_events&#038;p=4071"},"modified":"2023-08-13T21:18:25","modified_gmt":"2023-08-13T19:18:25","slug":"charla-y-degustacion-gastronomica-4a-semana-de-la-historia","status":"publish","type":"tribe_events","link":"https:\/\/www.upo.es\/area-historia-america\/evento\/charla-y-degustacion-gastronomica-4a-semana-de-la-historia\/","title":{"rendered":"Charla y degustaci\u00f3n gastron\u00f3mica | 4\u00aa Semana de la Historia"},"content":{"rendered":"<p>Con motivo de la 4\u00aa Semana de la Historia, desde el \u00c1rea de Historia de Am\u00e9rica Latina hemos organizado el evento \u00abLa culinaria prehisp\u00e1nica y colonial: su impacto en la gastronom\u00eda mundial\u00bb. Nuestros alumnos del M\u00e1ster en Historia de Am\u00e9rica Latina, Mundos Ind\u00edgenas estar\u00e1n a cargo de la degustaci\u00f3n gastron\u00f3mica y de la contextualizaci\u00f3n de este evento. Podr\u00e1n acudir en la Sala de ocio del Edificio 45 de nuestra universidad.<\/p>\n","protected":false},"excerpt":{"rendered":"<p>Con motivo de la 4\u00aa Semana de la Historia, desde el \u00c1rea de Historia de Am\u00e9rica Latina hemos organizado el evento \u00abLa culinaria prehisp\u00e1nica y colonial: su impacto en la gastronom\u00eda mundial\u00bb. Nuestros alumnos del M\u00e1ster en Historia de Am\u00e9rica Latina, Mundos Ind\u00edgenas estar\u00e1n a cargo de la degustaci\u00f3n gastron\u00f3mica y de la contextualizaci\u00f3n de este evento. Podr\u00e1n acudir en la Sala de ocio del Edificio 45 de nuestra universidad.<\/p>\n","protected":false},"author":4,"featured_media":4072,"comment_status":"open","ping_status":"closed","template":"","meta":{"_tribe_events_status":"","_tribe_events_status_reason":"","footnotes":""},"tags":[],"tribe_events_cat":[],"class_list":["post-4071","tribe_events","type-tribe_events","status-publish","has-post-thumbnail","hentry"],"_links":{"self":[{"href":"https:\/\/www.upo.es\/area-historia-america\/wp-json\/wp\/v2\/tribe_events\/4071","targetHints":{"allow":["GET"]}}],"collection":[{"href":"https:\/\/www.upo.es\/area-historia-america\/wp-json\/wp\/v2\/tribe_events"}],"about":[{"href":"https:\/\/www.upo.es\/area-historia-america\/wp-json\/wp\/v2\/types\/tribe_events"}],"author":[{"embeddable":true,"href":"https:\/\/www.upo.es\/area-historia-america\/wp-json\/wp\/v2\/users\/4"}],"replies":[{"embeddable":true,"href":"https:\/\/www.upo.es\/area-historia-america\/wp-json\/wp\/v2\/comments?post=4071"}],"version-history":[{"count":1,"href":"https:\/\/www.upo.es\/area-historia-america\/wp-json\/wp\/v2\/tribe_events\/4071\/revisions"}],"predecessor-version":[{"id":4073,"href":"https:\/\/www.upo.es\/area-historia-america\/wp-json\/wp\/v2\/tribe_events\/4071\/revisions\/4073"}],"wp:featuredmedia":[{"embeddable":true,"href":"https:\/\/www.upo.es\/area-historia-america\/wp-json\/wp\/v2\/media\/4072"}],"wp:attachment":[{"href":"https:\/\/www.upo.es\/area-historia-america\/wp-json\/wp\/v2\/media?parent=4071"}],"wp:term":[{"taxonomy":"post_tag","embeddable":true,"href":"https:\/\/www.upo.es\/area-historia-america\/wp-json\/wp\/v2\/tags?post=4071"},{"taxonomy":"tribe_events_cat","embeddable":true,"href":"https:\/\/www.upo.es\/area-historia-america\/wp-json\/wp\/v2\/tribe_events_cat?post=4071"}],"curies":[{"name":"wp","href":"https:\/\/api.w.org\/{rel}","templated":true}]}}

Charla y degustación gastronómica | 4ª Semana de la Historia

<p>Con motivo de la 4ª Semana de la Historia, desde el Área de Historia de América Latina hemos organizado el evento «La culinaria prehispánica y colonial: su impacto en la gastronomía mundial». Nuestros alumnos del Máster en Historia de América Latina, Mundos Indígenas estarán a cargo de la degustación gastronómica y de la contextualización de este evento. Podrán acudir en la Sala de ocio del Edificio 45 de nuestra universidad.</p>
