{"id":4075,"date":"2023-08-13T21:29:53","date_gmt":"2023-08-13T19:29:53","guid":{"rendered":"https:\/\/www.upo.es\/area-historia-america\/?post_type=tribe_events&#038;p=4075"},"modified":"2023-08-13T21:29:53","modified_gmt":"2023-08-13T19:29:53","slug":"conversatorio-indios-y-conquista-en-el-tropico-caribeno-una-historia-diferente","status":"publish","type":"tribe_events","link":"https:\/\/www.upo.es\/area-historia-america\/evento\/conversatorio-indios-y-conquista-en-el-tropico-caribeno-una-historia-diferente\/","title":{"rendered":"Conversatorio: \u00abIndios y conquista en el tr\u00f3pico caribe\u00f1o, una historia diferente\u00bb"},"content":{"rendered":"<p>El Dr. Carl Henrik Langebaek, profesor en el Departamento de Antropolog\u00eda de la Universidad de los Andes, nos acompa\u00f1ar\u00e1 el 1 de junio para conversar sobre la conquista en el tr\u00f3pico caribe\u00f1o e indios. El encuentro tendr\u00e1 lugar en el Despacho del \u00c1rea de Historia de Am\u00e9rica Latina, en el Edificio 44 de nuestra universidad, a las 10:00h.<\/p>\n","protected":false},"excerpt":{"rendered":"<p>El Dr. Carl Henrik Langebaek, profesor en el Departamento de Antropolog\u00eda de la Universidad de los Andes, nos acompa\u00f1ar\u00e1 el 1 de junio para conversar sobre la conquista en el tr\u00f3pico caribe\u00f1o e indios. El encuentro tendr\u00e1 lugar en el Despacho del \u00c1rea de Historia de Am\u00e9rica Latina, en el Edificio 44 de nuestra universidad, a las 10:00h.<\/p>\n","protected":false},"author":4,"featured_media":4076,"comment_status":"open","ping_status":"closed","template":"","meta":{"_tribe_events_status":"","_tribe_events_status_reason":"","footnotes":""},"tags":[],"tribe_events_cat":[152],"class_list":["post-4075","tribe_events","type-tribe_events","status-publish","has-post-thumbnail","hentry","tribe_events_cat-conversatorio","cat_conversatorio"],"_links":{"self":[{"href":"https:\/\/www.upo.es\/area-historia-america\/wp-json\/wp\/v2\/tribe_events\/4075","targetHints":{"allow":["GET"]}}],"collection":[{"href":"https:\/\/www.upo.es\/area-historia-america\/wp-json\/wp\/v2\/tribe_events"}],"about":[{"href":"https:\/\/www.upo.es\/area-historia-america\/wp-json\/wp\/v2\/types\/tribe_events"}],"author":[{"embeddable":true,"href":"https:\/\/www.upo.es\/area-historia-america\/wp-json\/wp\/v2\/users\/4"}],"replies":[{"embeddable":true,"href":"https:\/\/www.upo.es\/area-historia-america\/wp-json\/wp\/v2\/comments?post=4075"}],"version-history":[{"count":1,"href":"https:\/\/www.upo.es\/area-historia-america\/wp-json\/wp\/v2\/tribe_events\/4075\/revisions"}],"predecessor-version":[{"id":4077,"href":"https:\/\/www.upo.es\/area-historia-america\/wp-json\/wp\/v2\/tribe_events\/4075\/revisions\/4077"}],"wp:featuredmedia":[{"embeddable":true,"href":"https:\/\/www.upo.es\/area-historia-america\/wp-json\/wp\/v2\/media\/4076"}],"wp:attachment":[{"href":"https:\/\/www.upo.es\/area-historia-america\/wp-json\/wp\/v2\/media?parent=4075"}],"wp:term":[{"taxonomy":"post_tag","embeddable":true,"href":"https:\/\/www.upo.es\/area-historia-america\/wp-json\/wp\/v2\/tags?post=4075"},{"taxonomy":"tribe_events_cat","embeddable":true,"href":"https:\/\/www.upo.es\/area-historia-america\/wp-json\/wp\/v2\/tribe_events_cat?post=4075"}],"curies":[{"name":"wp","href":"https:\/\/api.w.org\/{rel}","templated":true}]}}

Conversatorio: «Indios y conquista en el trópico caribeño, una historia diferente»

<p>El Dr. Carl Henrik Langebaek, profesor en el Departamento de Antropología de la Universidad de los Andes, nos acompañará el 1 de junio para conversar sobre la conquista en el trópico caribeño e indios. El encuentro tendrá lugar en el Despacho del Área de Historia de América Latina, en el Edificio 44 de nuestra universidad, a las 10:00h.</p>
