{"id":4078,"date":"2023-08-13T21:46:15","date_gmt":"2023-08-13T19:46:15","guid":{"rendered":"https:\/\/www.upo.es\/area-historia-america\/?post_type=tribe_events&#038;p=4078"},"modified":"2023-08-13T21:48:12","modified_gmt":"2023-08-13T19:48:12","slug":"presentacion-el-virreinato-del-peru-en-la-encrucijada-de-dos-epocas-1680-1750","status":"publish","type":"tribe_events","link":"https:\/\/www.upo.es\/area-historia-america\/evento\/presentacion-el-virreinato-del-peru-en-la-encrucijada-de-dos-epocas-1680-1750\/","title":{"rendered":"Presentaci\u00f3n: \u00abEl Virreinato del Per\u00fa en la encrucijada de dos \u00e9pocas (1680-1750)\u00bb"},"content":{"rendered":"<div class=\"xdj266r x11i5rnm xat24cr x1mh8g0r x1vvkbs x126k92a\">\n<div dir=\"auto\">En esta sesi\u00f3n presentaremos el libro reci\u00e9n editado por Claudia Rosas y Bernard Lavall\u00e9: \u00abEl Virreinato del Per\u00fa en la encrucijada de dos \u00e9pocas, 1680-1750\u00bb.<\/div>\n<div dir=\"auto\"><\/div>\n<\/div>\n<div class=\"x11i5rnm xat24cr x1mh8g0r x1vvkbs xtlvy1s x126k92a\">\n<div dir=\"auto\">En la obra participan prestigiosos autores, como Bernard Lavall\u00e9, Claudia Rosas Lauro, Juan Marchena Fern\u00e1ndez, Elizabeth Monta\u00f1ez-Sanabria, Nayibe Guti\u00e9rrez, Carlos G\u00e1lvez, Augusto Espinoza, Liliana P\u00e9rez, Nelson Pereyra, Javier Velarde, Fernando Rosas, Angela Domingues, Irma Barriga y Fabio Giovanni Locatelli. El resultado de este trabajo es un aporte a la comprensi\u00f3n del periodo que abarca desde 1680 a 1750, cuando se implementaron las reformas borb\u00f3nicas. A trav\u00e9s del an\u00e1lisis de diversos aspectos en los \u00e1mbitos social, econ\u00f3mico, pol\u00edtico y cultural, ofrece un retrato din\u00e1mico del Virreinato del Per\u00fa en las \u00faltimas d\u00e9cadas de los Habsburgo, en el siglo XVII, y las primeras de la nueva dinast\u00eda borb\u00f3nica en la siguiente centuria, en las que se acentu\u00f3 el desmoronamiento de la hegemon\u00eda espa\u00f1ola y que dio lugar a un cierre de ciclo e inicio de otro que ser\u00eda, desde muchos puntos de vista, decisivo.<\/div>\n<\/div>\n<div dir=\"auto\"><\/div>\n<div dir=\"auto\">A lo largo de esta presentaci\u00f3n acogeremos las palabras de prestigiosas autoras: Claudia Rosas, Nayibe Guti\u00e9rrez y Liliana P\u00e9rez. La presentaci\u00f3n completa se puede encontrar en <a href=\"https:\/\/scontent.fvlc6-1.fna.fbcdn.net\/v\/t15.5256-10\/322490885_466147285663119_9121593129369362951_n.jpg?_nc_cat=108&amp;cb=99be929b-3346023f&amp;ccb=1-7&amp;_nc_sid=1a7029&amp;_nc_ohc=OzW0-ZMSuXAAX-dTcuf&amp;_nc_ht=scontent.fvlc6-1.fna&amp;oh=00_AfDwCw13lBaRXVVhSVthA6ibOL2fXdzw_0AW8lahNXDWHA&amp;oe=64DEB757\">este enlace<\/a>.<\/div>\n<div dir=\"auto\"><img loading=\"lazy\" decoding=\"async\" class=\"aligncenter wp-image-4080 \" src=\"https:\/\/www.upo.es\/area-historia-america\/wp-content\/uploads\/2023\/08\/texto-libro-895x1024.jpg\" alt=\"\" width=\"633\" height=\"724\" srcset=\"https:\/\/www.upo.es\/area-historia-america\/wp-content\/uploads\/2023\/08\/texto-libro-895x1024.jpg 895w, https:\/\/www.upo.es\/area-historia-america\/wp-content\/uploads\/2023\/08\/texto-libro-262x300.jpg 262w, https:\/\/www.upo.es\/area-historia-america\/wp-content\/uploads\/2023\/08\/texto-libro-768x879.jpg 768w, https:\/\/www.upo.es\/area-historia-america\/wp-content\/uploads\/2023\/08\/texto-libro.jpg 1230w\" sizes=\"auto, (max-width: 633px) 100vw, 633px\" \/><\/div>\n","protected":false},"excerpt":{"rendered":"<p>En esta sesi\u00f3n presentaremos el libro reci\u00e9n editado por Claudia Rosas y Bernard Lavall\u00e9: \u00abEl Virreinato del Per\u00fa en la encrucijada de dos \u00e9pocas, 1680-1750\u00bb. En la obra participan prestigiosos autores, como Bernard Lavall\u00e9, Claudia Rosas Lauro, Juan Marchena Fern\u00e1ndez, Elizabeth Monta\u00f1ez-Sanabria, Nayibe Guti\u00e9rrez, Carlos G\u00e1lvez, Augusto Espinoza, Liliana P\u00e9rez, Nelson Pereyra, Javier Velarde, Fernando Rosas, Angela Domingues, Irma Barriga y Fabio Giovanni Locatelli. El resultado de este trabajo es un aporte a la comprensi\u00f3n del periodo que abarca desde 1680 a 1750, cuando se implementaron las reformas borb\u00f3nicas. A [&hellip;]<\/p>\n","protected":false},"author":4,"featured_media":4079,"comment_status":"open","ping_status":"closed","template":"","meta":{"_tribe_events_status":"","_tribe_events_status_reason":"","footnotes":""},"tags":[],"tribe_events_cat":[139],"class_list":["post-4078","tribe_events","type-tribe_events","status-publish","has-post-thumbnail","hentry","tribe_events_cat-ponencia","cat_ponencia"],"_links":{"self":[{"href":"https:\/\/www.upo.es\/area-historia-america\/wp-json\/wp\/v2\/tribe_events\/4078","targetHints":{"allow":["GET"]}}],"collection":[{"href":"https:\/\/www.upo.es\/area-historia-america\/wp-json\/wp\/v2\/tribe_events"}],"about":[{"href":"https:\/\/www.upo.es\/area-historia-america\/wp-json\/wp\/v2\/types\/tribe_events"}],"author":[{"embeddable":true,"href":"https:\/\/www.upo.es\/area-historia-america\/wp-json\/wp\/v2\/users\/4"}],"replies":[{"embeddable":true,"href":"https:\/\/www.upo.es\/area-historia-america\/wp-json\/wp\/v2\/comments?post=4078"}],"version-history":[{"count":3,"href":"https:\/\/www.upo.es\/area-historia-america\/wp-json\/wp\/v2\/tribe_events\/4078\/revisions"}],"predecessor-version":[{"id":4085,"href":"https:\/\/www.upo.es\/area-historia-america\/wp-json\/wp\/v2\/tribe_events\/4078\/revisions\/4085"}],"wp:featuredmedia":[{"embeddable":true,"href":"https:\/\/www.upo.es\/area-historia-america\/wp-json\/wp\/v2\/media\/4079"}],"wp:attachment":[{"href":"https:\/\/www.upo.es\/area-historia-america\/wp-json\/wp\/v2\/media?parent=4078"}],"wp:term":[{"taxonomy":"post_tag","embeddable":true,"href":"https:\/\/www.upo.es\/area-historia-america\/wp-json\/wp\/v2\/tags?post=4078"},{"taxonomy":"tribe_events_cat","embeddable":true,"href":"https:\/\/www.upo.es\/area-historia-america\/wp-json\/wp\/v2\/tribe_events_cat?post=4078"}],"curies":[{"name":"wp","href":"https:\/\/api.w.org\/{rel}","templated":true}]}}

Presentación: «El Virreinato del Perú en la encrucijada de dos épocas (1680-1750)»

<div class="xdj266r x11i5rnm xat24cr x1mh8g0r x1vvkbs x126k92a">
<div dir="auto">En esta sesión presentaremos el libro recién editado por Claudia Rosas y Bernard Lavallé: «El Virreinato del Perú en la encrucijada de dos épocas, 1680-1750».</div>
<div dir="auto"></div>
</div>
<div class="x11i5rnm xat24cr x1mh8g0r x1vvkbs xtlvy1s x126k92a">
<div dir="auto">En la obra participan prestigiosos autores, como Bernard Lavallé, Claudia Rosas Lauro, Juan Marchena Fernández, Elizabeth Montañez-Sanabria, Nayibe Gutiérrez, Carlos Gálvez, Augusto Espinoza, Liliana Pérez, Nelson Pereyra, Javier Velarde, Fernando Rosas, Angela Domingues, Irma Barriga y Fabio Giovanni Locatelli. El resultado de este trabajo es un aporte a la comprensión del periodo que abarca desde 1680 a 1750, cuando se implementaron las reformas borbónicas. A través del análisis de diversos aspectos en los ámbitos social, económico, político y cultural, ofrece un retrato dinámico del Virreinato del Perú en las últimas décadas de los Habsburgo, en el siglo XVII, y las primeras de la nueva dinastía borbónica en la siguiente centuria, en las que se acentuó el desmoronamiento de la hegemonía española y que dio lugar a un cierre de ciclo e inicio de otro que sería, desde muchos puntos de vista, decisivo.</div>
</div>
<div dir="auto"></div>
<div dir="auto">A lo largo de esta presentación acogeremos las palabras de prestigiosas autoras: Claudia Rosas, Nayibe Gutiérrez y Liliana Pérez. La presentación completa se puede encontrar en <a href="https://scontent.fvlc6-1.fna.fbcdn.net/v/t15.5256-10/322490885_466147285663119_9121593129369362951_n.jpg?_nc_cat=108&amp;cb=99be929b-3346023f&amp;ccb=1-7&amp;_nc_sid=1a7029&amp;_nc_ohc=OzW0-ZMSuXAAX-dTcuf&amp;_nc_ht=scontent.fvlc6-1.fna&amp;oh=00_AfDwCw13lBaRXVVhSVthA6ibOL2fXdzw_0AW8lahNXDWHA&amp;oe=64DEB757">este enlace</a>.</div>
<div dir="auto"><img loading="lazy" decoding="async" class="aligncenter wp-image-4080 " src="https://www.upo.es/area-historia-america/wp-content/uploads/2023/08/texto-libro-895x1024.jpg" alt="" width="633" height="724" srcset="https://www.upo.es/area-historia-america/wp-content/uploads/2023/08/texto-libro-895x1024.jpg 895w, https://www.upo.es/area-historia-america/wp-content/uploads/2023/08/texto-libro-262x300.jpg 262w, https://www.upo.es/area-historia-america/wp-content/uploads/2023/08/texto-libro-768x879.jpg 768w, https://www.upo.es/area-historia-america/wp-content/uploads/2023/08/texto-libro.jpg 1230w" sizes="auto, (max-width: 633px) 100vw, 633px" /></div>

<p>En esta sesión presentaremos el libro recién editado por Claudia Rosas y Bernard Lavallé: «El Virreinato del Perú en la encrucijada de dos épocas, 1680-1750». En la obra participan prestigiosos autores, como Bernard Lavallé, Claudia Rosas Lauro, Juan Marchena Fernández, Elizabeth Montañez-Sanabria, Nayibe Gutiérrez, Carlos Gálvez, Augusto Espinoza, Liliana Pérez, Nelson Pereyra, Javier Velarde, Fernando Rosas, Angela Domingues, Irma Barriga y Fabio Giovanni Locatelli. El resultado de este trabajo es un aporte a la comprensión del periodo que abarca desde 1680 a 1750, cuando se implementaron las reformas borbónicas. A [&hellip;]</p>
