{"id":1195,"date":"2019-05-15T13:27:00","date_gmt":"2019-05-15T11:27:00","guid":{"rendered":"https:\/\/www.upo.es\/area-historia-arte\/?page_id=1195"},"modified":"2019-07-16T13:23:36","modified_gmt":"2019-07-16T11:23:36","slug":"fernando-quiles-participa-en-la-mesa-carmona-memoriacreatividad-progreso-social-2","status":"publish","type":"page","link":"https:\/\/www.upo.es\/area-historia-arte\/fernando-quiles-participa-en-la-mesa-carmona-memoriacreatividad-progreso-social-2\/","title":{"rendered":"Fernando Quiles participa en la mesa \u00abCarmona: (memoria+creatividad)= progreso social\u00bb"},"content":{"rendered":"\n<p style=\"text-align:center\"><em>Programaci\u00f3n del verano cultural 2013<\/em><\/p>\n\n\n\n<div class=\"wp-block-image\"><figure class=\"aligncenter is-resized\"><img loading=\"lazy\" src=\"https:\/\/www.upo.es\/area-historia-arte\/wp-content\/uploads\/2019\/05\/CIMG2508-1024x768.jpg\" alt=\"\" class=\"wp-image-1216\" width=\"510\" height=\"382\" srcset=\"https:\/\/www.upo.es\/area-historia-arte\/wp-content\/uploads\/2019\/05\/CIMG2508-1024x768.jpg 1024w, https:\/\/www.upo.es\/area-historia-arte\/wp-content\/uploads\/2019\/05\/CIMG2508-300x225.jpg 300w, https:\/\/www.upo.es\/area-historia-arte\/wp-content\/uploads\/2019\/05\/CIMG2508-768x576.jpg 768w\" sizes=\"(max-width: 510px) 100vw, 510px\" \/><\/figure><\/div>\n\n\n\n<p style=\"text-align:center\">Programaci\u00f3n del verano cultural 2013<\/p>\n\n\n\n<p><strong>Participar\u00e1n, entre otros:<\/strong><\/p>\n\n\n\n<ul><li>Ram\u00f3n Gavira, Concejal de Cultura, Patrimonio Hist\u00f3rico y Turismo del Ayuntamiento de Carmona<\/li><li>Ricardo Lineros, Director del Museo de la Ciudad<\/li><li>Fernando Quil\u00e9s, Profesor Titular de Historia del Arte de la Universidad Pablo de Olavide, de Sevilla.<\/li><\/ul>\n\n\n\n<p><strong>Enlaces de inter\u00e9s:<\/strong><\/p>\n\n\n\n<ul><li><a href=\"http:\/\/www.upo.es\/portal\/impe\/web\/contenido\/5a66a206-ccf7-11e2-9216-3fe5a96f4a88\">Noticia &#8211; UPO<\/a><\/li><\/ul>\n","protected":false},"excerpt":{"rendered":"<p>Programaci\u00f3n del verano cultural 2013 Programaci\u00f3n del verano cultural 2013 Participar\u00e1n, entre otros: Ram\u00f3n Gavira, Concejal de Cultura, Patrimonio Hist\u00f3rico[&#8230;]<\/p>\n","protected":false},"author":1,"featured_media":0,"parent":0,"menu_order":0,"comment_status":"closed","ping_status":"closed","template":"template-fullwidth.php","meta":[],"_links":{"self":[{"href":"https:\/\/www.upo.es\/area-historia-arte\/wp-json\/wp\/v2\/pages\/1195"}],"collection":[{"href":"https:\/\/www.upo.es\/area-historia-arte\/wp-json\/wp\/v2\/pages"}],"about":[{"href":"https:\/\/www.upo.es\/area-historia-arte\/wp-json\/wp\/v2\/types\/page"}],"author":[{"embeddable":true,"href":"https:\/\/www.upo.es\/area-historia-arte\/wp-json\/wp\/v2\/users\/1"}],"replies":[{"embeddable":true,"href":"https:\/\/www.upo.es\/area-historia-arte\/wp-json\/wp\/v2\/comments?post=1195"}],"version-history":[{"count":3,"href":"https:\/\/www.upo.es\/area-historia-arte\/wp-json\/wp\/v2\/pages\/1195\/revisions"}],"predecessor-version":[{"id":2048,"href":"https:\/\/www.upo.es\/area-historia-arte\/wp-json\/wp\/v2\/pages\/1195\/revisions\/2048"}],"wp:attachment":[{"href":"https:\/\/www.upo.es\/area-historia-arte\/wp-json\/wp\/v2\/media?parent=1195"}],"curies":[{"name":"wp","href":"https:\/\/api.w.org\/{rel}","templated":true}]}}

<p style="text-align:center"><em>Programación del verano cultural 2013</em></p>



<div class="wp-block-image"><figure class="aligncenter is-resized"><img loading="lazy" src="https://www.upo.es/area-historia-arte/wp-content/uploads/2019/05/CIMG2508-1024x768.jpg" alt="" class="wp-image-1216" width="510" height="382" srcset="https://www.upo.es/area-historia-arte/wp-content/uploads/2019/05/CIMG2508-1024x768.jpg 1024w, https://www.upo.es/area-historia-arte/wp-content/uploads/2019/05/CIMG2508-300x225.jpg 300w, https://www.upo.es/area-historia-arte/wp-content/uploads/2019/05/CIMG2508-768x576.jpg 768w" sizes="(max-width: 510px) 100vw, 510px" /></figure></div>



<p style="text-align:center">Programación del verano cultural 2013</p>



<p><strong>Participarán, entre otros:</strong></p>



<ul><li>Ramón Gavira, Concejal de Cultura, Patrimonio Histórico y Turismo del Ayuntamiento de Carmona</li><li>Ricardo Lineros, Director del Museo de la Ciudad</li><li>Fernando Quilés, Profesor Titular de Historia del Arte de la Universidad Pablo de Olavide, de Sevilla.</li></ul>



<p><strong>Enlaces de interés:</strong></p>



<ul><li><a href="http://www.upo.es/portal/impe/web/contenido/5a66a206-ccf7-11e2-9216-3fe5a96f4a88">Noticia &#8211; UPO</a></li></ul>

<p>Programación del verano cultural 2013 Programación del verano cultural 2013 Participarán, entre otros: Ramón Gavira, Concejal de Cultura, Patrimonio Histórico[&#8230;]</p>
