{"id":1201,"date":"2019-05-15T13:30:06","date_gmt":"2019-05-15T11:30:06","guid":{"rendered":"https:\/\/www.upo.es\/area-historia-arte\/?page_id=1201"},"modified":"2019-05-15T13:41:01","modified_gmt":"2019-05-15T11:41:01","slug":"en-la-casa-de-provincia-se-presenta-el-portal-de-patrimonio-andaluz-y-el-libro-arquitectura-vernacula-iberoamericana%ef%bb%bf-2","status":"publish","type":"page","link":"https:\/\/www.upo.es\/area-historia-arte\/en-la-casa-de-provincia-se-presenta-el-portal-de-patrimonio-andaluz-y-el-libro-arquitectura-vernacula-iberoamericana%ef%bb%bf-2\/","title":{"rendered":"En la Casa de Provincia se presenta el portal de patrimonio andaluz y el libro &#8216;Arquitectura Vern\u00e1cula Iberoamericana&#8217;\ufeff"},"content":{"rendered":"\n<p>Marcela Cristina\nCu\u00e9llar S\u00e1nchez, Marcelo Mart\u00edn y Fernando Quiles.<\/p>\n\n\n\n<p>La Casa de la\nProvincia de la Diputaci\u00f3n de Sevilla acoge este martes, a las 20,00 horas, la\npresentaci\u00f3n por parte del profesor Fernando Quiles, del Departamento de\nGeograf\u00eda, Historia y Filosof\u00eda de la Universidad Pablo de Olavide, del libro\n&#8216;Arquitectura Vern\u00e1cula Iberoamericana&#8217;, primer volumen de una nueva colecci\u00f3n\ntitulada &#8216;Textos&#8217;, editada por la Red de Arquitectura Vern\u00e1cula Iberoamericana,\ncuyo objetivo es la difusi\u00f3n de la arquitectura tradicional en Espa\u00f1a e\nIberoam\u00e9rica.<\/p>\n\n\n\n<p>En una nota, la Diputaci\u00f3n informa de que el patrimonio cultural ser\u00e1 protagonista, puesto que el acto va a servir adem\u00e1s para la presentaci\u00f3n en sociedad de un portal para la difusi\u00f3n del patrimonio art\u00edstico andaluz, &#8216;Visibilia&#8217;, creado con el auspicio de la Consejer\u00eda de Innovaci\u00f3n, Ciencia y Empresa de la Junta de Andaluc\u00eda.<\/p>\n\n\n\n<p><a href=\"http:\/\/www.europapress.es\/andalucia\/sevilla-00357\/noticia-casa-provincia-presenta-portal-patrimonio-andaluz-libro-arquitectura-vernacula-iberoamericana-20130520165035.html\">Noticia &#8211; europapress<\/a><\/p>\n","protected":false},"excerpt":{"rendered":"<p>Marcela Cristina Cu\u00e9llar S\u00e1nchez, Marcelo Mart\u00edn y Fernando Quiles. La Casa de la Provincia de la Diputaci\u00f3n de Sevilla acoge[&#8230;]<\/p>\n","protected":false},"author":1,"featured_media":0,"parent":0,"menu_order":0,"comment_status":"closed","ping_status":"closed","template":"template-fullwidth.php","meta":[],"_links":{"self":[{"href":"https:\/\/www.upo.es\/area-historia-arte\/wp-json\/wp\/v2\/pages\/1201"}],"collection":[{"href":"https:\/\/www.upo.es\/area-historia-arte\/wp-json\/wp\/v2\/pages"}],"about":[{"href":"https:\/\/www.upo.es\/area-historia-arte\/wp-json\/wp\/v2\/types\/page"}],"author":[{"embeddable":true,"href":"https:\/\/www.upo.es\/area-historia-arte\/wp-json\/wp\/v2\/users\/1"}],"replies":[{"embeddable":true,"href":"https:\/\/www.upo.es\/area-historia-arte\/wp-json\/wp\/v2\/comments?post=1201"}],"version-history":[{"count":1,"href":"https:\/\/www.upo.es\/area-historia-arte\/wp-json\/wp\/v2\/pages\/1201\/revisions"}],"predecessor-version":[{"id":1202,"href":"https:\/\/www.upo.es\/area-historia-arte\/wp-json\/wp\/v2\/pages\/1201\/revisions\/1202"}],"wp:attachment":[{"href":"https:\/\/www.upo.es\/area-historia-arte\/wp-json\/wp\/v2\/media?parent=1201"}],"curies":[{"name":"wp","href":"https:\/\/api.w.org\/{rel}","templated":true}]}}

En la Casa de Provincia se presenta el portal de patrimonio andaluz y el libro &#8216;Arquitectura Vernácula Iberoamericana&#8217;﻿

<p>Marcela Cristina
Cuéllar Sánchez, Marcelo Martín y Fernando Quiles.</p>



<p>La Casa de la
Provincia de la Diputación de Sevilla acoge este martes, a las 20,00 horas, la
presentación por parte del profesor Fernando Quiles, del Departamento de
Geografía, Historia y Filosofía de la Universidad Pablo de Olavide, del libro
&#8216;Arquitectura Vernácula Iberoamericana&#8217;, primer volumen de una nueva colección
titulada &#8216;Textos&#8217;, editada por la Red de Arquitectura Vernácula Iberoamericana,
cuyo objetivo es la difusión de la arquitectura tradicional en España e
Iberoamérica.</p>



<p>En una nota, la Diputación informa de que el patrimonio cultural será protagonista, puesto que el acto va a servir además para la presentación en sociedad de un portal para la difusión del patrimonio artístico andaluz, &#8216;Visibilia&#8217;, creado con el auspicio de la Consejería de Innovación, Ciencia y Empresa de la Junta de Andalucía.</p>



<p><a href="http://www.europapress.es/andalucia/sevilla-00357/noticia-casa-provincia-presenta-portal-patrimonio-andaluz-libro-arquitectura-vernacula-iberoamericana-20130520165035.html">Noticia &#8211; europapress</a></p>

<p>Marcela Cristina Cuéllar Sánchez, Marcelo Martín y Fernando Quiles. La Casa de la Provincia de la Diputación de Sevilla acoge[&#8230;]</p>
