{"id":1244,"date":"2019-05-15T18:31:14","date_gmt":"2019-05-15T16:31:14","guid":{"rendered":"https:\/\/www.upo.es\/area-historia-arte\/?page_id=1244"},"modified":"2019-07-19T09:54:40","modified_gmt":"2019-07-19T07:54:40","slug":"ii-simposio-internacional-de-arte-y-patrimonio-arquitectura-vernacula-iberoamericana-2","status":"publish","type":"page","link":"https:\/\/www.upo.es\/area-historia-arte\/ii-simposio-internacional-de-arte-y-patrimonio-arquitectura-vernacula-iberoamericana-2\/","title":{"rendered":"II Simposio Internacional de Arte y Patrimonio \u00abArquitectura Vern\u00e1cula Iberoamericana\u00bb"},"content":{"rendered":"\n<p style=\"text-align:center\">II Simposio Internacional de Arte y Patrimonio \u00abArquitectura Vern\u00e1cula Iberoamericana\u00bb<\/p>\n\n\n\n<div class=\"wp-block-image\"><figure class=\"aligncenter is-resized\"><img loading=\"lazy\" src=\"https:\/\/www.upo.es\/area-historia-arte\/wp-content\/uploads\/2019\/05\/Ponentes_del_II_Simposio_Internacional_de_Arte_y_Patrimonio._Arquitectura_Vernxcula_Iberoamericana.jpg\" alt=\"\" class=\"wp-image-1246\" width=\"503\" height=\"311\" srcset=\"https:\/\/www.upo.es\/area-historia-arte\/wp-content\/uploads\/2019\/05\/Ponentes_del_II_Simposio_Internacional_de_Arte_y_Patrimonio._Arquitectura_Vernxcula_Iberoamericana.jpg 720w, https:\/\/www.upo.es\/area-historia-arte\/wp-content\/uploads\/2019\/05\/Ponentes_del_II_Simposio_Internacional_de_Arte_y_Patrimonio._Arquitectura_Vernxcula_Iberoamericana-300x185.jpg 300w\" sizes=\"(max-width: 503px) 100vw, 503px\" \/><\/figure><\/div>\n\n\n\n<p style=\"text-align:center\">26 &#8211; 29 de septiembre de 2011 &#8211; Universidad Ricardo Palma, Auditorio del Centro Cultural Coni Wasi, Lima<\/p>\n\n\n\n<p><strong>Organizan:<\/strong><\/p>\n\n\n\n<ul><li>\u00c1rea de Historia del Arte. Universidad Pablo de Olavide<\/li><li>Instituto de Patrimonio. Universidad Ricardo Palma<\/li><li>Red de Arquitectura Vern\u00e1cula Iberoamericana (Red-Avi). Proyecto financiado por la AECID, Espa\u00f1a [C\/031806\/10C] <\/li><\/ul>\n\n\n\n<p><strong>Coordinaci\u00f3n acad\u00e9mica:<\/strong><\/p>\n\n\n\n<ul><li>Fernando Quiles Garc\u00eda (Universidad Pablo de Olavide)<\/li><li>Sandra Negro Tua (Universidad Ricardo Palma, Per\u00fa)<\/li><li>Mar\u00eda de los \u00c1ngeles Fern\u00e1ndez Valle (Universidad Pablo de Olavide)<\/li><\/ul>\n\n\n\n<p><a href=\"https:\/\/www.upo.es\/area-historia-arte\/wp-content\/uploads\/2019\/05\/Programa_II_Simposio_Internacional__Arte_y_Patrimonio_Arquitectura_Vernacula_Iberoamericana_2011.pdf\">PROGRAMA<\/a><\/p>\n","protected":false},"excerpt":{"rendered":"<p>II Simposio Internacional de Arte y Patrimonio \u00abArquitectura Vern\u00e1cula Iberoamericana\u00bb 26 &#8211; 29 de septiembre de 2011 &#8211; Universidad Ricardo[&#8230;]<\/p>\n","protected":false},"author":1,"featured_media":0,"parent":0,"menu_order":0,"comment_status":"closed","ping_status":"closed","template":"template-fullwidth.php","meta":[],"_links":{"self":[{"href":"https:\/\/www.upo.es\/area-historia-arte\/wp-json\/wp\/v2\/pages\/1244"}],"collection":[{"href":"https:\/\/www.upo.es\/area-historia-arte\/wp-json\/wp\/v2\/pages"}],"about":[{"href":"https:\/\/www.upo.es\/area-historia-arte\/wp-json\/wp\/v2\/types\/page"}],"author":[{"embeddable":true,"href":"https:\/\/www.upo.es\/area-historia-arte\/wp-json\/wp\/v2\/users\/1"}],"replies":[{"embeddable":true,"href":"https:\/\/www.upo.es\/area-historia-arte\/wp-json\/wp\/v2\/comments?post=1244"}],"version-history":[{"count":2,"href":"https:\/\/www.upo.es\/area-historia-arte\/wp-json\/wp\/v2\/pages\/1244\/revisions"}],"predecessor-version":[{"id":2221,"href":"https:\/\/www.upo.es\/area-historia-arte\/wp-json\/wp\/v2\/pages\/1244\/revisions\/2221"}],"wp:attachment":[{"href":"https:\/\/www.upo.es\/area-historia-arte\/wp-json\/wp\/v2\/media?parent=1244"}],"curies":[{"name":"wp","href":"https:\/\/api.w.org\/{rel}","templated":true}]}}