{"id":1413,"date":"2019-05-17T12:01:15","date_gmt":"2019-05-17T10:01:15","guid":{"rendered":"https:\/\/www.upo.es\/area-historia-arte\/?page_id=1413"},"modified":"2021-02-12T18:15:26","modified_gmt":"2021-02-12T17:15:26","slug":"actualidad","status":"publish","type":"page","link":"https:\/\/www.upo.es\/area-historia-arte\/","title":{"rendered":"Actualidad"},"content":{"rendered":"\n<p><\/p>\n\n\n<div id=\"metaslider-id-2551\" style=\"width: 100%;\" class=\"ml-slider-3-16-4 metaslider metaslider-flex metaslider-2551 ml-slider\">\n    <div id=\"metaslider_container_2551\">\n        <div id=\"metaslider_2551\">\n            <ul aria-live=\"polite\" class=\"slides\">\n                <li style=\"display: block; width: 100%;\" class=\"slide-3506 ms-image\"><a href=\"https:\/\/www.upo.es\/area-historia-arte\/arte-y-misericordia-en-la-iglesia-de-la-santa-caridad-manara-y-el-barroco-entretejido\/\" target=\"_self\"><img src=\"https:\/\/www.upo.es\/area-historia-arte\/wp-content\/uploads\/2026\/03\/Programa_Arte-y-Misericordia-800x575.png\" height=\"575\" width=\"800\" alt=\"\" class=\"slider-2551 slide-3506\" title=\"Programa_Arte-y-Misericordia\" \/><\/a><div class=\"caption-wrap\"><div class=\"caption\">Seminario arte y misericordia en la Iglesia de la Santa Caridad. Ma\u00f1ara y el Barroco entretejido<\/div><\/div><\/li>\n                <li style=\"display: none; width: 100%;\" class=\"slide-3372 ms-image\"><a href=\"https:\/\/www.upo.es\/area-historia-arte\/seminario-naturaleza-y-sensibilidad-en-la-ilustracion\/\" target=\"_self\"><img src=\"https:\/\/www.upo.es\/area-historia-arte\/wp-content\/uploads\/2025\/05\/Captura-de-pantalla-2025-05-30-a-las-12.56.35-800x575.png\" height=\"575\" width=\"800\" alt=\"\" class=\"slider-2551 slide-3372\" title=\"Captura-de-pantalla-2025-05-30-a-las-12.56.35\" \/><\/a><div class=\"caption-wrap\"><div class=\"caption\">Seminario Naturaleza y sensibilidad en la Ilustraci\u00f3n<\/div><\/div><\/li>\n                <li style=\"display: none; width: 100%;\" class=\"slide-3395 ms-image\"><a href=\"https:\/\/www.upo.es\/area-historia-arte\/los-hilos-invisibles-redes-de-mujeres-en-la-creacion-artistica-moderna-y-contemporanea\/\" target=\"_self\"><img src=\"https:\/\/www.upo.es\/area-historia-arte\/wp-content\/uploads\/2025\/06\/eyJ0eXAiOiJKV1QiLCJhbGciOiJIUzI1NiJ9.eyJpbSI6WyJcL2FydHdvcmtcL2ltYWdlRmlsZVwvNWU1YTRlMGY5OTQ1Ny5qcGVnIiwicmVzaXplLDYwMCw2MDAiXX0._zCTbAsYllyxS1AvXSlEVZPD2jNPBbiHRk_dZq5_6LY-569x409.png\" height=\"575\" width=\"800\" alt=\"\" class=\"slider-2551 slide-3395\" title=\"eyJ0eXAiOiJKV1QiLCJhbGciOiJIUzI1NiJ9.eyJpbSI6WyJcL2FydHdvcmtcL2ltYWdlRmlsZVwvNWU1YTRlMGY5OTQ1Ny5qcGVnIiwicmVzaXplLDYwMCw2MDAiXX0._zCTbAsYllyxS1AvXSlEVZPD2jNPBbiHRk_dZq5_6LY\" \/><\/a><div class=\"caption-wrap\"><div class=\"caption\">Los hilos invisibles: redes de mujeres en la creaci\u00f3n art\u00edstica moderna y contempor\u00e1nea<\/div><\/div><\/li>\n                <li style=\"display: none; width: 100%;\" class=\"slide-3350 ms-image\"><a href=\"https:\/\/www.upo.es\/area-historia-arte\/ii-jornada-seminario-beneficiencia-hospitalidad-y-mujer\/\" target=\"_self\"><img src=\"https:\/\/www.upo.es\/area-historia-arte\/wp-content\/uploads\/2025\/04\/41d62c07-800x575.jpeg\" height=\"575\" width=\"800\" alt=\"\" class=\"slider-2551 slide-3350\" title=\"41d62c07\" \/><\/a><div class=\"caption-wrap\"><div class=\"caption\">II Jornada Seminario. Beneficencia, hospitalidad y mujer.\r\n<\/div><\/div><\/li>\n                <li style=\"display: none; width: 100%;\" class=\"slide-3340 ms-image\"><a href=\"https:\/\/www.upo.es\/area-historia-arte\/procesiones-desde-la-antiguedad-a-la-ciudad-del-barroco\/\" target=\"_self\"><img src=\"https:\/\/www.upo.es\/area-historia-arte\/wp-content\/uploads\/2025\/04\/Captura-de-pantalla-2025-04-03-a-las-16.50.47-800x575.png\" height=\"575\" width=\"800\" alt=\"\" class=\"slider-2551 slide-3340\" title=\"Captura-de-pantalla-2025-04-03-a-las-16.50.47\" \/><\/a><div class=\"caption-wrap\"><div class=\"caption\">Procesiones. Desde la Antig\u00fcedad a la ciudad del Barroco<\/div><\/div><\/li>\n                <li style=\"display: none; width: 100%;\" class=\"slide-3331 ms-image\"><a href=\"https:\/\/www.upo.es\/area-historia-arte\/dialogos-interdisciplinares-con-perspectiva-de-genero-violencia-ciudad-enfermedad-y-ausencia\/\" target=\"_self\"><img src=\"https:\/\/www.upo.es\/area-historia-arte\/wp-content\/uploads\/2025\/04\/Programa-ciclo-genero-2025-800x575.png\" height=\"575\" width=\"800\" alt=\"\" class=\"slider-2551 slide-3331\" title=\"Programa-ciclo-genero-2025\" \/><\/a><div class=\"caption-wrap\"><div class=\"caption\">Di\u00e1logos interdisciplinares con perspectiva de g\u00e9nero. Violencia, ciudad, enfermedad y ausencia<\/div><\/div><\/li>\n                <li style=\"display: none; width: 100%;\" class=\"slide-3319 ms-image\"><a href=\"https:\/\/www.upo.es\/area-historia-arte\/presentacion-ah-86-mujeres-artistas-y-promotoras-en-andalucia\/\" target=\"_self\"><img src=\"https:\/\/www.upo.es\/area-historia-arte\/wp-content\/uploads\/2025\/03\/WhatsApp-Image-2025-03-07-at-13.35.21-800x575.jpeg\" height=\"575\" width=\"800\" alt=\"\" class=\"slider-2551 slide-3319\" title=\"WhatsApp-Image-2025-03-07-at-13.35.21\" \/><\/a><div class=\"caption-wrap\"><div class=\"caption\">Presentaci\u00f3n AH 86. Mujeres artistas y promotoras en Andaluc\u00eda<\/div><\/div><\/li>\n                <li style=\"display: none; width: 100%;\" class=\"slide-3293 ms-image\"><a href=\"https:\/\/www.upo.es\/area-historia-arte\/xiv-jornadas-de-orientacion-y-empleo\/\" target=\"_self\"><img src=\"https:\/\/www.upo.es\/area-historia-arte\/wp-content\/uploads\/2025\/02\/Jornadas-de-Orientacio\u0301n-y-empleo-7-800x575.png\" height=\"575\" width=\"800\" alt=\"\" class=\"slider-2551 slide-3293\" title=\"Jornadas-de-Orientacio\u0301n-y-empleo-7\" \/><\/a><div class=\"caption-wrap\"><div class=\"caption\">XIV Jornada de orientaci\u00f3n y empleo<\/div><\/div><\/li>\n                <li style=\"display: none; width: 100%;\" class=\"slide-3272 ms-image\"><a href=\"https:\/\/www.upo.es\/area-historia-arte\/x-jornadas-internacionales-mujeres-contra-el-canon-arte-literatura-musica\" target=\"_self\"><img src=\"https:\/\/www.upo.es\/area-historia-arte\/wp-content\/uploads\/2025\/02\/Captura-de-pantalla-2025-02-21-a-las-11.46.32-800x575.png\" height=\"575\" width=\"800\" alt=\"\" class=\"slider-2551 slide-3272\" title=\"Captura-de-pantalla-2025-02-21-a-las-11.46.32\" \/><\/a><div class=\"caption-wrap\"><div class=\"caption\">X Jornadas Internacionales. Mujeres contra el Canon. Arte \u2013 Literatura \u2013 M\u00fasica<\/div><\/div><\/li>\n                <li style=\"display: none; width: 100%;\" class=\"slide-3246 ms-image\"><a href=\"https:\/\/www.upo.es\/area-historia-arte\/la-imagen-del-crucificado-la-vera-cruz-en-el-reino-de-sevilla\/\" target=\"_self\"><img src=\"https:\/\/www.upo.es\/area-historia-arte\/wp-content\/uploads\/2025\/02\/Captura-de-pantalla-2025-02-19-a-las-17.11.58-800x575.png\" height=\"575\" width=\"800\" alt=\"\" class=\"slider-2551 slide-3246\" title=\"Captura-de-pantalla-2025-02-19-a-las-17.11.58\" \/><\/a><div class=\"caption-wrap\"><div class=\"caption\">LA IMAGEN DEL CRUCIFICADO. LA VERA-CRUZ EN EL REINO DE SEVILLA<\/div><\/div><\/li>\n                <li style=\"display: none; width: 100%;\" class=\"slide-3233 ms-image\"><a href=\"https:\/\/www.upo.es\/area-historia-arte\/caminamos-luego-avanzamos-xv-seminario-de-gestion-y-difusion-del-patrimonio-cultural-local\" target=\"_self\"><img src=\"https:\/\/www.upo.es\/area-historia-arte\/wp-content\/uploads\/2025\/02\/Caminando-aprendiendo-1-800x575.jpg\" height=\"575\" width=\"800\" alt=\"\" class=\"slider-2551 slide-3233\" title=\"Caminando-aprendiendo-1\" \/><\/a><div class=\"caption-wrap\"><div class=\"caption\">CAMINAMOS, LUEGO AVANZAMOS\u2026 XV Seminario de gesti\u00f3n y difusi\u00f3n del patrimonio cultural local\r\n<\/div><\/div><\/li>\n                <li style=\"display: none; width: 100%;\" class=\"slide-3213 ms-image\"><a href=\"https-www-upo-es-area-historia-arte-seminario-arte-arquitectura-y-poder-en-el-siglo-xx-una-perspectiva-latinoamericana\" target=\"_self\"><img src=\"https:\/\/www.upo.es\/area-historia-arte\/wp-content\/uploads\/2025\/02\/Sem.-arte-arq-y-poder-en-el-siglo-XX-2-800x575.png\" height=\"575\" width=\"800\" alt=\"\" class=\"slider-2551 slide-3213\" title=\"Sem.-arte-arq-y-poder-en-el-siglo-XX-2\" \/><\/a><div class=\"caption-wrap\"><div class=\"caption\">Seminario arte, arquitectura y poder en el siglo XX: una perspectiva latinoamericana<\/div><\/div><\/li>\n                <li style=\"display: none; width: 100%;\" class=\"slide-3196 ms-image\"><a href=\"https:\/\/www.upo.es\/area-historia-arte\/apropiaciones-indebidas-disyuntivas-para-una-historia-del-arte-del-siglo-xxi\/\" target=\"_self\"><img src=\"https:\/\/www.upo.es\/area-historia-arte\/wp-content\/uploads\/2025\/01\/APROPIACIONES-IN-DEBIDAS-3-800x575.png\" height=\"575\" width=\"800\" alt=\"\" class=\"slider-2551 slide-3196\" title=\"APROPIACIONES (IN) DEBIDAS (3)\" \/><\/a><div class=\"caption-wrap\"><div class=\"caption\">APROPIACIONES (IN)DEBIDAS. Disyuntivas para una historia del arte del siglo XXI<\/div><\/div><\/li>\n                <li style=\"display: none; width: 100%;\" class=\"slide-3181 ms-image\"><a href=\"https:\/\/www.upo.es\/area-historia-arte\/taller-internacional-viajes-de-ida-y-vuelta-entre-europa-meridional-y-america\/\" target=\"_self\"><img src=\"https:\/\/www.upo.es\/area-historia-arte\/wp-content\/uploads\/2024\/11\/1-800x575.png\" height=\"575\" width=\"800\" alt=\"\" class=\"slider-2551 slide-3181\" title=\"1\" \/><\/a><div class=\"caption-wrap\"><div class=\"caption\">Taller Internacional Viajes de Ida y Vuelta entre Europa Meridional y Am\u00e9rica<\/div><\/div><\/li>\n            <\/ul>\n        <\/div>\n        \n    <\/div>\n<\/div>\n\n\n\n<p><\/p>\n\n\n\n<h4 class=\"has-text-align-center\"><a href=\"https:\/\/www.upo.es\/area-historia-arte\/noticias\/\">TODAS LAS NOTICIAS AQU\u00cd<\/a><\/h4>\n","protected":false},"excerpt":{"rendered":"<p>TODAS LAS NOTICIAS AQU\u00cd<\/p>\n","protected":false},"author":1,"featured_media":0,"parent":0,"menu_order":0,"comment_status":"closed","ping_status":"closed","template":"","meta":[],"_links":{"self":[{"href":"https:\/\/www.upo.es\/area-historia-arte\/wp-json\/wp\/v2\/pages\/1413"}],"collection":[{"href":"https:\/\/www.upo.es\/area-historia-arte\/wp-json\/wp\/v2\/pages"}],"about":[{"href":"https:\/\/www.upo.es\/area-historia-arte\/wp-json\/wp\/v2\/types\/page"}],"author":[{"embeddable":true,"href":"https:\/\/www.upo.es\/area-historia-arte\/wp-json\/wp\/v2\/users\/1"}],"replies":[{"embeddable":true,"href":"https:\/\/www.upo.es\/area-historia-arte\/wp-json\/wp\/v2\/comments?post=1413"}],"version-history":[{"count":11,"href":"https:\/\/www.upo.es\/area-historia-arte\/wp-json\/wp\/v2\/pages\/1413\/revisions"}],"predecessor-version":[{"id":2567,"href":"https:\/\/www.upo.es\/area-historia-arte\/wp-json\/wp\/v2\/pages\/1413\/revisions\/2567"}],"wp:attachment":[{"href":"https:\/\/www.upo.es\/area-historia-arte\/wp-json\/wp\/v2\/media?parent=1413"}],"curies":[{"name":"wp","href":"https:\/\/api.w.org\/{rel}","templated":true}]}}