{"id":1439,"date":"2019-05-21T09:58:23","date_gmt":"2019-05-21T07:58:23","guid":{"rendered":"https:\/\/www.upo.es\/area-historia-arte\/?page_id=1439"},"modified":"2019-07-19T09:07:28","modified_gmt":"2019-07-19T07:07:28","slug":"viii-jornadas-de-orientacion-profesional-de-la-facultad-de-humanidades-gestion-cultural-y-patrimonio-historico","status":"publish","type":"page","link":"https:\/\/www.upo.es\/area-historia-arte\/viii-jornadas-de-orientacion-profesional-de-la-facultad-de-humanidades-gestion-cultural-y-patrimonio-historico\/","title":{"rendered":"VIII Jornadas de Orientaci\u00f3n profesional de la Facultad de Humanidades. \u00abGesti\u00f3n Cultural y Patrimonio Hist\u00f3rico\u00bb"},"content":{"rendered":"\n<p><\/p>\n\n\n\n<div class=\"wp-block-image\"><figure class=\"aligncenter is-resized\"><img loading=\"lazy\" src=\"https:\/\/www.upo.es\/area-historia-arte\/wp-content\/uploads\/2019\/05\/PROGRAMA-copia_page-0001-1024x725.jpg\" alt=\"\" class=\"wp-image-1440\" width=\"680\" height=\"482\" srcset=\"https:\/\/www.upo.es\/area-historia-arte\/wp-content\/uploads\/2019\/05\/PROGRAMA-copia_page-0001-1024x725.jpg 1024w, https:\/\/www.upo.es\/area-historia-arte\/wp-content\/uploads\/2019\/05\/PROGRAMA-copia_page-0001-300x212.jpg 300w, https:\/\/www.upo.es\/area-historia-arte\/wp-content\/uploads\/2019\/05\/PROGRAMA-copia_page-0001-768x543.jpg 768w, https:\/\/www.upo.es\/area-historia-arte\/wp-content\/uploads\/2019\/05\/PROGRAMA-copia_page-0001.jpg 1754w\" sizes=\"(max-width: 680px) 100vw, 680px\" \/><\/figure><\/div>\n\n\n\n<p style=\"text-align:center\">VIII Jornadas de Orientaci\u00f3n profesional de la Facultad de Humanidades \u00abGesti\u00f3n Cultural y Patrimonio Hist\u00f3rico\u00bb<\/p>\n\n\n\n<p style=\"text-align:center\"><strong>Fecha<\/strong>: 21 de marzo de 2019<\/p>\n\n\n\n<p style=\"text-align:center\"><strong>Lugar<\/strong>: Sala de Grados, CEI Cambio (Edificio 25, Biblioteca) &#8211; Universidad Pablo de Olavide, Sevilla<\/p>\n\n\n\n<p>La Facultad de Humanidades y el M\u00e1ster Oficial Universitario en Arte, Museos y Gesti\u00f3n del Patrimonio Hist\u00f3rico organizan las VIII Jornadas de Orientaci\u00f3n Profesional. Gesti\u00f3n Cultural y Patrimonio Hist\u00f3rico, que tendr\u00e1n lugar en la Universidad Pablo de Olavide el d\u00eda 21 de marzo de 2019. Se trata de una actividad sobre Orientaci\u00f3n y Empleo, destinada a los alumnos y egresados de los grados de la Facultad y el programa de m\u00e1ster, y a aquellos pertenecientes a los programa de postgrado de la UPO que puedan estar interesados en sus contenidos.&nbsp;<\/p>\n\n\n\n<p>Intervendr\u00e1n en este encuentro t\u00e9cnicos en empleabilidad de la Universidad, representantes de empresas o instituciones empleadoras de titulados, as\u00ed como egresados<strong> <\/strong>que han accedido a puestos de trabajo tras su etapa de formaci\u00f3n en los Grados de la Facultad y la maestr\u00eda universitaria. Se trata de dedicar unas horas al an\u00e1lisis y debate sobre la formaci\u00f3n y acceso a la oferta laboral en el campo de la protecci\u00f3n, conservaci\u00f3n y gesti\u00f3n del patrimonio hist\u00f3rico, para determinar e identificar las competencias profesionales demandadas en el sector y profundizar en el conocimiento de la realidad del acceso al mercado mediante las experiencias de empleadores y empleados que est\u00e1n actualmente vinculados al programa.&nbsp;<\/p>\n\n\n\n<p>En el marco de la Facultad de Humanidades se organizan y coordinan distintos encuentros y actividades relacionados con el acceso al mercado profesional y laboral de sus t\u00edtulos, dirigidos tanto a alumnos de Grado, como a postgraduados. En el curso 2018-2019, junto a las Jornadas Encuentra. Di\u00e1logos entre profesionales, egresados y estudiantes, que tendr\u00e1n lugar el 11 de abril de 2019, se colabora con el M\u00e1ster en Arte, Museo y Gesti\u00f3n del Patrimonio Hist\u00f3rico en estas VIII Jornadas de Orientaci\u00f3n Profesional, Gesti\u00f3n Cultural y Patrimonio.<\/p>\n\n\n\n<p><strong>Coordinaci\u00f3n Acad\u00e9mica: <\/strong><\/p>\n\n\n\n<ul><li>Francisco Ollero Lobato (Universidad Pablo de Olavide)<\/li><\/ul>\n\n\n\n<p><strong>Coordinaci\u00f3n:<\/strong><\/p>\n\n\n\n<ul><li>Victoria S\u00e1nchez Mellado (Universidad Pablo de Olavide)<\/li><li>Rafael Molina Mart\u00edn (Universidad Pablo de Olavide)<\/li><\/ul>\n\n\n\n<p><strong>Organizan: <\/strong><\/p>\n\n\n\n<ul><li>Facultad de Humanidades de la Universidad Pablo de Olavide (Sevilla)<\/li><li>M\u00e1ster Oficial en Arte, Museos y Gesti\u00f3n del Patrimonio Hist\u00f3rico<\/li><\/ul>\n\n\n\n<p><strong>Colaboran:<\/strong><\/p>\n\n\n\n<ul><li>Fundaci\u00f3n Universidad Pablo de Olavide<\/li><li>Engranajes Culturales<\/li><li>AG. Arqueolog\u00eda y Gesti\u00f3n<\/li><\/ul>\n\n\n\n<p><a href=\"https:\/\/www.upo.es\/area-historia-arte\/wp-content\/uploads\/2019\/05\/PROGRAMA-copia.pdf\">PROGRAMA<\/a><\/p>\n","protected":false},"excerpt":{"rendered":"<p>VIII Jornadas de Orientaci\u00f3n profesional de la Facultad de Humanidades \u00abGesti\u00f3n Cultural y Patrimonio Hist\u00f3rico\u00bb Fecha: 21 de marzo de[&#8230;]<\/p>\n","protected":false},"author":1,"featured_media":0,"parent":0,"menu_order":0,"comment_status":"closed","ping_status":"closed","template":"template-fullwidth.php","meta":[],"_links":{"self":[{"href":"https:\/\/www.upo.es\/area-historia-arte\/wp-json\/wp\/v2\/pages\/1439"}],"collection":[{"href":"https:\/\/www.upo.es\/area-historia-arte\/wp-json\/wp\/v2\/pages"}],"about":[{"href":"https:\/\/www.upo.es\/area-historia-arte\/wp-json\/wp\/v2\/types\/page"}],"author":[{"embeddable":true,"href":"https:\/\/www.upo.es\/area-historia-arte\/wp-json\/wp\/v2\/users\/1"}],"replies":[{"embeddable":true,"href":"https:\/\/www.upo.es\/area-historia-arte\/wp-json\/wp\/v2\/comments?post=1439"}],"version-history":[{"count":8,"href":"https:\/\/www.upo.es\/area-historia-arte\/wp-json\/wp\/v2\/pages\/1439\/revisions"}],"predecessor-version":[{"id":2181,"href":"https:\/\/www.upo.es\/area-historia-arte\/wp-json\/wp\/v2\/pages\/1439\/revisions\/2181"}],"wp:attachment":[{"href":"https:\/\/www.upo.es\/area-historia-arte\/wp-json\/wp\/v2\/media?parent=1439"}],"curies":[{"name":"wp","href":"https:\/\/api.w.org\/{rel}","templated":true}]}}

VIII Jornadas de Orientación profesional de la Facultad de Humanidades. «Gestión Cultural y Patrimonio Histórico»

<p></p>



<div class="wp-block-image"><figure class="aligncenter is-resized"><img loading="lazy" src="https://www.upo.es/area-historia-arte/wp-content/uploads/2019/05/PROGRAMA-copia_page-0001-1024x725.jpg" alt="" class="wp-image-1440" width="680" height="482" srcset="https://www.upo.es/area-historia-arte/wp-content/uploads/2019/05/PROGRAMA-copia_page-0001-1024x725.jpg 1024w, https://www.upo.es/area-historia-arte/wp-content/uploads/2019/05/PROGRAMA-copia_page-0001-300x212.jpg 300w, https://www.upo.es/area-historia-arte/wp-content/uploads/2019/05/PROGRAMA-copia_page-0001-768x543.jpg 768w, https://www.upo.es/area-historia-arte/wp-content/uploads/2019/05/PROGRAMA-copia_page-0001.jpg 1754w" sizes="(max-width: 680px) 100vw, 680px" /></figure></div>



<p style="text-align:center">VIII Jornadas de Orientación profesional de la Facultad de Humanidades «Gestión Cultural y Patrimonio Histórico»</p>



<p style="text-align:center"><strong>Fecha</strong>: 21 de marzo de 2019</p>



<p style="text-align:center"><strong>Lugar</strong>: Sala de Grados, CEI Cambio (Edificio 25, Biblioteca) &#8211; Universidad Pablo de Olavide, Sevilla</p>



<p>La Facultad de Humanidades y el Máster Oficial Universitario en Arte, Museos y Gestión del Patrimonio Histórico organizan las VIII Jornadas de Orientación Profesional. Gestión Cultural y Patrimonio Histórico, que tendrán lugar en la Universidad Pablo de Olavide el día 21 de marzo de 2019. Se trata de una actividad sobre Orientación y Empleo, destinada a los alumnos y egresados de los grados de la Facultad y el programa de máster, y a aquellos pertenecientes a los programa de postgrado de la UPO que puedan estar interesados en sus contenidos.&nbsp;</p>



<p>Intervendrán en este encuentro técnicos en empleabilidad de la Universidad, representantes de empresas o instituciones empleadoras de titulados, así como egresados<strong> </strong>que han accedido a puestos de trabajo tras su etapa de formación en los Grados de la Facultad y la maestría universitaria. Se trata de dedicar unas horas al análisis y debate sobre la formación y acceso a la oferta laboral en el campo de la protección, conservación y gestión del patrimonio histórico, para determinar e identificar las competencias profesionales demandadas en el sector y profundizar en el conocimiento de la realidad del acceso al mercado mediante las experiencias de empleadores y empleados que están actualmente vinculados al programa.&nbsp;</p>



<p>En el marco de la Facultad de Humanidades se organizan y coordinan distintos encuentros y actividades relacionados con el acceso al mercado profesional y laboral de sus títulos, dirigidos tanto a alumnos de Grado, como a postgraduados. En el curso 2018-2019, junto a las Jornadas Encuentra. Diálogos entre profesionales, egresados y estudiantes, que tendrán lugar el 11 de abril de 2019, se colabora con el Máster en Arte, Museo y Gestión del Patrimonio Histórico en estas VIII Jornadas de Orientación Profesional, Gestión Cultural y Patrimonio.</p>



<p><strong>Coordinación Académica: </strong></p>



<ul><li>Francisco Ollero Lobato (Universidad Pablo de Olavide)</li></ul>



<p><strong>Coordinación:</strong></p>



<ul><li>Victoria Sánchez Mellado (Universidad Pablo de Olavide)</li><li>Rafael Molina Martín (Universidad Pablo de Olavide)</li></ul>



<p><strong>Organizan: </strong></p>



<ul><li>Facultad de Humanidades de la Universidad Pablo de Olavide (Sevilla)</li><li>Máster Oficial en Arte, Museos y Gestión del Patrimonio Histórico</li></ul>



<p><strong>Colaboran:</strong></p>



<ul><li>Fundación Universidad Pablo de Olavide</li><li>Engranajes Culturales</li><li>AG. Arqueología y Gestión</li></ul>



<p><a href="https://www.upo.es/area-historia-arte/wp-content/uploads/2019/05/PROGRAMA-copia.pdf">PROGRAMA</a></p>

<p>VIII Jornadas de Orientación profesional de la Facultad de Humanidades «Gestión Cultural y Patrimonio Histórico» Fecha: 21 de marzo de[&#8230;]</p>
