{"id":173,"date":"2019-03-27T16:25:38","date_gmt":"2019-03-27T15:25:38","guid":{"rendered":"https:\/\/www.upo.es\/area-historia-arte\/?page_id=173"},"modified":"2019-07-17T18:52:24","modified_gmt":"2019-07-17T16:52:24","slug":"iii-seminario-innovacion-y-patrimonio-cultural-la-era-digital-y-nuevos-paradigmas-de-transferencia-de-conocimiento","status":"publish","type":"page","link":"https:\/\/www.upo.es\/area-historia-arte\/iii-seminario-innovacion-y-patrimonio-cultural-la-era-digital-y-nuevos-paradigmas-de-transferencia-de-conocimiento\/","title":{"rendered":"III Seminario \u00abInnovaci\u00f3n y Patrimonio Cultural: la era digital y nuevos paradigmas de transferencia de conocimiento\u00bb"},"content":{"rendered":"\n<p style=\"text-align:center\"><\/p>\n\n\n\n<div class=\"wp-block-image\"><figure class=\"aligncenter is-resized\"><img loading=\"lazy\" src=\"https:\/\/www.upo.es\/area-historia-arte\/wp-content\/uploads\/2019\/05\/III_Seminario_Innovacion_y_Patrimonio_Cultural_la_era_digital_y_nuevos_paradigmas_de_transferencia_de_conocimiento_Visibilia_2012-1024x609.jpg\" alt=\"\" class=\"wp-image-1179\" width=\"555\" height=\"329\" srcset=\"https:\/\/www.upo.es\/area-historia-arte\/wp-content\/uploads\/2019\/05\/III_Seminario_Innovacion_y_Patrimonio_Cultural_la_era_digital_y_nuevos_paradigmas_de_transferencia_de_conocimiento_Visibilia_2012-1024x609.jpg 1024w, https:\/\/www.upo.es\/area-historia-arte\/wp-content\/uploads\/2019\/05\/III_Seminario_Innovacion_y_Patrimonio_Cultural_la_era_digital_y_nuevos_paradigmas_de_transferencia_de_conocimiento_Visibilia_2012-300x179.jpg 300w, https:\/\/www.upo.es\/area-historia-arte\/wp-content\/uploads\/2019\/05\/III_Seminario_Innovacion_y_Patrimonio_Cultural_la_era_digital_y_nuevos_paradigmas_de_transferencia_de_conocimiento_Visibilia_2012-768x457.jpg 768w, https:\/\/www.upo.es\/area-historia-arte\/wp-content\/uploads\/2019\/05\/III_Seminario_Innovacion_y_Patrimonio_Cultural_la_era_digital_y_nuevos_paradigmas_de_transferencia_de_conocimiento_Visibilia_2012.jpg 1519w\" sizes=\"(max-width: 555px) 100vw, 555px\" \/><\/figure><\/div>\n\n\n\n<p style=\"text-align:center\">Seminario \u00abInnovaci\u00f3n y Patrimonio Cultural: la era digital y nuevos paradigmas de transferencia de conocimiento\u00bb<\/p>\n\n\n\n<p style=\"text-align:center\"><strong>Fecha<\/strong>: 28 de noviembre de 2012 <\/p>\n\n\n\n<p style=\"text-align:center\"><strong>Lugar<\/strong>: Museo Provincial de Ja\u00e9n<\/p>\n\n\n\n<p><strong>Participan<\/strong>:<\/p>\n\n\n\n<ul><li>Fernando Quiles Garc\u00eda (Universidad Pablo de Olavide)<\/li><li> Victoria Quirosa Garc\u00eda (Universidad de Ja\u00e9n)<\/li><li> Marcelo Mart\u00edn (Universidad Pablo de Olavide)<\/li><li> M\u00aa \u00c1ngeles Fern\u00e1ndez Valle (Universidad Pablo de Olavide)<\/li><\/ul>\n\n\n\n<p><strong>Organizan<\/strong>:<\/p>\n\n\n\n<ul><li> \u00c1rea de Historia del Arte. Universidad Pablo de Olavide, Sevilla.<\/li><li> Visibilia. Red de Patrimonio Art\u00edstico de Andaluc\u00eda. Proyecto Motriz de Excelencia. Consejer\u00eda de Econom\u00eda, Innovaci\u00f3n y Ciencia de la Junta de Andaluc\u00eda, P09-HUM-4523.<\/li><li> \u00c1rea de Historia del Arte. Universidad de Ja\u00e9n.<\/li><\/ul>\n\n\n\n<p><strong>Colaboran<\/strong>:<\/p>\n\n\n\n<ul><li> Red de Arquitectura Vern\u00e1cula Iberoamericana (Red-AVI). Proyecto de la AECID, A3\/041329\/11.<\/li><li> Fundaci\u00f3n Universidad &#8211; Sociedad de la Universidad Pablo de Olavide, Sevilla.<\/li><\/ul>\n\n\n\n<p><strong>Inscripci\u00f3n<\/strong>: visibilia@upo.es<\/p>\n\n\n\n<p>Aforo limitado.<\/p>\n\n\n\n<p><a href=\"https:\/\/www.upo.es\/area-historia-arte\/wp-content\/uploads\/2019\/03\/III_Seminario_Innovacion_y_Patrimonio_Cultural_la_era_digital_y_nuevos_paradigmas_de_transferencia_de_conocimiento_Visibilia_2012-1.jpg\">PROGRAMA<\/a><\/p>\n","protected":false},"excerpt":{"rendered":"<p>Seminario \u00abInnovaci\u00f3n y Patrimonio Cultural: la era digital y nuevos paradigmas de transferencia de conocimiento\u00bb Fecha: 28 de noviembre de[&#8230;]<\/p>\n","protected":false},"author":1,"featured_media":0,"parent":0,"menu_order":0,"comment_status":"closed","ping_status":"closed","template":"template-fullwidth.php","meta":[],"_links":{"self":[{"href":"https:\/\/www.upo.es\/area-historia-arte\/wp-json\/wp\/v2\/pages\/173"}],"collection":[{"href":"https:\/\/www.upo.es\/area-historia-arte\/wp-json\/wp\/v2\/pages"}],"about":[{"href":"https:\/\/www.upo.es\/area-historia-arte\/wp-json\/wp\/v2\/types\/page"}],"author":[{"embeddable":true,"href":"https:\/\/www.upo.es\/area-historia-arte\/wp-json\/wp\/v2\/users\/1"}],"replies":[{"embeddable":true,"href":"https:\/\/www.upo.es\/area-historia-arte\/wp-json\/wp\/v2\/comments?post=173"}],"version-history":[{"count":10,"href":"https:\/\/www.upo.es\/area-historia-arte\/wp-json\/wp\/v2\/pages\/173\/revisions"}],"predecessor-version":[{"id":2072,"href":"https:\/\/www.upo.es\/area-historia-arte\/wp-json\/wp\/v2\/pages\/173\/revisions\/2072"}],"wp:attachment":[{"href":"https:\/\/www.upo.es\/area-historia-arte\/wp-json\/wp\/v2\/media?parent=173"}],"curies":[{"name":"wp","href":"https:\/\/api.w.org\/{rel}","templated":true}]}}

III Seminario «Innovación y Patrimonio Cultural: la era digital y nuevos paradigmas de transferencia de conocimiento»

<p style="text-align:center"></p>



<div class="wp-block-image"><figure class="aligncenter is-resized"><img loading="lazy" src="https://www.upo.es/area-historia-arte/wp-content/uploads/2019/05/III_Seminario_Innovacion_y_Patrimonio_Cultural_la_era_digital_y_nuevos_paradigmas_de_transferencia_de_conocimiento_Visibilia_2012-1024x609.jpg" alt="" class="wp-image-1179" width="555" height="329" srcset="https://www.upo.es/area-historia-arte/wp-content/uploads/2019/05/III_Seminario_Innovacion_y_Patrimonio_Cultural_la_era_digital_y_nuevos_paradigmas_de_transferencia_de_conocimiento_Visibilia_2012-1024x609.jpg 1024w, https://www.upo.es/area-historia-arte/wp-content/uploads/2019/05/III_Seminario_Innovacion_y_Patrimonio_Cultural_la_era_digital_y_nuevos_paradigmas_de_transferencia_de_conocimiento_Visibilia_2012-300x179.jpg 300w, https://www.upo.es/area-historia-arte/wp-content/uploads/2019/05/III_Seminario_Innovacion_y_Patrimonio_Cultural_la_era_digital_y_nuevos_paradigmas_de_transferencia_de_conocimiento_Visibilia_2012-768x457.jpg 768w, https://www.upo.es/area-historia-arte/wp-content/uploads/2019/05/III_Seminario_Innovacion_y_Patrimonio_Cultural_la_era_digital_y_nuevos_paradigmas_de_transferencia_de_conocimiento_Visibilia_2012.jpg 1519w" sizes="(max-width: 555px) 100vw, 555px" /></figure></div>



<p style="text-align:center">Seminario «Innovación y Patrimonio Cultural: la era digital y nuevos paradigmas de transferencia de conocimiento»</p>



<p style="text-align:center"><strong>Fecha</strong>: 28 de noviembre de 2012 </p>



<p style="text-align:center"><strong>Lugar</strong>: Museo Provincial de Jaén</p>



<p><strong>Participan</strong>:</p>



<ul><li>Fernando Quiles García (Universidad Pablo de Olavide)</li><li> Victoria Quirosa García (Universidad de Jaén)</li><li> Marcelo Martín (Universidad Pablo de Olavide)</li><li> Mª Ángeles Fernández Valle (Universidad Pablo de Olavide)</li></ul>



<p><strong>Organizan</strong>:</p>



<ul><li> Área de Historia del Arte. Universidad Pablo de Olavide, Sevilla.</li><li> Visibilia. Red de Patrimonio Artístico de Andalucía. Proyecto Motriz de Excelencia. Consejería de Economía, Innovación y Ciencia de la Junta de Andalucía, P09-HUM-4523.</li><li> Área de Historia del Arte. Universidad de Jaén.</li></ul>



<p><strong>Colaboran</strong>:</p>



<ul><li> Red de Arquitectura Vernácula Iberoamericana (Red-AVI). Proyecto de la AECID, A3/041329/11.</li><li> Fundación Universidad &#8211; Sociedad de la Universidad Pablo de Olavide, Sevilla.</li></ul>



<p><strong>Inscripción</strong>: visibilia@upo.es</p>



<p>Aforo limitado.</p>



<p><a href="https://www.upo.es/area-historia-arte/wp-content/uploads/2019/03/III_Seminario_Innovacion_y_Patrimonio_Cultural_la_era_digital_y_nuevos_paradigmas_de_transferencia_de_conocimiento_Visibilia_2012-1.jpg">PROGRAMA</a></p>

<p>Seminario «Innovación y Patrimonio Cultural: la era digital y nuevos paradigmas de transferencia de conocimiento» Fecha: 28 de noviembre de[&#8230;]</p>
