{"id":1798,"date":"2019-06-26T12:59:10","date_gmt":"2019-06-26T10:59:10","guid":{"rendered":"https:\/\/www.upo.es\/area-historia-arte\/?page_id=1798"},"modified":"2019-07-19T09:44:13","modified_gmt":"2019-07-19T07:44:13","slug":"ii-seminario-gestion-y-difusion-del-patrimonio-cultural-local","status":"publish","type":"page","link":"https:\/\/www.upo.es\/area-historia-arte\/ii-seminario-gestion-y-difusion-del-patrimonio-cultural-local\/","title":{"rendered":"II Seminario \u00abGesti\u00f3n y difusi\u00f3n del Patrimonio Cultural Local\u00bb"},"content":{"rendered":"\n<p><\/p>\n\n\n\n<div class=\"wp-block-image\"><figure class=\"aligncenter is-resized\"><img loading=\"lazy\" src=\"https:\/\/www.upo.es\/area-historia-arte\/wp-content\/uploads\/2019\/07\/II-Seminario_de_Difusion_y_Gestion_logo.jpg\" alt=\"\" class=\"wp-image-2134\" width=\"470\" height=\"417\" srcset=\"https:\/\/www.upo.es\/area-historia-arte\/wp-content\/uploads\/2019\/07\/II-Seminario_de_Difusion_y_Gestion_logo.jpg 816w, https:\/\/www.upo.es\/area-historia-arte\/wp-content\/uploads\/2019\/07\/II-Seminario_de_Difusion_y_Gestion_logo-300x267.jpg 300w, https:\/\/www.upo.es\/area-historia-arte\/wp-content\/uploads\/2019\/07\/II-Seminario_de_Difusion_y_Gestion_logo-768x683.jpg 768w\" sizes=\"(max-width: 470px) 100vw, 470px\" \/><\/figure><\/div>\n\n\n\n<p style=\"text-align:center\">II Seminario \u00abGesti\u00f3n y difusi\u00f3n del Patrimonio Cultural Local\u00bb<\/p>\n\n\n\n<p style=\"text-align:center\"><strong>Fecha y lugar<\/strong>: 23 de febrero &#8211; 1 y 15 de marzo de 2012 &#8211; Casa de la Provincia, Sevilla<\/p>\n\n\n\n<p style=\"text-align:center\"><strong>Fecha y lugar<\/strong>: 8 de marzo de 2012 &#8211; Foro de la Biodiversidad &#8211; CSIC y Real Alc\u00e1zar de Sevilla<\/p>\n\n\n\n<p>El M\u00e1ster oficial de Arte, Museos y Gesti\u00f3n del Patrimonio Hist\u00f3rico (UPO) ha organizado este Seminario para transferir el conocimiento de los profesionales en la Difusi\u00f3n y Gesti\u00f3n del Patrimonio Cultural Local. Un encuentro especialmente dirigido a los alumnos del M\u00e1ster, a los t\u00e9cnicos municipales de la provincia y a cuantos estudiantes universitarios puedan estar interesados en conocer esas experiencias.<\/p>\n\n\n\n<p>La entrada es libre hasta &nbsp;completar el aforo de la sala. Env\u00eden la siguiente informaci\u00f3n: datos personales (nombre y domicilio) y laborales (estudios o profesi\u00f3n y lugar de trabajo), a fquigar@upo.es.<br><\/p>\n\n\n\n<p><strong>Organiza:<\/strong><\/p>\n\n\n\n<ul><li>M\u00e1ster oficial de Arte, Museos y Gesti\u00f3n del Patrimonio Hist\u00f3rico. \u00c1rea de Historia del Arte, Universidad Pablo de Olavide<\/li><\/ul>\n\n\n\n<p><strong>Colaboran:<\/strong><\/p>\n\n\n\n<ul><li>Diputaci\u00f3n de Sevilla<\/li><li>Visibilia. Red de Patrimonio Art\u00edstico de Andaluc\u00eda<\/li><li>Red de Arquitectura Vern\u00e1cula Iberoamericana (Red- Avi)<\/li><li>Ayuntamiento de Alcal\u00e1 de Guadaira<\/li><li>Foro de la Biodiversidad &#8211; CSIC<\/li><li>Real Alc\u00e1zar de Sevilla<\/li><\/ul>\n\n\n\n<p><strong>Coordinaci\u00f3n acad\u00e9mica:<\/strong><\/p>\n\n\n\n<ul><li>Fernando Quiles Garc\u00eda (Universidad Pablo de Olavide)<\/li><li>Francisco Mantec\u00f3n Campos (Ayuntamiento de Alcal\u00e1 de Guadaira)<\/li><\/ul>\n\n\n\n<p><a href=\"https:\/\/www.upo.es\/area-historia-arte\/wp-content\/uploads\/2019\/06\/II_Seminario_Gestion_y_Difusion_Cultural_Local_La_Gestion_Cultural_en_Tiempos_de_Crisis_UPO.pdf\">PROGRAMA<\/a><\/p>\n","protected":false},"excerpt":{"rendered":"<p>II Seminario \u00abGesti\u00f3n y difusi\u00f3n del Patrimonio Cultural Local\u00bb Fecha y lugar: 23 de febrero &#8211; 1 y 15 de[&#8230;]<\/p>\n","protected":false},"author":1,"featured_media":0,"parent":0,"menu_order":0,"comment_status":"closed","ping_status":"closed","template":"template-fullwidth.php","meta":[],"_links":{"self":[{"href":"https:\/\/www.upo.es\/area-historia-arte\/wp-json\/wp\/v2\/pages\/1798"}],"collection":[{"href":"https:\/\/www.upo.es\/area-historia-arte\/wp-json\/wp\/v2\/pages"}],"about":[{"href":"https:\/\/www.upo.es\/area-historia-arte\/wp-json\/wp\/v2\/types\/page"}],"author":[{"embeddable":true,"href":"https:\/\/www.upo.es\/area-historia-arte\/wp-json\/wp\/v2\/users\/1"}],"replies":[{"embeddable":true,"href":"https:\/\/www.upo.es\/area-historia-arte\/wp-json\/wp\/v2\/comments?post=1798"}],"version-history":[{"count":5,"href":"https:\/\/www.upo.es\/area-historia-arte\/wp-json\/wp\/v2\/pages\/1798\/revisions"}],"predecessor-version":[{"id":2211,"href":"https:\/\/www.upo.es\/area-historia-arte\/wp-json\/wp\/v2\/pages\/1798\/revisions\/2211"}],"wp:attachment":[{"href":"https:\/\/www.upo.es\/area-historia-arte\/wp-json\/wp\/v2\/media?parent=1798"}],"curies":[{"name":"wp","href":"https:\/\/api.w.org\/{rel}","templated":true}]}}

II Seminario «Gestión y difusión del Patrimonio Cultural Local»

<p></p>



<div class="wp-block-image"><figure class="aligncenter is-resized"><img loading="lazy" src="https://www.upo.es/area-historia-arte/wp-content/uploads/2019/07/II-Seminario_de_Difusion_y_Gestion_logo.jpg" alt="" class="wp-image-2134" width="470" height="417" srcset="https://www.upo.es/area-historia-arte/wp-content/uploads/2019/07/II-Seminario_de_Difusion_y_Gestion_logo.jpg 816w, https://www.upo.es/area-historia-arte/wp-content/uploads/2019/07/II-Seminario_de_Difusion_y_Gestion_logo-300x267.jpg 300w, https://www.upo.es/area-historia-arte/wp-content/uploads/2019/07/II-Seminario_de_Difusion_y_Gestion_logo-768x683.jpg 768w" sizes="(max-width: 470px) 100vw, 470px" /></figure></div>



<p style="text-align:center">II Seminario «Gestión y difusión del Patrimonio Cultural Local»</p>



<p style="text-align:center"><strong>Fecha y lugar</strong>: 23 de febrero &#8211; 1 y 15 de marzo de 2012 &#8211; Casa de la Provincia, Sevilla</p>



<p style="text-align:center"><strong>Fecha y lugar</strong>: 8 de marzo de 2012 &#8211; Foro de la Biodiversidad &#8211; CSIC y Real Alcázar de Sevilla</p>



<p>El Máster oficial de Arte, Museos y Gestión del Patrimonio Histórico (UPO) ha organizado este Seminario para transferir el conocimiento de los profesionales en la Difusión y Gestión del Patrimonio Cultural Local. Un encuentro especialmente dirigido a los alumnos del Máster, a los técnicos municipales de la provincia y a cuantos estudiantes universitarios puedan estar interesados en conocer esas experiencias.</p>



<p>La entrada es libre hasta &nbsp;completar el aforo de la sala. Envíen la siguiente información: datos personales (nombre y domicilio) y laborales (estudios o profesión y lugar de trabajo), a fquigar@upo.es.<br></p>



<p><strong>Organiza:</strong></p>



<ul><li>Máster oficial de Arte, Museos y Gestión del Patrimonio Histórico. Área de Historia del Arte, Universidad Pablo de Olavide</li></ul>



<p><strong>Colaboran:</strong></p>



<ul><li>Diputación de Sevilla</li><li>Visibilia. Red de Patrimonio Artístico de Andalucía</li><li>Red de Arquitectura Vernácula Iberoamericana (Red- Avi)</li><li>Ayuntamiento de Alcalá de Guadaira</li><li>Foro de la Biodiversidad &#8211; CSIC</li><li>Real Alcázar de Sevilla</li></ul>



<p><strong>Coordinación académica:</strong></p>



<ul><li>Fernando Quiles García (Universidad Pablo de Olavide)</li><li>Francisco Mantecón Campos (Ayuntamiento de Alcalá de Guadaira)</li></ul>



<p><a href="https://www.upo.es/area-historia-arte/wp-content/uploads/2019/06/II_Seminario_Gestion_y_Difusion_Cultural_Local_La_Gestion_Cultural_en_Tiempos_de_Crisis_UPO.pdf">PROGRAMA</a></p>

<p>II Seminario «Gestión y difusión del Patrimonio Cultural Local» Fecha y lugar: 23 de febrero &#8211; 1 y 15 de[&#8230;]</p>
