{"id":180,"date":"2019-03-27T16:35:25","date_gmt":"2019-03-27T15:35:25","guid":{"rendered":"https:\/\/www.upo.es\/area-historia-arte\/?page_id=180"},"modified":"2019-07-17T19:30:20","modified_gmt":"2019-07-17T17:30:20","slug":"v-simposio-internacional-de-arte-y-patrimonio-arquitectura-vernacula-y-paisajes-culturales-sevilla-29-de-noviembre-5-de-diciembre-de-2012","status":"publish","type":"page","link":"https:\/\/www.upo.es\/area-historia-arte\/v-simposio-internacional-de-arte-y-patrimonio-arquitectura-vernacula-y-paisajes-culturales-sevilla-29-de-noviembre-5-de-diciembre-de-2012\/","title":{"rendered":"V Simposio Internacional de \u00abArte y Patrimonio: Arquitectura Vern\u00e1cula y Paisajes Culturales. Tradici\u00f3n, identidad y uso sostenible\u00bb"},"content":{"rendered":"\n<p style=\"text-align:center\"><\/p>\n\n\n\n<div class=\"wp-block-image\"><figure class=\"aligncenter is-resized\"><img loading=\"lazy\" src=\"https:\/\/www.upo.es\/area-historia-arte\/wp-content\/uploads\/2019\/05\/V_Simposio_Arquitectura_Vernacula_y_Paisajes_Culturales_Red_AVI_UPO-1-1024x502.jpg\" alt=\"\" class=\"wp-image-1177\" width=\"674\" height=\"330\" srcset=\"https:\/\/www.upo.es\/area-historia-arte\/wp-content\/uploads\/2019\/05\/V_Simposio_Arquitectura_Vernacula_y_Paisajes_Culturales_Red_AVI_UPO-1-1024x502.jpg 1024w, https:\/\/www.upo.es\/area-historia-arte\/wp-content\/uploads\/2019\/05\/V_Simposio_Arquitectura_Vernacula_y_Paisajes_Culturales_Red_AVI_UPO-1-300x147.jpg 300w, https:\/\/www.upo.es\/area-historia-arte\/wp-content\/uploads\/2019\/05\/V_Simposio_Arquitectura_Vernacula_y_Paisajes_Culturales_Red_AVI_UPO-1-768x376.jpg 768w, https:\/\/www.upo.es\/area-historia-arte\/wp-content\/uploads\/2019\/05\/V_Simposio_Arquitectura_Vernacula_y_Paisajes_Culturales_Red_AVI_UPO-1.jpg 1214w\" sizes=\"(max-width: 674px) 100vw, 674px\" \/><\/figure><\/div>\n\n\n\n<p style=\"text-align:center\">V Simposio Internacional de \u00abArte y Patrimonio: Arquitectura Vern\u00e1cula y Paisaje Culturales. Tradici\u00f3n, identidad y uso sostenible\u00bb<\/p>\n\n\n\n<p style=\"text-align:center\"><strong>Fecha<\/strong>: 29 de noviembre al&nbsp;&nbsp;5 de diciembre de 2012 <\/p>\n\n\n\n<p style=\"text-align:center\"><strong>Lugar<\/strong>: Casa de la Provincia y Escuela de Estudios Hispano-Americanos (CSIC), Sevilla<\/p>\n\n\n\n<p>La Red de investigaci\u00f3n AVI (Arquitectura Vern\u00e1cula Iberoamericana), la Universidad Pablo de Olavide, la Escuela de Estudios Hispanoamericanos, la Diputaci\u00f3n Provincial de Sevilla y el Consulado General de Colombia en Sevilla, conmemoraron los 40 a\u00f1os de la Convenci\u00f3n sobre la Protecci\u00f3n del Patrimonio Mundial, Cultural y Natural, el aniversario de la inclusi\u00f3n en la Lista de Patrimonio Mundial del Paisaje Cultural Colombiano y la conservaci\u00f3n de la m\u00e1xima calificaci\u00f3n de la Unesco a la Catedral, el Alc\u00e1zar y el Archivo de Indias de Sevilla, Patrimonio de la Humanidad, con la realizaci\u00f3n de las Jornadas \u201cArquitectura Vern\u00e1cula y Paisajes Culturales. Conocimiento, valoraci\u00f3n, gesti\u00f3n y uso sostenible\u201d.<\/p>\n\n\n\n<p>La presentaci\u00f3n de estudios de caso en Iberoam\u00e9rica y Sevilla y mesas de trabajo, fueron el espacio para la reflexi\u00f3n sobre la generaci\u00f3n de capacidades locales, el desarrollo de capital social y las acciones colectivas, solidarias y tolerantes del patrimonio y especialmente el papel de la arquitectura vern\u00e1cula como fundamento de la identidad en los paisajes culturales.<\/p>\n\n\n\n<p>El pa\u00eds invitado de honor fue Colombia con el Paisaje Cultural Cafetero, por ello, su consulado en Sevilla fue la sede de actividades dedicadas al conocimiento, difusi\u00f3n y valoraci\u00f3n de la cultura cafetera colombiana que, articuladas con las que desarrolla la Casa de la Diputaci\u00f3n de Sevilla como ciudad anfitriona -conferencias, mesas de trabajo y recorridos por la ciudad y sus alrededores-, convirtieron este evento en un espacio de encuentro e intercambio entre culturas.<\/p>\n\n\n\n<p><strong>Coordinaci\u00f3n de las Jornadas:<\/strong><br><\/p>\n\n\n\n<ul><li>Marcela Cu\u00e9llar S\u00e1nchez (Universidad Pablo de Olavide)    <\/li><li>Juan Ojeda Rivera (Universidad Pablo de Olavide)<\/li><li> Fernando Quiles  Garc\u00eda (Universidad Pablo de Olavide)    <\/li><li>Jos\u00e9 Reina Mac\u00edas (Casa de la Provincia, Diputaci\u00f3n de Sevilla)<\/li><\/ul>\n\n\n\n<p><a href=\"https:\/\/www.upo.es\/area-historia-arte\/wp-content\/uploads\/2019\/03\/Programa_V_Simposio_Internacional_Arte_y_Patrimonio_Arquitectura_Vernacula_Iberoamericana_Paisajes_Culturales_UPO_2012.pdf\">PROGRAMA<\/a><\/p>\n","protected":false},"excerpt":{"rendered":"<p>V Simposio Internacional de \u00abArte y Patrimonio: Arquitectura Vern\u00e1cula y Paisaje Culturales. Tradici\u00f3n, identidad y uso sostenible\u00bb Fecha: 29 de[&#8230;]<\/p>\n","protected":false},"author":1,"featured_media":0,"parent":0,"menu_order":0,"comment_status":"closed","ping_status":"closed","template":"template-fullwidth.php","meta":[],"_links":{"self":[{"href":"https:\/\/www.upo.es\/area-historia-arte\/wp-json\/wp\/v2\/pages\/180"}],"collection":[{"href":"https:\/\/www.upo.es\/area-historia-arte\/wp-json\/wp\/v2\/pages"}],"about":[{"href":"https:\/\/www.upo.es\/area-historia-arte\/wp-json\/wp\/v2\/types\/page"}],"author":[{"embeddable":true,"href":"https:\/\/www.upo.es\/area-historia-arte\/wp-json\/wp\/v2\/users\/1"}],"replies":[{"embeddable":true,"href":"https:\/\/www.upo.es\/area-historia-arte\/wp-json\/wp\/v2\/comments?post=180"}],"version-history":[{"count":8,"href":"https:\/\/www.upo.es\/area-historia-arte\/wp-json\/wp\/v2\/pages\/180\/revisions"}],"predecessor-version":[{"id":2088,"href":"https:\/\/www.upo.es\/area-historia-arte\/wp-json\/wp\/v2\/pages\/180\/revisions\/2088"}],"wp:attachment":[{"href":"https:\/\/www.upo.es\/area-historia-arte\/wp-json\/wp\/v2\/media?parent=180"}],"curies":[{"name":"wp","href":"https:\/\/api.w.org\/{rel}","templated":true}]}}

V Simposio Internacional de «Arte y Patrimonio: Arquitectura Vernácula y Paisajes Culturales. Tradición, identidad y uso sostenible»

<p style="text-align:center"></p>



<div class="wp-block-image"><figure class="aligncenter is-resized"><img loading="lazy" src="https://www.upo.es/area-historia-arte/wp-content/uploads/2019/05/V_Simposio_Arquitectura_Vernacula_y_Paisajes_Culturales_Red_AVI_UPO-1-1024x502.jpg" alt="" class="wp-image-1177" width="674" height="330" srcset="https://www.upo.es/area-historia-arte/wp-content/uploads/2019/05/V_Simposio_Arquitectura_Vernacula_y_Paisajes_Culturales_Red_AVI_UPO-1-1024x502.jpg 1024w, https://www.upo.es/area-historia-arte/wp-content/uploads/2019/05/V_Simposio_Arquitectura_Vernacula_y_Paisajes_Culturales_Red_AVI_UPO-1-300x147.jpg 300w, https://www.upo.es/area-historia-arte/wp-content/uploads/2019/05/V_Simposio_Arquitectura_Vernacula_y_Paisajes_Culturales_Red_AVI_UPO-1-768x376.jpg 768w, https://www.upo.es/area-historia-arte/wp-content/uploads/2019/05/V_Simposio_Arquitectura_Vernacula_y_Paisajes_Culturales_Red_AVI_UPO-1.jpg 1214w" sizes="(max-width: 674px) 100vw, 674px" /></figure></div>



<p style="text-align:center">V Simposio Internacional de «Arte y Patrimonio: Arquitectura Vernácula y Paisaje Culturales. Tradición, identidad y uso sostenible»</p>



<p style="text-align:center"><strong>Fecha</strong>: 29 de noviembre al&nbsp;&nbsp;5 de diciembre de 2012 </p>



<p style="text-align:center"><strong>Lugar</strong>: Casa de la Provincia y Escuela de Estudios Hispano-Americanos (CSIC), Sevilla</p>



<p>La Red de investigación AVI (Arquitectura Vernácula Iberoamericana), la Universidad Pablo de Olavide, la Escuela de Estudios Hispanoamericanos, la Diputación Provincial de Sevilla y el Consulado General de Colombia en Sevilla, conmemoraron los 40 años de la Convención sobre la Protección del Patrimonio Mundial, Cultural y Natural, el aniversario de la inclusión en la Lista de Patrimonio Mundial del Paisaje Cultural Colombiano y la conservación de la máxima calificación de la Unesco a la Catedral, el Alcázar y el Archivo de Indias de Sevilla, Patrimonio de la Humanidad, con la realización de las Jornadas “Arquitectura Vernácula y Paisajes Culturales. Conocimiento, valoración, gestión y uso sostenible”.</p>



<p>La presentación de estudios de caso en Iberoamérica y Sevilla y mesas de trabajo, fueron el espacio para la reflexión sobre la generación de capacidades locales, el desarrollo de capital social y las acciones colectivas, solidarias y tolerantes del patrimonio y especialmente el papel de la arquitectura vernácula como fundamento de la identidad en los paisajes culturales.</p>



<p>El país invitado de honor fue Colombia con el Paisaje Cultural Cafetero, por ello, su consulado en Sevilla fue la sede de actividades dedicadas al conocimiento, difusión y valoración de la cultura cafetera colombiana que, articuladas con las que desarrolla la Casa de la Diputación de Sevilla como ciudad anfitriona -conferencias, mesas de trabajo y recorridos por la ciudad y sus alrededores-, convirtieron este evento en un espacio de encuentro e intercambio entre culturas.</p>



<p><strong>Coordinación de las Jornadas:</strong><br></p>



<ul><li>Marcela Cuéllar Sánchez (Universidad Pablo de Olavide)    </li><li>Juan Ojeda Rivera (Universidad Pablo de Olavide)</li><li> Fernando Quiles  García (Universidad Pablo de Olavide)    </li><li>José Reina Macías (Casa de la Provincia, Diputación de Sevilla)</li></ul>



<p><a href="https://www.upo.es/area-historia-arte/wp-content/uploads/2019/03/Programa_V_Simposio_Internacional_Arte_y_Patrimonio_Arquitectura_Vernacula_Iberoamericana_Paisajes_Culturales_UPO_2012.pdf">PROGRAMA</a></p>

<p>V Simposio Internacional de «Arte y Patrimonio: Arquitectura Vernácula y Paisaje Culturales. Tradición, identidad y uso sostenible» Fecha: 29 de[&#8230;]</p>
