{"id":2090,"date":"2019-07-17T19:39:07","date_gmt":"2019-07-17T17:39:07","guid":{"rendered":"https:\/\/www.upo.es\/area-historia-arte\/?page_id=2090"},"modified":"2019-07-19T09:56:31","modified_gmt":"2019-07-19T07:56:31","slug":"congreso-internacional-sevilla-y-corte-las-artes-y-el-lustro-real-1729-1733","status":"publish","type":"page","link":"https:\/\/www.upo.es\/area-historia-arte\/congreso-internacional-sevilla-y-corte-las-artes-y-el-lustro-real-1729-1733\/","title":{"rendered":"Congreso Internacional \u00abSevilla y Corte. Las Artes y el Lustro Real (1729-1733)\u00bb"},"content":{"rendered":"\n<p><\/p>\n\n\n\n<div class=\"wp-block-image\"><figure class=\"aligncenter\"><img loading=\"lazy\" width=\"477\" height=\"491\" src=\"https:\/\/www.upo.es\/area-historia-arte\/wp-content\/uploads\/2019\/07\/Captura-de-pantalla-2019-07-17-a-las-19.33.12.png\" alt=\"\" class=\"wp-image-2092\" srcset=\"https:\/\/www.upo.es\/area-historia-arte\/wp-content\/uploads\/2019\/07\/Captura-de-pantalla-2019-07-17-a-las-19.33.12.png 477w, https:\/\/www.upo.es\/area-historia-arte\/wp-content\/uploads\/2019\/07\/Captura-de-pantalla-2019-07-17-a-las-19.33.12-291x300.png 291w\" sizes=\"(max-width: 477px) 100vw, 477px\" \/><\/figure><\/div>\n\n\n\n<p style=\"text-align:center\">Congreso Internacional \u00abSevilla y Corte. Las Artes y el Lustro Real (1729-1733)\u00bb <\/p>\n\n\n\n<p style=\"text-align:center\"><strong>Fecha<\/strong>: 7 \u2013 8 de mayo y 10 \u2013 11 de mayo de 2007<\/p>\n\n\n\n<p style=\"text-align:center\"><strong>Lugar<\/strong>: Casa de Vel\u00e1zquez, Madrid y Universidad Pablo de Olavide, Sevilla<\/p>\n\n\n\n<p>La estancia de Felipe V en Sevilla, entre 1729 y 1733, supuso la instalaci\u00f3n en la ciudad de un selecto grupo de artistas de Corte: pintores, m\u00fasicos, maestros de baile, etc. Sus respectivas actuaciones y conexiones con el \u00e1mbito art\u00edstico hispalense revitalizaron las Bellas Artes andaluzas, conect\u00e1ndolas con las modas y los gustos m\u00e1s modernos de la Europa del siglo XVIII. <\/p>\n\n\n\n<p>Con la participaci\u00f3n de los principales especialistas del periodo, este coloquio se propone analizar las implicaciones art\u00edsticas, pol\u00edticas y econ\u00f3micas de la presencia de la Corte borb\u00f3nica en Sevilla. Se pretende as\u00ed recrear aquel \u201cimpacto art\u00edstico\u201d, tanto visual como sonoro, que durante aquella Real Jornada convirti\u00f3 Sevilla en una ciudad de Corte y una capital de las Artes.<\/p>\n\n\n\n<p><strong>Coordinaci\u00f3n: <\/strong><\/p>\n\n\n\n<ul><li>Nicol\u00e1s Morales (Universit\u00e9 de Savoie &#8211; LLS)<\/li><li>Fernando Quiles Garc\u00eda (Universidad Pablo de Olavide, Sevilla)<\/li><li>Ignacio Cano Rivero (Conservador de museos &#8211; Junta de Andaluc\u00eda)<\/li><\/ul>\n\n\n\n<p><strong>Organiza:<\/strong><\/p>\n\n\n\n<ul><li>Casa de Vel\u00e1zquez, Madrid<\/li><li>Universidad Pablo de Olavide, Sevilla<\/li><\/ul>\n\n\n\n<p><strong>Colaboradores: <\/strong><\/p>\n\n\n\n<ul><li>Real Academia de las Artes<\/li><li>Ministerio de Cultura. Gobierno de Espa\u00f1a<\/li><li>Junta de Andaluc\u00eda<\/li><li>Andaluc\u00eda Barroca<\/li><li>Renfe<\/li><li>Simois &#8211; Gesti\u00f3n de Arte<\/li><\/ul>\n\n\n\n<p><a href=\"https:\/\/www.upo.es\/area-historia-arte\/wp-content\/uploads\/2019\/07\/Sevilla_y_Corte_Las_Artes_y_el_Lustro_Real_1729_1733.pdf\">PROGRAMA<\/a><\/p>\n","protected":false},"excerpt":{"rendered":"<p>Congreso Internacional \u00abSevilla y Corte. Las Artes y el Lustro Real (1729-1733)\u00bb Fecha: 7 \u2013 8 de mayo y 10[&#8230;]<\/p>\n","protected":false},"author":1,"featured_media":0,"parent":0,"menu_order":0,"comment_status":"closed","ping_status":"closed","template":"template-fullwidth.php","meta":[],"_links":{"self":[{"href":"https:\/\/www.upo.es\/area-historia-arte\/wp-json\/wp\/v2\/pages\/2090"}],"collection":[{"href":"https:\/\/www.upo.es\/area-historia-arte\/wp-json\/wp\/v2\/pages"}],"about":[{"href":"https:\/\/www.upo.es\/area-historia-arte\/wp-json\/wp\/v2\/types\/page"}],"author":[{"embeddable":true,"href":"https:\/\/www.upo.es\/area-historia-arte\/wp-json\/wp\/v2\/users\/1"}],"replies":[{"embeddable":true,"href":"https:\/\/www.upo.es\/area-historia-arte\/wp-json\/wp\/v2\/comments?post=2090"}],"version-history":[{"count":1,"href":"https:\/\/www.upo.es\/area-historia-arte\/wp-json\/wp\/v2\/pages\/2090\/revisions"}],"predecessor-version":[{"id":2094,"href":"https:\/\/www.upo.es\/area-historia-arte\/wp-json\/wp\/v2\/pages\/2090\/revisions\/2094"}],"wp:attachment":[{"href":"https:\/\/www.upo.es\/area-historia-arte\/wp-json\/wp\/v2\/media?parent=2090"}],"curies":[{"name":"wp","href":"https:\/\/api.w.org\/{rel}","templated":true}]}}

<p></p>



<div class="wp-block-image"><figure class="aligncenter"><img loading="lazy" width="477" height="491" src="https://www.upo.es/area-historia-arte/wp-content/uploads/2019/07/Captura-de-pantalla-2019-07-17-a-las-19.33.12.png" alt="" class="wp-image-2092" srcset="https://www.upo.es/area-historia-arte/wp-content/uploads/2019/07/Captura-de-pantalla-2019-07-17-a-las-19.33.12.png 477w, https://www.upo.es/area-historia-arte/wp-content/uploads/2019/07/Captura-de-pantalla-2019-07-17-a-las-19.33.12-291x300.png 291w" sizes="(max-width: 477px) 100vw, 477px" /></figure></div>



<p style="text-align:center">Congreso Internacional «Sevilla y Corte. Las Artes y el Lustro Real (1729-1733)» </p>



<p style="text-align:center"><strong>Fecha</strong>: 7 – 8 de mayo y 10 – 11 de mayo de 2007</p>



<p style="text-align:center"><strong>Lugar</strong>: Casa de Velázquez, Madrid y Universidad Pablo de Olavide, Sevilla</p>



<p>La estancia de Felipe V en Sevilla, entre 1729 y 1733, supuso la instalación en la ciudad de un selecto grupo de artistas de Corte: pintores, músicos, maestros de baile, etc. Sus respectivas actuaciones y conexiones con el ámbito artístico hispalense revitalizaron las Bellas Artes andaluzas, conectándolas con las modas y los gustos más modernos de la Europa del siglo XVIII. </p>



<p>Con la participación de los principales especialistas del periodo, este coloquio se propone analizar las implicaciones artísticas, políticas y económicas de la presencia de la Corte borbónica en Sevilla. Se pretende así recrear aquel “impacto artístico”, tanto visual como sonoro, que durante aquella Real Jornada convirtió Sevilla en una ciudad de Corte y una capital de las Artes.</p>



<p><strong>Coordinación: </strong></p>



<ul><li>Nicolás Morales (Université de Savoie &#8211; LLS)</li><li>Fernando Quiles García (Universidad Pablo de Olavide, Sevilla)</li><li>Ignacio Cano Rivero (Conservador de museos &#8211; Junta de Andalucía)</li></ul>



<p><strong>Organiza:</strong></p>



<ul><li>Casa de Velázquez, Madrid</li><li>Universidad Pablo de Olavide, Sevilla</li></ul>



<p><strong>Colaboradores: </strong></p>



<ul><li>Real Academia de las Artes</li><li>Ministerio de Cultura. Gobierno de España</li><li>Junta de Andalucía</li><li>Andalucía Barroca</li><li>Renfe</li><li>Simois &#8211; Gestión de Arte</li></ul>



<p><a href="https://www.upo.es/area-historia-arte/wp-content/uploads/2019/07/Sevilla_y_Corte_Las_Artes_y_el_Lustro_Real_1729_1733.pdf">PROGRAMA</a></p>
