{"id":2276,"date":"2019-11-27T15:52:36","date_gmt":"2019-11-27T14:52:36","guid":{"rendered":"https:\/\/www.upo.es\/area-historia-arte\/?page_id=2276"},"modified":"2019-11-27T15:55:54","modified_gmt":"2019-11-27T14:55:54","slug":"seminario-internacional-horas-barrocas-2","status":"publish","type":"page","link":"https:\/\/www.upo.es\/area-historia-arte\/seminario-internacional-horas-barrocas-2\/","title":{"rendered":"Seminario internacional \u00abHoras Barrocas&#8230;\u00bb"},"content":{"rendered":"\n<div class=\"wp-block-group\"><div class=\"wp-block-group__inner-container\">\n<figure class=\"wp-block-image size-large\"><a href=\"https:\/\/www.upo.es\/area-historia-arte\/wp-content\/uploads\/2019\/11\/horas-barrocas03.jpg\" target=\"_blank\" rel=\"noreferrer noopener\"><img loading=\"lazy\" width=\"1024\" height=\"641\" src=\"https:\/\/www.upo.es\/area-historia-arte\/wp-content\/uploads\/2019\/11\/horas-barrocas03-1024x641.jpg\" alt=\"\" class=\"wp-image-2277\" srcset=\"https:\/\/www.upo.es\/area-historia-arte\/wp-content\/uploads\/2019\/11\/horas-barrocas03-1024x641.jpg 1024w, https:\/\/www.upo.es\/area-historia-arte\/wp-content\/uploads\/2019\/11\/horas-barrocas03-300x188.jpg 300w, https:\/\/www.upo.es\/area-historia-arte\/wp-content\/uploads\/2019\/11\/horas-barrocas03-768x481.jpg 768w, https:\/\/www.upo.es\/area-historia-arte\/wp-content\/uploads\/2019\/11\/horas-barrocas03-1536x962.jpg 1536w, https:\/\/www.upo.es\/area-historia-arte\/wp-content\/uploads\/2019\/11\/horas-barrocas03.jpg 1754w\" sizes=\"(max-width: 1024px) 100vw, 1024px\" \/><\/a><\/figure>\n\n\n\n<p class=\"has-text-align-center\"><strong>Fecha<\/strong>: 28 de noviembre de 2019<\/p>\n\n\n\n<p class=\"has-text-align-center\"><strong>Lugar<\/strong>: Sala de Grados del CEI CamBio, Universidad Pablo de Olavide.<\/p>\n<\/div><\/div>\n\n\n\n<p><strong>Coordinaci\u00f3n acad\u00e9mica<\/strong>:<\/p>\n\n\n\n<ul><li>Mar\u00eda de los \u00c1ngeles Fern\u00e1ndez Valle (Universidad Pablo de Olavide)<\/li><\/ul>\n\n\n\n<div class=\"wp-block-group\"><div class=\"wp-block-group__inner-container\">\n<p><strong>Organizan<\/strong>:<\/p>\n\n\n\n<ul><li>CeiBa. Centro de estudios del Barroco Iberoamericano<\/li><li>\u00c1rea de Historia del Arte, Universidad Pablo de Olavide<\/li><li>Universo Barroco Iberoamericano<\/li><\/ul>\n<\/div><\/div>\n\n\n\n<p><strong>Colaboran<\/strong>:<\/p>\n\n\n\n<ul><li>M\u00e1ster en Arte, Museos y Gesti\u00f3n del Patrimonio Hist\u00f3rico (UPO)<\/li><li>Doctorado en Historia y Estudios Human\u00edsticos: Europa, Am\u00e9rica, Arte y Lenguas (UPO)<\/li><li>CEI CamBio (UPO)<\/li><\/ul>\n\n\n\n<p><strong>Informaci\u00f3n e inscripci\u00f3n<\/strong>: ubarroco@gmail.com<\/p>\n\n\n\n<p><a href=\"https:\/\/www.upo.es\/area-historia-arte\/wp-content\/uploads\/2019\/11\/horas-barrocas03.jpg\" target=\"_blank\" rel=\"noreferrer noopener\" aria-label=\" (se abre en una nueva pesta\u00f1a)\">PROGRAMA<\/a><\/p>\n","protected":false},"excerpt":{"rendered":"<p>Coordinaci\u00f3n acad\u00e9mica: Mar\u00eda de los \u00c1ngeles Fern\u00e1ndez Valle (Universidad Pablo de Olavide) Colaboran: M\u00e1ster en Arte, Museos y Gesti\u00f3n del[&#8230;]<\/p>\n","protected":false},"author":1,"featured_media":0,"parent":0,"menu_order":0,"comment_status":"closed","ping_status":"closed","template":"","meta":[],"_links":{"self":[{"href":"https:\/\/www.upo.es\/area-historia-arte\/wp-json\/wp\/v2\/pages\/2276"}],"collection":[{"href":"https:\/\/www.upo.es\/area-historia-arte\/wp-json\/wp\/v2\/pages"}],"about":[{"href":"https:\/\/www.upo.es\/area-historia-arte\/wp-json\/wp\/v2\/types\/page"}],"author":[{"embeddable":true,"href":"https:\/\/www.upo.es\/area-historia-arte\/wp-json\/wp\/v2\/users\/1"}],"replies":[{"embeddable":true,"href":"https:\/\/www.upo.es\/area-historia-arte\/wp-json\/wp\/v2\/comments?post=2276"}],"version-history":[{"count":3,"href":"https:\/\/www.upo.es\/area-historia-arte\/wp-json\/wp\/v2\/pages\/2276\/revisions"}],"predecessor-version":[{"id":2280,"href":"https:\/\/www.upo.es\/area-historia-arte\/wp-json\/wp\/v2\/pages\/2276\/revisions\/2280"}],"wp:attachment":[{"href":"https:\/\/www.upo.es\/area-historia-arte\/wp-json\/wp\/v2\/media?parent=2276"}],"curies":[{"name":"wp","href":"https:\/\/api.w.org\/{rel}","templated":true}]}}

<div class="wp-block-group"><div class="wp-block-group__inner-container">
<figure class="wp-block-image size-large"><a href="https://www.upo.es/area-historia-arte/wp-content/uploads/2019/11/horas-barrocas03.jpg" target="_blank" rel="noreferrer noopener"><img loading="lazy" width="1024" height="641" src="https://www.upo.es/area-historia-arte/wp-content/uploads/2019/11/horas-barrocas03-1024x641.jpg" alt="" class="wp-image-2277" srcset="https://www.upo.es/area-historia-arte/wp-content/uploads/2019/11/horas-barrocas03-1024x641.jpg 1024w, https://www.upo.es/area-historia-arte/wp-content/uploads/2019/11/horas-barrocas03-300x188.jpg 300w, https://www.upo.es/area-historia-arte/wp-content/uploads/2019/11/horas-barrocas03-768x481.jpg 768w, https://www.upo.es/area-historia-arte/wp-content/uploads/2019/11/horas-barrocas03-1536x962.jpg 1536w, https://www.upo.es/area-historia-arte/wp-content/uploads/2019/11/horas-barrocas03.jpg 1754w" sizes="(max-width: 1024px) 100vw, 1024px" /></a></figure>



<p class="has-text-align-center"><strong>Fecha</strong>: 28 de noviembre de 2019</p>



<p class="has-text-align-center"><strong>Lugar</strong>: Sala de Grados del CEI CamBio, Universidad Pablo de Olavide.</p>
</div></div>



<p><strong>Coordinación académica</strong>:</p>



<ul><li>María de los Ángeles Fernández Valle (Universidad Pablo de Olavide)</li></ul>



<div class="wp-block-group"><div class="wp-block-group__inner-container">
<p><strong>Organizan</strong>:</p>



<ul><li>CeiBa. Centro de estudios del Barroco Iberoamericano</li><li>Área de Historia del Arte, Universidad Pablo de Olavide</li><li>Universo Barroco Iberoamericano</li></ul>
</div></div>



<p><strong>Colaboran</strong>:</p>



<ul><li>Máster en Arte, Museos y Gestión del Patrimonio Histórico (UPO)</li><li>Doctorado en Historia y Estudios Humanísticos: Europa, América, Arte y Lenguas (UPO)</li><li>CEI CamBio (UPO)</li></ul>



<p><strong>Información e inscripción</strong>: ubarroco@gmail.com</p>



<p><a href="https://www.upo.es/area-historia-arte/wp-content/uploads/2019/11/horas-barrocas03.jpg" target="_blank" rel="noreferrer noopener" aria-label=" (se abre en una nueva pestaña)">PROGRAMA</a></p>

<p>Coordinación académica: María de los Ángeles Fernández Valle (Universidad Pablo de Olavide) Colaboran: Máster en Arte, Museos y Gestión del[&#8230;]</p>
