{"id":2379,"date":"2020-03-10T14:09:49","date_gmt":"2020-03-10T13:09:49","guid":{"rendered":"https:\/\/www.upo.es\/area-historia-arte\/?page_id=2379"},"modified":"2020-06-24T12:47:39","modified_gmt":"2020-06-24T10:47:39","slug":"ix-jornadas-de-orientacion-profesional-de-la-facultad-de-humanidades-gestion-cultural-y-patrimonio-historico-upo","status":"publish","type":"page","link":"https:\/\/www.upo.es\/area-historia-arte\/ix-jornadas-de-orientacion-profesional-de-la-facultad-de-humanidades-gestion-cultural-y-patrimonio-historico-upo\/","title":{"rendered":"IX Jornadas de Orientaci\u00f3n Profesional de la Facultad de Humanidades. Gesti\u00f3n Cultural y Patrimonio Hist\u00f3rico (UPO)"},"content":{"rendered":"\n<p><\/p>\n\n\n\n<div class=\"wp-block-image\"><figure class=\"aligncenter size-large is-resized\"><img loading=\"lazy\" src=\"https:\/\/www.upo.es\/area-historia-arte\/wp-content\/uploads\/2020\/06\/Cartel-724x1024.png\" alt=\"\" class=\"wp-image-2461\" width=\"486\" height=\"687\" srcset=\"https:\/\/www.upo.es\/area-historia-arte\/wp-content\/uploads\/2020\/06\/Cartel-724x1024.png 724w, https:\/\/www.upo.es\/area-historia-arte\/wp-content\/uploads\/2020\/06\/Cartel-212x300.png 212w, https:\/\/www.upo.es\/area-historia-arte\/wp-content\/uploads\/2020\/06\/Cartel-768x1086.png 768w, https:\/\/www.upo.es\/area-historia-arte\/wp-content\/uploads\/2020\/06\/Cartel-1086x1536.png 1086w, https:\/\/www.upo.es\/area-historia-arte\/wp-content\/uploads\/2020\/06\/Cartel.png 1240w\" sizes=\"(max-width: 486px) 100vw, 486px\" \/><\/figure><\/div>\n\n\n\n<p class=\"has-text-align-center\"> <strong>Fecha<\/strong>: 16 de julio de 2020 <\/p>\n\n\n\n<p class=\"has-text-align-center\"><strong>Lugar<\/strong>:  Virtual, a trav\u00e9s de Blackboard Collaborate<\/p>\n\n\n\n<p>Intervendr\u00e1n en este encuentro representantes de empresas o instituciones empleadoras de titulados, as\u00ed como egresados que han accedido a puestos de trabajo tras su etapa de formaci\u00f3n en los grados de la Facultad y la citada maestr\u00eda universitaria. Dedicaremos unas horas a la formaci\u00f3n, an\u00e1lisis y debate para acercar a los alumnos al mercado laboral en el \u00e1mbito del patrimonio y la gesti\u00f3n cultural. As\u00ed, determinaremos e identificaremos las competencias profesionales demandadas en el sector y profundizaremos en el conocimiento de la realidad del acceso al mercado de trabajo mediante las experiencias de empleadores y empleados que est\u00e1n vinculados al programa.<\/p>\n\n\n\n<p><\/p>\n\n\n\n<p><strong>Direcci\u00f3n:<\/strong><\/p>\n\n\n\n<ul><li>Francisco Ollero Lobato<\/li><\/ul>\n\n\n\n<p><strong>Coordinaci\u00f3n<\/strong><\/p>\n\n\n\n<ul><li>Mar\u00eda de los \u00c1ngeles Fern\u00e1ndez Valle<\/li><li>Rafael Molina Mart\u00edn<\/li><\/ul>\n\n\n\n<p><strong>Colaboran:<\/strong><\/p>\n\n\n\n<ul><li>M\u00e1ster en Arte, Museos y Gesti\u00f3n del Patrimonio Hist\u00f3rico, Universidad Pablo de Olavide, Sevilla<\/li><li>Facultad de Humanidades, Universidad Pablo de Olavide, Sevilla<\/li><li>Departamento de Geograf\u00eda, Historia y Filosof\u00eda, Universidad Pablo de Olavide, Sevilla<\/li><li>Engranajes Culturales, Sevilla<\/li><\/ul>\n\n\n\n<p><\/p>\n\n\n\n<p><strong>Inscripci\u00f3n:<\/strong><\/p>\n\n\n\n<p>Rafael Molina Mart\u00edn: rmolmar@alu.upo.es<\/p>\n\n\n\n<p>Inscripci\u00f3n gratuita, necesaria para obtener el enlace de acceso a la plataforma Blackboard Collaborate. La asistencia a la jornada ser\u00e1 reconocida mediante certificado acreditativo<\/p>\n\n\n\n<p><strong><a href=\"https:\/\/www.upo.es\/area-historia-arte\/wp-content\/uploads\/2020\/06\/Programa-IX-Jornadas-de-Orientaci\u00f3n-Profesional.pdf\" target=\"_blank\" rel=\"noreferrer noopener\">PROGRAMA<\/a><\/strong><\/p>\n","protected":false},"excerpt":{"rendered":"<p>Fecha: 16 de julio de 2020 Lugar: Virtual, a trav\u00e9s de Blackboard Collaborate Intervendr\u00e1n en este encuentro representantes de empresas[&#8230;]<\/p>\n","protected":false},"author":1,"featured_media":0,"parent":0,"menu_order":0,"comment_status":"closed","ping_status":"closed","template":"","meta":[],"_links":{"self":[{"href":"https:\/\/www.upo.es\/area-historia-arte\/wp-json\/wp\/v2\/pages\/2379"}],"collection":[{"href":"https:\/\/www.upo.es\/area-historia-arte\/wp-json\/wp\/v2\/pages"}],"about":[{"href":"https:\/\/www.upo.es\/area-historia-arte\/wp-json\/wp\/v2\/types\/page"}],"author":[{"embeddable":true,"href":"https:\/\/www.upo.es\/area-historia-arte\/wp-json\/wp\/v2\/users\/1"}],"replies":[{"embeddable":true,"href":"https:\/\/www.upo.es\/area-historia-arte\/wp-json\/wp\/v2\/comments?post=2379"}],"version-history":[{"count":6,"href":"https:\/\/www.upo.es\/area-historia-arte\/wp-json\/wp\/v2\/pages\/2379\/revisions"}],"predecessor-version":[{"id":2473,"href":"https:\/\/www.upo.es\/area-historia-arte\/wp-json\/wp\/v2\/pages\/2379\/revisions\/2473"}],"wp:attachment":[{"href":"https:\/\/www.upo.es\/area-historia-arte\/wp-json\/wp\/v2\/media?parent=2379"}],"curies":[{"name":"wp","href":"https:\/\/api.w.org\/{rel}","templated":true}]}}

IX Jornadas de Orientación Profesional de la Facultad de Humanidades. Gestión Cultural y Patrimonio Histórico (UPO)

<p></p>



<div class="wp-block-image"><figure class="aligncenter size-large is-resized"><img loading="lazy" src="https://www.upo.es/area-historia-arte/wp-content/uploads/2020/06/Cartel-724x1024.png" alt="" class="wp-image-2461" width="486" height="687" srcset="https://www.upo.es/area-historia-arte/wp-content/uploads/2020/06/Cartel-724x1024.png 724w, https://www.upo.es/area-historia-arte/wp-content/uploads/2020/06/Cartel-212x300.png 212w, https://www.upo.es/area-historia-arte/wp-content/uploads/2020/06/Cartel-768x1086.png 768w, https://www.upo.es/area-historia-arte/wp-content/uploads/2020/06/Cartel-1086x1536.png 1086w, https://www.upo.es/area-historia-arte/wp-content/uploads/2020/06/Cartel.png 1240w" sizes="(max-width: 486px) 100vw, 486px" /></figure></div>



<p class="has-text-align-center"> <strong>Fecha</strong>: 16 de julio de 2020 </p>



<p class="has-text-align-center"><strong>Lugar</strong>:  Virtual, a través de Blackboard Collaborate</p>



<p>Intervendrán en este encuentro representantes de empresas o instituciones empleadoras de titulados, así como egresados que han accedido a puestos de trabajo tras su etapa de formación en los grados de la Facultad y la citada maestría universitaria. Dedicaremos unas horas a la formación, análisis y debate para acercar a los alumnos al mercado laboral en el ámbito del patrimonio y la gestión cultural. Así, determinaremos e identificaremos las competencias profesionales demandadas en el sector y profundizaremos en el conocimiento de la realidad del acceso al mercado de trabajo mediante las experiencias de empleadores y empleados que están vinculados al programa.</p>



<p></p>



<p><strong>Dirección:</strong></p>



<ul><li>Francisco Ollero Lobato</li></ul>



<p><strong>Coordinación</strong></p>



<ul><li>María de los Ángeles Fernández Valle</li><li>Rafael Molina Martín</li></ul>



<p><strong>Colaboran:</strong></p>



<ul><li>Máster en Arte, Museos y Gestión del Patrimonio Histórico, Universidad Pablo de Olavide, Sevilla</li><li>Facultad de Humanidades, Universidad Pablo de Olavide, Sevilla</li><li>Departamento de Geografía, Historia y Filosofía, Universidad Pablo de Olavide, Sevilla</li><li>Engranajes Culturales, Sevilla</li></ul>



<p></p>



<p><strong>Inscripción:</strong></p>



<p>Rafael Molina Martín: rmolmar@alu.upo.es</p>



<p>Inscripción gratuita, necesaria para obtener el enlace de acceso a la plataforma Blackboard Collaborate. La asistencia a la jornada será reconocida mediante certificado acreditativo</p>



<p><strong><a href="https://www.upo.es/area-historia-arte/wp-content/uploads/2020/06/Programa-IX-Jornadas-de-Orientación-Profesional.pdf" target="_blank" rel="noreferrer noopener">PROGRAMA</a></strong></p>

<p>Fecha: 16 de julio de 2020 Lugar: Virtual, a través de Blackboard Collaborate Intervendrán en este encuentro representantes de empresas[&#8230;]</p>
