{"id":2440,"date":"2020-05-27T13:41:35","date_gmt":"2020-05-27T11:41:35","guid":{"rendered":"https:\/\/www.upo.es\/area-historia-arte\/?page_id=2440"},"modified":"2020-05-27T13:58:19","modified_gmt":"2020-05-27T11:58:19","slug":"v-jornadas-de-orientacion-para-la-investigacion","status":"publish","type":"page","link":"https:\/\/www.upo.es\/area-historia-arte\/v-jornadas-de-orientacion-para-la-investigacion\/","title":{"rendered":"V Jornadas de orientaci\u00f3n para la investigaci\u00f3n"},"content":{"rendered":"\n<div class=\"wp-block-image\"><figure class=\"aligncenter size-large is-resized\"><img loading=\"lazy\" src=\"https:\/\/www.upo.es\/area-historia-arte\/wp-content\/uploads\/2020\/05\/V-JORNADAS-DE-ORIENTACI\u00d3N-PARA-LA-INVESTIGACI\u00d3N-2-724x1024.jpg\" alt=\"V Jornadas de orientaci\u00f3n para la investigaci\u00f3n\" class=\"wp-image-2446\" width=\"594\" height=\"840\"\/><\/figure><\/div>\n\n\n\n<p class=\"has-text-align-center\"><strong>Fecha<\/strong>: 4 de junio de 2020<\/p>\n\n\n\n<p class=\"has-text-align-center\"><strong>Lugar:<\/strong>&nbsp; v\u00eda videoconferencia<\/p>\n\n\n\n<p>Organizadas por la Facultad de Humanidades de la Universidad Pablo de Olavide, las V Jornadas de orientaci\u00f3n para la investigaci\u00f3n servir\u00e1n de gu\u00eda a aquellos que quieran iniciar una carrera investigadora. Para ello, en las distintas intervenciones se explicar\u00e1 en qu\u00e9 consiste el programa de doctorado y de qu\u00e9 becas y subvenciones podr\u00edan disfrutar los candidatos.  En la presente edici\u00f3n, participar\u00e1n Zara Ruiz Romero y Victoria S\u00e1nchez Mellado, integrantes del \u00c1rea de Historia del Arte. <\/p>\n\n\n\n<p>Debido a la situaci\u00f3n actual, las jornadas se desarrollar\u00e1n mediante videoconferencia, a trav\u00e9s de Backboard Collaborate. <\/p>\n\n\n\n<p><strong>Organizan:<\/strong><\/p>\n\n\n\n<ul><li>Prof. Miguel Cisneros Perales<\/li><li>Facultad de Humanidades, Universidad Pablo de Olavide<\/li><\/ul>\n\n\n\n<p><strong>Informaci\u00f3n e inscripci\u00f3n<\/strong>:  Entrada libre, previa inscripci\u00f3n a trav\u00e9s del siguiente enlace, <a rel=\"noreferrer noopener\" href=\"https:\/\/cutt.ly\/lyPNOu7\" target=\"_blank\">https:\/\/cutt.ly\/lyPNOu7<\/a><\/p>\n\n\n\n<p><a href=\"https:\/\/www.upo.es\/area-historia-arte\/wp-content\/uploads\/2020\/05\/V-JORNADAS-DE-ORIENTACI\u00d3N-PARA-LA-INVESTIGACI\u00d3N-2.jpg\" target=\"_blank\" rel=\"noreferrer noopener\">PROGRAMA<\/a><\/p>\n","protected":false},"excerpt":{"rendered":"<p>Fecha: 4 de junio de 2020 Lugar:&nbsp; v\u00eda videoconferencia Organizadas por la Facultad de Humanidades de la Universidad Pablo de[&#8230;]<\/p>\n","protected":false},"author":1,"featured_media":0,"parent":0,"menu_order":0,"comment_status":"closed","ping_status":"closed","template":"","meta":[],"_links":{"self":[{"href":"https:\/\/www.upo.es\/area-historia-arte\/wp-json\/wp\/v2\/pages\/2440"}],"collection":[{"href":"https:\/\/www.upo.es\/area-historia-arte\/wp-json\/wp\/v2\/pages"}],"about":[{"href":"https:\/\/www.upo.es\/area-historia-arte\/wp-json\/wp\/v2\/types\/page"}],"author":[{"embeddable":true,"href":"https:\/\/www.upo.es\/area-historia-arte\/wp-json\/wp\/v2\/users\/1"}],"replies":[{"embeddable":true,"href":"https:\/\/www.upo.es\/area-historia-arte\/wp-json\/wp\/v2\/comments?post=2440"}],"version-history":[{"count":6,"href":"https:\/\/www.upo.es\/area-historia-arte\/wp-json\/wp\/v2\/pages\/2440\/revisions"}],"predecessor-version":[{"id":2455,"href":"https:\/\/www.upo.es\/area-historia-arte\/wp-json\/wp\/v2\/pages\/2440\/revisions\/2455"}],"wp:attachment":[{"href":"https:\/\/www.upo.es\/area-historia-arte\/wp-json\/wp\/v2\/media?parent=2440"}],"curies":[{"name":"wp","href":"https:\/\/api.w.org\/{rel}","templated":true}]}}

V Jornadas de orientación para la investigación

<div class="wp-block-image"><figure class="aligncenter size-large is-resized"><img loading="lazy" src="https://www.upo.es/area-historia-arte/wp-content/uploads/2020/05/V-JORNADAS-DE-ORIENTACIÓN-PARA-LA-INVESTIGACIÓN-2-724x1024.jpg" alt="V Jornadas de orientación para la investigación" class="wp-image-2446" width="594" height="840"/></figure></div>



<p class="has-text-align-center"><strong>Fecha</strong>: 4 de junio de 2020</p>



<p class="has-text-align-center"><strong>Lugar:</strong>&nbsp; vía videoconferencia</p>



<p>Organizadas por la Facultad de Humanidades de la Universidad Pablo de Olavide, las V Jornadas de orientación para la investigación servirán de guía a aquellos que quieran iniciar una carrera investigadora. Para ello, en las distintas intervenciones se explicará en qué consiste el programa de doctorado y de qué becas y subvenciones podrían disfrutar los candidatos.  En la presente edición, participarán Zara Ruiz Romero y Victoria Sánchez Mellado, integrantes del Área de Historia del Arte. </p>



<p>Debido a la situación actual, las jornadas se desarrollarán mediante videoconferencia, a través de Backboard Collaborate. </p>



<p><strong>Organizan:</strong></p>



<ul><li>Prof. Miguel Cisneros Perales</li><li>Facultad de Humanidades, Universidad Pablo de Olavide</li></ul>



<p><strong>Información e inscripción</strong>:  Entrada libre, previa inscripción a través del siguiente enlace, <a rel="noreferrer noopener" href="https://cutt.ly/lyPNOu7" target="_blank">https://cutt.ly/lyPNOu7</a></p>



<p><a href="https://www.upo.es/area-historia-arte/wp-content/uploads/2020/05/V-JORNADAS-DE-ORIENTACIÓN-PARA-LA-INVESTIGACIÓN-2.jpg" target="_blank" rel="noreferrer noopener">PROGRAMA</a></p>

<p>Fecha: 4 de junio de 2020 Lugar:&nbsp; vía videoconferencia Organizadas por la Facultad de Humanidades de la Universidad Pablo de[&#8230;]</p>
