{"id":252,"date":"2019-03-27T19:27:31","date_gmt":"2019-03-27T18:27:31","guid":{"rendered":"https:\/\/www.upo.es\/area-historia-arte\/?page_id=252"},"modified":"2019-05-16T12:05:19","modified_gmt":"2019-05-16T10:05:19","slug":"ma-del-valle-gomez-de-terreros-guardiola-participa-en-el-seminario-internacional-catedrales-y-monasterios-en-el-patrimonio-mundial-26-29-de-noviembre-de-2013%ef%bb%bf","status":"publish","type":"page","link":"https:\/\/www.upo.es\/area-historia-arte\/ma-del-valle-gomez-de-terreros-guardiola-participa-en-el-seminario-internacional-catedrales-y-monasterios-en-el-patrimonio-mundial-26-29-de-noviembre-de-2013%ef%bb%bf\/","title":{"rendered":"M\u00aa del Valle G\u00f3mez de Terreros Guardiola participa en el Seminario Internacional \u00abCatedrales y Monasterios en el Patrimonio Mundial\u00bb"},"content":{"rendered":"\n<p><strong>El Seminario se celebrar\u00e1 los d\u00edas 26, 27, 28 y 29 de noviembre de 2013<\/strong>, de martes a viernes, siendo\u00a0<em>inauguradas por Excmo. y Rvdmo. Se\u00f1or Don Juan Jos\u00e9 Asenjo Pelegrina, arzobispo de Sevilla<\/em>\u00a0el martes 26 a las 17 horas. Se desarrollar\u00e1 en el\u00a0<em>Sal\u00f3n de Actos de la Fundaci\u00f3n Cajasol<\/em>\u00a0en su sede de la Antigua Real Audiencia en la Plaza de San Francisco.<\/p>\n\n\n\n<p>Se ha constituido\nuna Comisi\u00f3n organizadora al efecto, formada por prestigiosos especialistas,\nprovenientes tanto del \u00e1mbito eclesi\u00e1stico como del seglar.<\/p>\n\n\n\n<p>De cada uno de los distintos temas antes expuestos se ha encargado su desarrollo a ponentes concretos, especialistas y estudiosos de la materia que nos ocupa, as\u00ed como otras de car\u00e1cter gen\u00e9rico, resultando un total de&nbsp;<em>13 ponencias con una duraci\u00f3n aproximada de 40 minutos<\/em>&nbsp;cada una, cuyos textos y otros informes deben entregarse previamente a la celebraci\u00f3n de las jornadas a fin de poderlas ofrecer impresas al comienzo del Seminario. Se tiene previsto, adem\u00e1s, la constituci\u00f3n de mesas redondas entre los distintos ponentes y otros especialistas invitados al efecto.<\/p>\n\n\n\n<p><a href=\"https:\/\/www.archisevilla.org\/sevilla-acoge-el-i-seminario-internacional-sobre-catedrales-y-monasterios-patrimonio-mundial\/\">M\u00e1s informaci\u00f3n<\/a><\/p>\n","protected":false},"excerpt":{"rendered":"<p>El Seminario se celebrar\u00e1 los d\u00edas 26, 27, 28 y 29 de noviembre de 2013, de martes a viernes, siendo\u00a0inauguradas[&#8230;]<\/p>\n","protected":false},"author":1,"featured_media":0,"parent":0,"menu_order":0,"comment_status":"closed","ping_status":"closed","template":"template-fullwidth.php","meta":[],"_links":{"self":[{"href":"https:\/\/www.upo.es\/area-historia-arte\/wp-json\/wp\/v2\/pages\/252"}],"collection":[{"href":"https:\/\/www.upo.es\/area-historia-arte\/wp-json\/wp\/v2\/pages"}],"about":[{"href":"https:\/\/www.upo.es\/area-historia-arte\/wp-json\/wp\/v2\/types\/page"}],"author":[{"embeddable":true,"href":"https:\/\/www.upo.es\/area-historia-arte\/wp-json\/wp\/v2\/users\/1"}],"replies":[{"embeddable":true,"href":"https:\/\/www.upo.es\/area-historia-arte\/wp-json\/wp\/v2\/comments?post=252"}],"version-history":[{"count":4,"href":"https:\/\/www.upo.es\/area-historia-arte\/wp-json\/wp\/v2\/pages\/252\/revisions"}],"predecessor-version":[{"id":1291,"href":"https:\/\/www.upo.es\/area-historia-arte\/wp-json\/wp\/v2\/pages\/252\/revisions\/1291"}],"wp:attachment":[{"href":"https:\/\/www.upo.es\/area-historia-arte\/wp-json\/wp\/v2\/media?parent=252"}],"curies":[{"name":"wp","href":"https:\/\/api.w.org\/{rel}","templated":true}]}}

Mª del Valle Gómez de Terreros Guardiola participa en el Seminario Internacional «Catedrales y Monasterios en el Patrimonio Mundial»

<p><strong>El Seminario se celebrará los días 26, 27, 28 y 29 de noviembre de 2013</strong>, de martes a viernes, siendo <em>inauguradas por Excmo. y Rvdmo. Señor Don Juan José Asenjo Pelegrina, arzobispo de Sevilla</em> el martes 26 a las 17 horas. Se desarrollará en el <em>Salón de Actos de la Fundación Cajasol</em> en su sede de la Antigua Real Audiencia en la Plaza de San Francisco.</p>



<p>Se ha constituido
una Comisión organizadora al efecto, formada por prestigiosos especialistas,
provenientes tanto del ámbito eclesiástico como del seglar.</p>



<p>De cada uno de los distintos temas antes expuestos se ha encargado su desarrollo a ponentes concretos, especialistas y estudiosos de la materia que nos ocupa, así como otras de carácter genérico, resultando un total de&nbsp;<em>13 ponencias con una duración aproximada de 40 minutos</em>&nbsp;cada una, cuyos textos y otros informes deben entregarse previamente a la celebración de las jornadas a fin de poderlas ofrecer impresas al comienzo del Seminario. Se tiene previsto, además, la constitución de mesas redondas entre los distintos ponentes y otros especialistas invitados al efecto.</p>



<p><a href="https://www.archisevilla.org/sevilla-acoge-el-i-seminario-internacional-sobre-catedrales-y-monasterios-patrimonio-mundial/">Más información</a></p>

<p>El Seminario se celebrará los días 26, 27, 28 y 29 de noviembre de 2013, de martes a viernes, siendo inauguradas[&#8230;]</p>
