{"id":2526,"date":"2021-02-05T14:50:07","date_gmt":"2021-02-05T13:50:07","guid":{"rendered":"https:\/\/www.upo.es\/area-historia-arte\/?page_id=2526"},"modified":"2021-02-12T17:48:57","modified_gmt":"2021-02-12T16:48:57","slug":"xi-seminario-de-gestion-y-difusion-del-patrimonio-cultural-local-ser-y-estar-en-el-medio-cultural-sobre-la-imagen-la-imaginacion-y-el-imaginario","status":"publish","type":"page","link":"https:\/\/www.upo.es\/area-historia-arte\/xi-seminario-de-gestion-y-difusion-del-patrimonio-cultural-local-ser-y-estar-en-el-medio-cultural-sobre-la-imagen-la-imaginacion-y-el-imaginario\/","title":{"rendered":"XI Seminario de Gesti\u00f3n y Difusi\u00f3n del Patrimonio Cultural Local: Ser y estar en el medio cultural. Sobre la imagen, la imaginaci\u00f3n y el imaginario"},"content":{"rendered":"\n<div class=\"wp-block-image\"><figure class=\"aligncenter size-large is-resized\"><img loading=\"lazy\" src=\"https:\/\/www.upo.es\/area-historia-arte\/wp-content\/uploads\/2021\/02\/XI-Seminario-de-Gestion-y-Difusion_definitivo.jpg\" alt=\"\" class=\"wp-image-2529\" width=\"365\" height=\"575\" srcset=\"https:\/\/www.upo.es\/area-historia-arte\/wp-content\/uploads\/2021\/02\/XI-Seminario-de-Gestion-y-Difusion_definitivo.jpg 365w, https:\/\/www.upo.es\/area-historia-arte\/wp-content\/uploads\/2021\/02\/XI-Seminario-de-Gestion-y-Difusion_definitivo-190x300.jpg 190w\" sizes=\"(max-width: 365px) 100vw, 365px\" \/><figcaption>XI Seminario de Gesti\u00f3n y Difusi\u00f3n del Patrimonio Cultural Local: Ser y estar en el medio cultural. Sobre la imagen, la imaginaci\u00f3n y el imaginario<\/figcaption><\/figure><\/div>\n\n\n\n<p class=\"has-text-align-center\"><strong>Fecha<\/strong>: 4 de marzo de 2021<\/p>\n\n\n\n<p class=\"has-text-align-center\"><strong>Lugar<\/strong>: Blackboard Collaborate (virtual)<\/p>\n\n\n\n<p>El M\u00e1ster de Arte, Museos y Gesti\u00f3n del Patrimonio Hist\u00f3rico (UPO) organiza desde hace diez a\u00f1os este Seminario para que los profesionales de la Difusi\u00f3n y la Gesti\u00f3n del Patrimonio Cultural Local compartan sus experiencias con los estudiantes y con un p\u00fablico interesado.<\/p>\n\n\n\n<p><strong>Coordinaci\u00f3n acad\u00e9mica:<\/strong><\/p>\n\n\n\n<ul><li>Fernando Quiles Garc\u00eda (Universidad Pablo de Olavide)<\/li><\/ul>\n\n\n\n<p><strong>Organizan:<\/strong><\/p>\n\n\n\n<ul><li>M\u00e1ster oficial de Arte, Museos y Gesti\u00f3n del Patrimonio Hist\u00f3rico<\/li><li>\u00c1rea de Historia del Arte, Universidad Pablo de Olavide<\/li><\/ul>\n\n\n\n<p><strong>Colabora:<\/strong><\/p>\n\n\n\n<ul><li>Carmen Cruz. Stroke Art.<\/li><\/ul>\n\n\n\n<p><strong>Gesti\u00f3n y difusi\u00f3n:<\/strong><\/p>\n\n\n\n<ul><li>Enredars. Matriz de Arte y Patrimonio Iberoamericano<\/li><\/ul>\n\n\n\n<p><strong>Inscripci\u00f3n:<\/strong><\/p>\n\n\n\n<p>Tel\u00e9fono: 954349158<\/p>\n\n\n\n<p>E-mail: <a href=\"mailto:enredars@gmail.com,\">enredars@gmail.com<\/a><\/p>\n\n\n\n<p>Entrada libre hasta completar aforo.<\/p>\n\n\n\n<p><strong><a href=\"https:\/\/www.upo.es\/area-historia-arte\/wp-content\/uploads\/2020\/01\/X-Seminario-1.pdf\">P<\/a><a href=\"https:\/\/www.upo.es\/area-historia-arte\/wp-content\/uploads\/2021\/02\/XI-Seminario-de-Gestion-y-Difusion_definitivo2.pdf\" target=\"_blank\" rel=\"noreferrer noopener\">ROGRAMA<\/a><\/strong><\/p>\n","protected":false},"excerpt":{"rendered":"<p>Fecha: 4 de marzo de 2021 Lugar: Blackboard Collaborate (virtual) El M\u00e1ster de Arte, Museos y Gesti\u00f3n del Patrimonio Hist\u00f3rico[&#8230;]<\/p>\n","protected":false},"author":1,"featured_media":0,"parent":0,"menu_order":0,"comment_status":"closed","ping_status":"closed","template":"","meta":[],"_links":{"self":[{"href":"https:\/\/www.upo.es\/area-historia-arte\/wp-json\/wp\/v2\/pages\/2526"}],"collection":[{"href":"https:\/\/www.upo.es\/area-historia-arte\/wp-json\/wp\/v2\/pages"}],"about":[{"href":"https:\/\/www.upo.es\/area-historia-arte\/wp-json\/wp\/v2\/types\/page"}],"author":[{"embeddable":true,"href":"https:\/\/www.upo.es\/area-historia-arte\/wp-json\/wp\/v2\/users\/1"}],"replies":[{"embeddable":true,"href":"https:\/\/www.upo.es\/area-historia-arte\/wp-json\/wp\/v2\/comments?post=2526"}],"version-history":[{"count":4,"href":"https:\/\/www.upo.es\/area-historia-arte\/wp-json\/wp\/v2\/pages\/2526\/revisions"}],"predecessor-version":[{"id":2541,"href":"https:\/\/www.upo.es\/area-historia-arte\/wp-json\/wp\/v2\/pages\/2526\/revisions\/2541"}],"wp:attachment":[{"href":"https:\/\/www.upo.es\/area-historia-arte\/wp-json\/wp\/v2\/media?parent=2526"}],"curies":[{"name":"wp","href":"https:\/\/api.w.org\/{rel}","templated":true}]}}

XI Seminario de Gestión y Difusión del Patrimonio Cultural Local: Ser y estar en el medio cultural. Sobre la imagen, la imaginación y el imaginario

<div class="wp-block-image"><figure class="aligncenter size-large is-resized"><img loading="lazy" src="https://www.upo.es/area-historia-arte/wp-content/uploads/2021/02/XI-Seminario-de-Gestion-y-Difusion_definitivo.jpg" alt="" class="wp-image-2529" width="365" height="575" srcset="https://www.upo.es/area-historia-arte/wp-content/uploads/2021/02/XI-Seminario-de-Gestion-y-Difusion_definitivo.jpg 365w, https://www.upo.es/area-historia-arte/wp-content/uploads/2021/02/XI-Seminario-de-Gestion-y-Difusion_definitivo-190x300.jpg 190w" sizes="(max-width: 365px) 100vw, 365px" /><figcaption>XI Seminario de Gestión y Difusión del Patrimonio Cultural Local: Ser y estar en el medio cultural. Sobre la imagen, la imaginación y el imaginario</figcaption></figure></div>



<p class="has-text-align-center"><strong>Fecha</strong>: 4 de marzo de 2021</p>



<p class="has-text-align-center"><strong>Lugar</strong>: Blackboard Collaborate (virtual)</p>



<p>El Máster de Arte, Museos y Gestión del Patrimonio Histórico (UPO) organiza desde hace diez años este Seminario para que los profesionales de la Difusión y la Gestión del Patrimonio Cultural Local compartan sus experiencias con los estudiantes y con un público interesado.</p>



<p><strong>Coordinación académica:</strong></p>



<ul><li>Fernando Quiles García (Universidad Pablo de Olavide)</li></ul>



<p><strong>Organizan:</strong></p>



<ul><li>Máster oficial de Arte, Museos y Gestión del Patrimonio Histórico</li><li>Área de Historia del Arte, Universidad Pablo de Olavide</li></ul>



<p><strong>Colabora:</strong></p>



<ul><li>Carmen Cruz. Stroke Art.</li></ul>



<p><strong>Gestión y difusión:</strong></p>



<ul><li>Enredars. Matriz de Arte y Patrimonio Iberoamericano</li></ul>



<p><strong>Inscripción:</strong></p>



<p>Teléfono: 954349158</p>



<p>E-mail: <a href="mailto:enredars@gmail.com,">enredars@gmail.com</a></p>



<p>Entrada libre hasta completar aforo.</p>



<p><strong><a href="https://www.upo.es/area-historia-arte/wp-content/uploads/2020/01/X-Seminario-1.pdf">P</a><a href="https://www.upo.es/area-historia-arte/wp-content/uploads/2021/02/XI-Seminario-de-Gestion-y-Difusion_definitivo2.pdf" target="_blank" rel="noreferrer noopener">ROGRAMA</a></strong></p>

<p>Fecha: 4 de marzo de 2021 Lugar: Blackboard Collaborate (virtual) El Máster de Arte, Museos y Gestión del Patrimonio Histórico[&#8230;]</p>
