{"id":255,"date":"2019-03-27T19:30:25","date_gmt":"2019-03-27T18:30:25","guid":{"rendered":"https:\/\/www.upo.es\/area-historia-arte\/?page_id=255"},"modified":"2019-05-13T13:02:07","modified_gmt":"2019-05-13T11:02:07","slug":"abierto-el-plazo-de-preinscripcion-para-matricularse-en-el-programa-de-doctorado-historia-y-estudios-humanisticos-europa-america-arte-y-lenguas-de-la-universidad-pablo-de-olavide","status":"publish","type":"page","link":"https:\/\/www.upo.es\/area-historia-arte\/abierto-el-plazo-de-preinscripcion-para-matricularse-en-el-programa-de-doctorado-historia-y-estudios-humanisticos-europa-america-arte-y-lenguas-de-la-universidad-pablo-de-olavide\/","title":{"rendered":"Abierto el plazo de preinscripci\u00f3n para matricularse en el programa de Doctorado Historia y Estudios Human\u00edsticos: Europa, Am\u00e9rica, Arte y Lenguas de la Universidad Pablo de Olavide"},"content":{"rendered":"\n<p>Abierto el plazo de preinscripci\u00f3n para matricularse en el programa de Doctorado Historia y Estudios Human\u00edsticos: Europa, Am\u00e9rica, Arte y Lenguas de la Universidad Pablo de Olavide, 21-10-13<\/p>\n\n\n\n<p>Los tres programas de Doctorado\ndesarrollados por el&nbsp;<strong>\u00c1rea de Historia del Arte<\/strong>de la Universidad\nPablo de Olavide, titulados Historia del Arte y la Arquitectura en\nIberoam\u00e9rica, Gesti\u00f3n del Patrimonio Hist\u00f3rico e Historia del Arte y Gesti\u00f3n\ndel Patrimonio Hist\u00f3rico (2002-2012) se han incorporado al&nbsp;<strong>Doctorado en\nHistoria y Estudios Human\u00edsticos: Europa, Am\u00e9rica, Arte y Lenguas<\/strong>, en el\nmarco de la adaptaci\u00f3n del nuevo Real Decreto en vigor, el R. D. 99\/2011.<\/p>\n\n\n\n<p>Les comunicamos que a partir de\nhoy *21 de octubre y hasta el 16 de noviembre de 2013 *estar\u00e1 abierto el plazo\nde preinscripci\u00f3n para estudiantes de nuevo ingreso en los programas de\nDoctorado 2013-2014.<\/p>\n\n\n\n<p>Podr\u00e1n encontrar m\u00e1s informaci\u00f3n sobre dicha oferta y c\u00f3mo realizar la preinscripci\u00f3n a trav\u00e9s de nuestra <a href=\"http:\/\/www.upo.es\/postgrado\/doctorado\">p\u00e1gina web<\/a>. <\/p>\n\n\n\n<p>Si necesitan alguna informaci\u00f3n adicional, no\nduden en consultar con el personal del Centro de Estudios de Postgrado. Les\nrecordamos que nuestras oficinas se han trasladado al Edificio 45 1\u00aa planta.<\/p>\n\n\n\n<p>A su vez, les ofrecemos la posibilidad de seguir todas las novedades**de los postgrados de la UPO as\u00ed como posibilidades de becas, ayudas y pr\u00e1cticas a trav\u00e9s de la cuenta de<a href=\"https:\/\/www.facebook.com\/upopostgrado\"> Facebook del CEDEP.<\/a> <br><\/p>\n\n\n\n<p><strong>Enlaces de inter\u00e9s<\/strong><\/p>\n\n\n\n<ul><li><a href=\"https:\/\/www.upo.es\/postgrado\/Doctorado-Doctorado-en-Historia-y-Estudios-Humanisticos-Europa-America-Arte-y-Lenguas\">CEDEP &#8211; Centro de Estudios de Postgrado<\/a><\/li><\/ul>\n","protected":false},"excerpt":{"rendered":"<p>Abierto el plazo de preinscripci\u00f3n para matricularse en el programa de Doctorado Historia y Estudios Human\u00edsticos: Europa, Am\u00e9rica, Arte y[&#8230;]<\/p>\n","protected":false},"author":1,"featured_media":0,"parent":0,"menu_order":0,"comment_status":"closed","ping_status":"closed","template":"template-fullwidth.php","meta":[],"_links":{"self":[{"href":"https:\/\/www.upo.es\/area-historia-arte\/wp-json\/wp\/v2\/pages\/255"}],"collection":[{"href":"https:\/\/www.upo.es\/area-historia-arte\/wp-json\/wp\/v2\/pages"}],"about":[{"href":"https:\/\/www.upo.es\/area-historia-arte\/wp-json\/wp\/v2\/types\/page"}],"author":[{"embeddable":true,"href":"https:\/\/www.upo.es\/area-historia-arte\/wp-json\/wp\/v2\/users\/1"}],"replies":[{"embeddable":true,"href":"https:\/\/www.upo.es\/area-historia-arte\/wp-json\/wp\/v2\/comments?post=255"}],"version-history":[{"count":2,"href":"https:\/\/www.upo.es\/area-historia-arte\/wp-json\/wp\/v2\/pages\/255\/revisions"}],"predecessor-version":[{"id":913,"href":"https:\/\/www.upo.es\/area-historia-arte\/wp-json\/wp\/v2\/pages\/255\/revisions\/913"}],"wp:attachment":[{"href":"https:\/\/www.upo.es\/area-historia-arte\/wp-json\/wp\/v2\/media?parent=255"}],"curies":[{"name":"wp","href":"https:\/\/api.w.org\/{rel}","templated":true}]}}

Abierto el plazo de preinscripción para matricularse en el programa de Doctorado Historia y Estudios Humanísticos: Europa, América, Arte y Lenguas de la Universidad Pablo de Olavide

<p>Abierto el plazo de preinscripción para matricularse en el programa de Doctorado Historia y Estudios Humanísticos: Europa, América, Arte y Lenguas de la Universidad Pablo de Olavide, 21-10-13</p>



<p>Los tres programas de Doctorado
desarrollados por el&nbsp;<strong>Área de Historia del Arte</strong>de la Universidad
Pablo de Olavide, titulados Historia del Arte y la Arquitectura en
Iberoamérica, Gestión del Patrimonio Histórico e Historia del Arte y Gestión
del Patrimonio Histórico (2002-2012) se han incorporado al&nbsp;<strong>Doctorado en
Historia y Estudios Humanísticos: Europa, América, Arte y Lenguas</strong>, en el
marco de la adaptación del nuevo Real Decreto en vigor, el R. D. 99/2011.</p>



<p>Les comunicamos que a partir de
hoy *21 de octubre y hasta el 16 de noviembre de 2013 *estará abierto el plazo
de preinscripción para estudiantes de nuevo ingreso en los programas de
Doctorado 2013-2014.</p>



<p>Podrán encontrar más información sobre dicha oferta y cómo realizar la preinscripción a través de nuestra <a href="http://www.upo.es/postgrado/doctorado">página web</a>. </p>



<p>Si necesitan alguna información adicional, no
duden en consultar con el personal del Centro de Estudios de Postgrado. Les
recordamos que nuestras oficinas se han trasladado al Edificio 45 1ª planta.</p>



<p>A su vez, les ofrecemos la posibilidad de seguir todas las novedades**de los postgrados de la UPO así como posibilidades de becas, ayudas y prácticas a través de la cuenta de<a href="https://www.facebook.com/upopostgrado"> Facebook del CEDEP.</a> <br></p>



<p><strong>Enlaces de interés</strong></p>



<ul><li><a href="https://www.upo.es/postgrado/Doctorado-Doctorado-en-Historia-y-Estudios-Humanisticos-Europa-America-Arte-y-Lenguas">CEDEP &#8211; Centro de Estudios de Postgrado</a></li></ul>

<p>Abierto el plazo de preinscripción para matricularse en el programa de Doctorado Historia y Estudios Humanísticos: Europa, América, Arte y[&#8230;]</p>
