{"id":2571,"date":"2021-03-26T08:51:18","date_gmt":"2021-03-26T07:51:18","guid":{"rendered":"https:\/\/www.upo.es\/area-historia-arte\/?page_id=2571"},"modified":"2021-03-26T08:52:47","modified_gmt":"2021-03-26T07:52:47","slug":"x-jornada-de-orientacion-y-empleo","status":"publish","type":"page","link":"https:\/\/www.upo.es\/area-historia-arte\/x-jornada-de-orientacion-y-empleo\/","title":{"rendered":"X Jornada de Orientaci\u00f3n y Empleo"},"content":{"rendered":"\n<figure class=\"wp-block-image size-large\"><img loading=\"lazy\" width=\"724\" height=\"1024\" src=\"https:\/\/www.upo.es\/area-historia-arte\/wp-content\/uploads\/2021\/03\/Programa-X-Jornada-de-Orientacion-y-Empleo-724x1024.jpg\" alt=\"\" class=\"wp-image-2572\" srcset=\"https:\/\/www.upo.es\/area-historia-arte\/wp-content\/uploads\/2021\/03\/Programa-X-Jornada-de-Orientacion-y-Empleo-724x1024.jpg 724w, https:\/\/www.upo.es\/area-historia-arte\/wp-content\/uploads\/2021\/03\/Programa-X-Jornada-de-Orientacion-y-Empleo-212x300.jpg 212w, https:\/\/www.upo.es\/area-historia-arte\/wp-content\/uploads\/2021\/03\/Programa-X-Jornada-de-Orientacion-y-Empleo-768x1086.jpg 768w, https:\/\/www.upo.es\/area-historia-arte\/wp-content\/uploads\/2021\/03\/Programa-X-Jornada-de-Orientacion-y-Empleo-1086x1536.jpg 1086w, https:\/\/www.upo.es\/area-historia-arte\/wp-content\/uploads\/2021\/03\/Programa-X-Jornada-de-Orientacion-y-Empleo-1448x2048.jpg 1448w, https:\/\/www.upo.es\/area-historia-arte\/wp-content\/uploads\/2021\/03\/Programa-X-Jornada-de-Orientacion-y-Empleo-scaled.jpg 1810w\" sizes=\"(max-width: 724px) 100vw, 724px\" \/><figcaption>X Jornada de Orientaci\u00f3n y Empleo<\/figcaption><\/figure>\n\n\n\n<p class=\"has-text-align-center\"><strong>Fecha<\/strong>: 6 de abril de 2021<\/p>\n\n\n\n<p class=\"has-text-align-center\"><strong>Lugar<\/strong>: Blackboard Collaborate (virtual)<\/p>\n\n\n\n<p><strong>Coordinaci\u00f3n acad\u00e9mica:<\/strong><\/p>\n\n\n\n<ul><li>Francisco Ollero Lobato<\/li><li>Victoria S\u00e1nchez Mellado<\/li><\/ul>\n\n\n\n<p><strong>Organizan<\/strong>:<\/p>\n\n\n\n<ul><li>M\u00e1ster oficial Arte, Museos y Gesti\u00f3n del Patrimonio Hist\u00f3rico<\/li><li>Facultad de Humanidades, Universidad Pablo de Olavide de Sevilla<\/li><\/ul>\n\n\n\n<p><strong>Colaboran:<\/strong><\/p>\n\n\n\n<ul><li>Fundaci\u00f3n Universidad Pablo de Olavide<\/li><li>Espiral Patrimonio<\/li><li>Taracea. Conservaci\u00f3n y Restauraci\u00f3n<\/li><li>Sevilla a la carta<\/li><\/ul>\n\n\n\n<p><strong>Acceso mediante inscripci\u00f3n:<\/strong><\/p>\n\n\n\n<ul><li><a href=\"mailto:arteygenero@us.es\">vsanmel@upo.es<\/a><\/li><\/ul>\n\n\n\n<p><strong><a href=\"https:\/\/www.upo.es\/area-historia-arte\/wp-content\/uploads\/2021\/03\/Programa-X-Jornada-de-Orientacion-y-Empleo.pdf\">PROGRAMA<\/a><\/strong><\/p>\n","protected":false},"excerpt":{"rendered":"<p>Fecha: 6 de abril de 2021 Lugar: Blackboard Collaborate (virtual) Coordinaci\u00f3n acad\u00e9mica: Francisco Ollero Lobato Victoria S\u00e1nchez Mellado Organizan: M\u00e1ster[&#8230;]<\/p>\n","protected":false},"author":1,"featured_media":0,"parent":0,"menu_order":0,"comment_status":"closed","ping_status":"closed","template":"","meta":[],"_links":{"self":[{"href":"https:\/\/www.upo.es\/area-historia-arte\/wp-json\/wp\/v2\/pages\/2571"}],"collection":[{"href":"https:\/\/www.upo.es\/area-historia-arte\/wp-json\/wp\/v2\/pages"}],"about":[{"href":"https:\/\/www.upo.es\/area-historia-arte\/wp-json\/wp\/v2\/types\/page"}],"author":[{"embeddable":true,"href":"https:\/\/www.upo.es\/area-historia-arte\/wp-json\/wp\/v2\/users\/1"}],"replies":[{"embeddable":true,"href":"https:\/\/www.upo.es\/area-historia-arte\/wp-json\/wp\/v2\/comments?post=2571"}],"version-history":[{"count":2,"href":"https:\/\/www.upo.es\/area-historia-arte\/wp-json\/wp\/v2\/pages\/2571\/revisions"}],"predecessor-version":[{"id":2576,"href":"https:\/\/www.upo.es\/area-historia-arte\/wp-json\/wp\/v2\/pages\/2571\/revisions\/2576"}],"wp:attachment":[{"href":"https:\/\/www.upo.es\/area-historia-arte\/wp-json\/wp\/v2\/media?parent=2571"}],"curies":[{"name":"wp","href":"https:\/\/api.w.org\/{rel}","templated":true}]}}

X Jornada de Orientación y Empleo

<figure class="wp-block-image size-large"><img loading="lazy" width="724" height="1024" src="https://www.upo.es/area-historia-arte/wp-content/uploads/2021/03/Programa-X-Jornada-de-Orientacion-y-Empleo-724x1024.jpg" alt="" class="wp-image-2572" srcset="https://www.upo.es/area-historia-arte/wp-content/uploads/2021/03/Programa-X-Jornada-de-Orientacion-y-Empleo-724x1024.jpg 724w, https://www.upo.es/area-historia-arte/wp-content/uploads/2021/03/Programa-X-Jornada-de-Orientacion-y-Empleo-212x300.jpg 212w, https://www.upo.es/area-historia-arte/wp-content/uploads/2021/03/Programa-X-Jornada-de-Orientacion-y-Empleo-768x1086.jpg 768w, https://www.upo.es/area-historia-arte/wp-content/uploads/2021/03/Programa-X-Jornada-de-Orientacion-y-Empleo-1086x1536.jpg 1086w, https://www.upo.es/area-historia-arte/wp-content/uploads/2021/03/Programa-X-Jornada-de-Orientacion-y-Empleo-1448x2048.jpg 1448w, https://www.upo.es/area-historia-arte/wp-content/uploads/2021/03/Programa-X-Jornada-de-Orientacion-y-Empleo-scaled.jpg 1810w" sizes="(max-width: 724px) 100vw, 724px" /><figcaption>X Jornada de Orientación y Empleo</figcaption></figure>



<p class="has-text-align-center"><strong>Fecha</strong>: 6 de abril de 2021</p>



<p class="has-text-align-center"><strong>Lugar</strong>: Blackboard Collaborate (virtual)</p>



<p><strong>Coordinación académica:</strong></p>



<ul><li>Francisco Ollero Lobato</li><li>Victoria Sánchez Mellado</li></ul>



<p><strong>Organizan</strong>:</p>



<ul><li>Máster oficial Arte, Museos y Gestión del Patrimonio Histórico</li><li>Facultad de Humanidades, Universidad Pablo de Olavide de Sevilla</li></ul>



<p><strong>Colaboran:</strong></p>



<ul><li>Fundación Universidad Pablo de Olavide</li><li>Espiral Patrimonio</li><li>Taracea. Conservación y Restauración</li><li>Sevilla a la carta</li></ul>



<p><strong>Acceso mediante inscripción:</strong></p>



<ul><li><a href="mailto:arteygenero@us.es">vsanmel@upo.es</a></li></ul>



<p><strong><a href="https://www.upo.es/area-historia-arte/wp-content/uploads/2021/03/Programa-X-Jornada-de-Orientacion-y-Empleo.pdf">PROGRAMA</a></strong></p>

<p>Fecha: 6 de abril de 2021 Lugar: Blackboard Collaborate (virtual) Coordinación académica: Francisco Ollero Lobato Victoria Sánchez Mellado Organizan: Máster[&#8230;]</p>
