{"id":261,"date":"2019-03-27T19:33:58","date_gmt":"2019-03-27T18:33:58","guid":{"rendered":"https:\/\/www.upo.es\/area-historia-arte\/?page_id=261"},"modified":"2019-07-19T09:37:54","modified_gmt":"2019-07-19T07:37:54","slug":"iv-jornadas-historia-y-arte-fuentes-y-metodologias-para-la-investigacion-universidad-pablo-de-olavide-y-universidad-de-granada-febrero-marzo-2014%ef%bb%bf","status":"publish","type":"page","link":"https:\/\/www.upo.es\/area-historia-arte\/iv-jornadas-historia-y-arte-fuentes-y-metodologias-para-la-investigacion-universidad-pablo-de-olavide-y-universidad-de-granada-febrero-marzo-2014%ef%bb%bf\/","title":{"rendered":"IV Jornadas \u00abHistoria y Arte: fuentes y metodolog\u00edas para la investigaci\u00f3n\u00bb"},"content":{"rendered":"\n<p style=\"text-align:center\"><\/p>\n\n\n\n<div class=\"wp-block-image\"><figure class=\"aligncenter is-resized\"><img loading=\"lazy\" src=\"https:\/\/www.upo.es\/area-historia-arte\/wp-content\/uploads\/2019\/05\/IV-jornadas-historia-del-arte-fuentes.png\" alt=\"\" class=\"wp-image-1152\" width=\"648\" height=\"322\" srcset=\"https:\/\/www.upo.es\/area-historia-arte\/wp-content\/uploads\/2019\/05\/IV-jornadas-historia-del-arte-fuentes.png 856w, https:\/\/www.upo.es\/area-historia-arte\/wp-content\/uploads\/2019\/05\/IV-jornadas-historia-del-arte-fuentes-300x149.png 300w, https:\/\/www.upo.es\/area-historia-arte\/wp-content\/uploads\/2019\/05\/IV-jornadas-historia-del-arte-fuentes-768x381.png 768w\" sizes=\"(max-width: 648px) 100vw, 648px\" \/><\/figure><\/div>\n\n\n\n<p style=\"text-align:center\">IV Jornadas \u00abHistoria y Arte: fuentes y metodolog\u00edas para la investigaci\u00f3n\u00bb<\/p>\n\n\n\n<p style=\"text-align:center\"><strong>Fecha y lugar<\/strong>: del 14 de febrero al 12 de marzo de 2014, Universidad Pablo de Olavide. Sala de Grados, Edificio 25B &#8211; Sevilla<\/p>\n\n\n\n<p style=\"text-align:center\"><strong>Fecha y Lugar<\/strong>: del 19 de marzo al 24 de abril de 2014, Universidad de Granada. Facultad de Filosof\u00eda y Letras &#8211; Granada<\/p>\n\n\n\n<p>Las IV Jornadas de Historia y Arte: fuentes y metodolog\u00edas para la investigaci\u00f3n (curso 2013-2014) pretenden constituir un foro de debate abierto entre las dos universidades participantes, la de Granada y la Pablo de Olavide de Sevilla, y la Escuela de Estudios Hispano-Americanos (CSIC), dirigido especialmente a los alumnos y estudiantes de postgrado.<br><\/p>\n\n\n\n<p><em>Vinculado a los siguientes programas:<\/em><\/p>\n\n\n\n<p><strong>Universidad Pablo de Olavide<\/strong><\/p>\n\n\n\n<ul><li> M\u00e1ster de Europa, el Mediterr\u00e1neo y su Difusi\u00f3n Atl\u00e1ntica. M\u00e9todos y Teor\u00edas para la Investigaci\u00f3n Hist\u00f3rica. \u00c1rea de Historia Moderna.<\/li><li> M\u00e1ster de Arte, Museos y Gesti\u00f3n del Patrimonio Hist\u00f3rico. \u00c1rea de Historia del Arte.<\/li><\/ul>\n\n\n\n<p><strong>Universidad de Granada<\/strong><\/p>\n\n\n\n<ul><li>M\u00e1ster de Historia del Arte: Conocimiento y Tutela del Patrimonio Hist\u00f3rico. Departamento de Historia del Arte.<\/li><\/ul>\n\n\n\n<p><strong>Coordinaci\u00f3n acad\u00e9mica:<\/strong><\/p>\n\n\n\n<ul><li>Mar\u00eda F. Moral Jimeno (Universidad de M\u00e1laga)<\/li><li>Natalia Maillard \u00c1lvarez (Universidad Pablo de Olavide)<\/li><li>Jos\u00e9 Policarpo Cruz Cabrera (Universidad de Granada)<\/li><\/ul>\n\n\n\n<p><strong>Universidad Pablo de Olavide<\/strong><\/p>\n\n\n\n<ul><li> Mar\u00eda Moral F. Jimeno (mfmorjim@upo.es)<\/li><li> Natalia Maillard \u00c1lvarez (nmaialv@upo.es)<\/li><\/ul>\n\n\n\n<p><strong>Universidad de Granada<\/strong><\/p>\n\n\n\n<ul><li> Jos\u00e9 Policarpo Cruz (jcruz@ugr.es)<\/li><\/ul>\n\n\n\n<p><a href=\"https:\/\/www.upo.es\/area-historia-arte\/wp-content\/uploads\/2019\/03\/IV_Jornadas_Historia_y_Arte_fuentes_y_metodologias_para_la_investigacion_2014.pdf\">PROGRAMA<\/a><\/p>\n","protected":false},"excerpt":{"rendered":"<p>IV Jornadas \u00abHistoria y Arte: fuentes y metodolog\u00edas para la investigaci\u00f3n\u00bb Fecha y lugar: del 14 de febrero al 12[&#8230;]<\/p>\n","protected":false},"author":1,"featured_media":0,"parent":0,"menu_order":0,"comment_status":"closed","ping_status":"closed","template":"template-fullwidth.php","meta":[],"_links":{"self":[{"href":"https:\/\/www.upo.es\/area-historia-arte\/wp-json\/wp\/v2\/pages\/261"}],"collection":[{"href":"https:\/\/www.upo.es\/area-historia-arte\/wp-json\/wp\/v2\/pages"}],"about":[{"href":"https:\/\/www.upo.es\/area-historia-arte\/wp-json\/wp\/v2\/types\/page"}],"author":[{"embeddable":true,"href":"https:\/\/www.upo.es\/area-historia-arte\/wp-json\/wp\/v2\/users\/1"}],"replies":[{"embeddable":true,"href":"https:\/\/www.upo.es\/area-historia-arte\/wp-json\/wp\/v2\/comments?post=261"}],"version-history":[{"count":8,"href":"https:\/\/www.upo.es\/area-historia-arte\/wp-json\/wp\/v2\/pages\/261\/revisions"}],"predecessor-version":[{"id":2207,"href":"https:\/\/www.upo.es\/area-historia-arte\/wp-json\/wp\/v2\/pages\/261\/revisions\/2207"}],"wp:attachment":[{"href":"https:\/\/www.upo.es\/area-historia-arte\/wp-json\/wp\/v2\/media?parent=261"}],"curies":[{"name":"wp","href":"https:\/\/api.w.org\/{rel}","templated":true}]}}

IV Jornadas «Historia y Arte: fuentes y metodologías para la investigación»

<p style="text-align:center"></p>



<div class="wp-block-image"><figure class="aligncenter is-resized"><img loading="lazy" src="https://www.upo.es/area-historia-arte/wp-content/uploads/2019/05/IV-jornadas-historia-del-arte-fuentes.png" alt="" class="wp-image-1152" width="648" height="322" srcset="https://www.upo.es/area-historia-arte/wp-content/uploads/2019/05/IV-jornadas-historia-del-arte-fuentes.png 856w, https://www.upo.es/area-historia-arte/wp-content/uploads/2019/05/IV-jornadas-historia-del-arte-fuentes-300x149.png 300w, https://www.upo.es/area-historia-arte/wp-content/uploads/2019/05/IV-jornadas-historia-del-arte-fuentes-768x381.png 768w" sizes="(max-width: 648px) 100vw, 648px" /></figure></div>



<p style="text-align:center">IV Jornadas «Historia y Arte: fuentes y metodologías para la investigación»</p>



<p style="text-align:center"><strong>Fecha y lugar</strong>: del 14 de febrero al 12 de marzo de 2014, Universidad Pablo de Olavide. Sala de Grados, Edificio 25B &#8211; Sevilla</p>



<p style="text-align:center"><strong>Fecha y Lugar</strong>: del 19 de marzo al 24 de abril de 2014, Universidad de Granada. Facultad de Filosofía y Letras &#8211; Granada</p>



<p>Las IV Jornadas de Historia y Arte: fuentes y metodologías para la investigación (curso 2013-2014) pretenden constituir un foro de debate abierto entre las dos universidades participantes, la de Granada y la Pablo de Olavide de Sevilla, y la Escuela de Estudios Hispano-Americanos (CSIC), dirigido especialmente a los alumnos y estudiantes de postgrado.<br></p>



<p><em>Vinculado a los siguientes programas:</em></p>



<p><strong>Universidad Pablo de Olavide</strong></p>



<ul><li> Máster de Europa, el Mediterráneo y su Difusión Atlántica. Métodos y Teorías para la Investigación Histórica. Área de Historia Moderna.</li><li> Máster de Arte, Museos y Gestión del Patrimonio Histórico. Área de Historia del Arte.</li></ul>



<p><strong>Universidad de Granada</strong></p>



<ul><li>Máster de Historia del Arte: Conocimiento y Tutela del Patrimonio Histórico. Departamento de Historia del Arte.</li></ul>



<p><strong>Coordinación académica:</strong></p>



<ul><li>María F. Moral Jimeno (Universidad de Málaga)</li><li>Natalia Maillard Álvarez (Universidad Pablo de Olavide)</li><li>José Policarpo Cruz Cabrera (Universidad de Granada)</li></ul>



<p><strong>Universidad Pablo de Olavide</strong></p>



<ul><li> María Moral F. Jimeno (mfmorjim@upo.es)</li><li> Natalia Maillard Álvarez (nmaialv@upo.es)</li></ul>



<p><strong>Universidad de Granada</strong></p>



<ul><li> José Policarpo Cruz (jcruz@ugr.es)</li></ul>



<p><a href="https://www.upo.es/area-historia-arte/wp-content/uploads/2019/03/IV_Jornadas_Historia_y_Arte_fuentes_y_metodologias_para_la_investigacion_2014.pdf">PROGRAMA</a></p>

<p>IV Jornadas «Historia y Arte: fuentes y metodologías para la investigación» Fecha y lugar: del 14 de febrero al 12[&#8230;]</p>
