{"id":2620,"date":"2021-12-12T17:27:35","date_gmt":"2021-12-12T16:27:35","guid":{"rendered":"https:\/\/www.upo.es\/area-historia-arte\/?page_id=2620"},"modified":"2021-12-14T08:16:26","modified_gmt":"2021-12-14T07:16:26","slug":"seminario-de-trabajo-proyecto-idi-paidi-2021-p20_00838-atlas-historico-de-las-celebraciones-publicas-en-andalucia-durante-la-edad-moderna","status":"publish","type":"page","link":"https:\/\/www.upo.es\/area-historia-arte\/seminario-de-trabajo-proyecto-idi-paidi-2021-p20_00838-atlas-historico-de-las-celebraciones-publicas-en-andalucia-durante-la-edad-moderna\/","title":{"rendered":"Seminario de trabajo proyecto I+D+i. PAIDI 2021 P20_00838 Atlas hist\u00f3rico de las celebraciones p\u00fablicas en Andaluc\u00eda durante la Edad Moderna"},"content":{"rendered":"\n<figure class=\"wp-block-image size-large\"><img loading=\"lazy\" width=\"724\" height=\"1024\" src=\"https:\/\/www.upo.es\/area-historia-arte\/wp-content\/uploads\/2021\/12\/Programa-13-12-2021-724x1024.jpg\" alt=\"\" class=\"wp-image-2631\" srcset=\"https:\/\/www.upo.es\/area-historia-arte\/wp-content\/uploads\/2021\/12\/Programa-13-12-2021-724x1024.jpg 724w, https:\/\/www.upo.es\/area-historia-arte\/wp-content\/uploads\/2021\/12\/Programa-13-12-2021-212x300.jpg 212w, https:\/\/www.upo.es\/area-historia-arte\/wp-content\/uploads\/2021\/12\/Programa-13-12-2021-768x1086.jpg 768w, https:\/\/www.upo.es\/area-historia-arte\/wp-content\/uploads\/2021\/12\/Programa-13-12-2021-1086x1536.jpg 1086w, https:\/\/www.upo.es\/area-historia-arte\/wp-content\/uploads\/2021\/12\/Programa-13-12-2021-1448x2048.jpg 1448w, https:\/\/www.upo.es\/area-historia-arte\/wp-content\/uploads\/2021\/12\/Programa-13-12-2021.jpg 1654w\" sizes=\"(max-width: 724px) 100vw, 724px\" \/><figcaption>Seminario de trabajo proyecto I+D+i. PAIDI 2021 P20_00838 Atlas hist\u00f3rico de las celebraciones p\u00fablicas en Andaluc\u00eda durante la Edad Moderna<\/figcaption><\/figure>\n\n\n\n<p class=\"has-text-align-center\"><strong>Fecha<\/strong>: 13 de diciembre de 2021<\/p>\n\n\n\n<p class=\"has-text-align-center\"><strong>Lugar<\/strong>: Universidad Pablo de Olavide, edificio 11, seminario 2<\/p>\n\n\n\n<p><strong>Organizaci\u00f3n<\/strong>:<\/p>\n\n\n\n<ul><li>Francisco Ollero Lobato (IP)<\/li><li>Juan Manuel Barrios Roz\u00faa<\/li><li>Jos\u00e9 Peral L\u00f3pez<\/li><\/ul>\n\n\n\n<p>Actividad cofinanciada por el Fondo Europeo de Desarrollo Regional (FEDER) y por la Consejer\u00eda de Transformaci\u00f3n Econ\u00f3mica, Industria, Conocimiento y Universidades de la Junta de Andaluc\u00eda, en el marco del programa operativo FEDER Andaluc\u00eda 2014-2020 Objetivo tem\u00e1tico&nbsp; \u201c01 &#8211; Refuerzo de la investigaci\u00f3n, el desarrollo tecnol\u00f3gico y la innovaci\u00f3n\u201d a trav\u00e9s del&nbsp; proyecto de investigaci\u00f3n de referencia&nbsp; PAIDI 2021 P20_00838 Atlas hist\u00f3rico de las celebraciones p\u00fablicas en Andaluc\u00eda durante la Edad Moderna. Porcentaje de cofinanciaci\u00f3n FEDER 80%.<\/p>\n\n\n\n<p><strong><a href=\"https:\/\/www.upo.es\/area-historia-arte\/wp-content\/uploads\/2021\/12\/Programa-13-12-2021.pdf\">PROGRAMA<\/a><\/strong><\/p>\n","protected":false},"excerpt":{"rendered":"<p>Fecha: 13 de diciembre de 2021 Lugar: Universidad Pablo de Olavide, edificio 11, seminario 2 Organizaci\u00f3n: Francisco Ollero Lobato (IP)[&#8230;]<\/p>\n","protected":false},"author":1,"featured_media":0,"parent":0,"menu_order":0,"comment_status":"closed","ping_status":"closed","template":"","meta":[],"_links":{"self":[{"href":"https:\/\/www.upo.es\/area-historia-arte\/wp-json\/wp\/v2\/pages\/2620"}],"collection":[{"href":"https:\/\/www.upo.es\/area-historia-arte\/wp-json\/wp\/v2\/pages"}],"about":[{"href":"https:\/\/www.upo.es\/area-historia-arte\/wp-json\/wp\/v2\/types\/page"}],"author":[{"embeddable":true,"href":"https:\/\/www.upo.es\/area-historia-arte\/wp-json\/wp\/v2\/users\/1"}],"replies":[{"embeddable":true,"href":"https:\/\/www.upo.es\/area-historia-arte\/wp-json\/wp\/v2\/comments?post=2620"}],"version-history":[{"count":3,"href":"https:\/\/www.upo.es\/area-historia-arte\/wp-json\/wp\/v2\/pages\/2620\/revisions"}],"predecessor-version":[{"id":2632,"href":"https:\/\/www.upo.es\/area-historia-arte\/wp-json\/wp\/v2\/pages\/2620\/revisions\/2632"}],"wp:attachment":[{"href":"https:\/\/www.upo.es\/area-historia-arte\/wp-json\/wp\/v2\/media?parent=2620"}],"curies":[{"name":"wp","href":"https:\/\/api.w.org\/{rel}","templated":true}]}}

Seminario de trabajo proyecto I+D+i. PAIDI 2021 P20_00838 Atlas histórico de las celebraciones públicas en Andalucía durante la Edad Moderna

<figure class="wp-block-image size-large"><img loading="lazy" width="724" height="1024" src="https://www.upo.es/area-historia-arte/wp-content/uploads/2021/12/Programa-13-12-2021-724x1024.jpg" alt="" class="wp-image-2631" srcset="https://www.upo.es/area-historia-arte/wp-content/uploads/2021/12/Programa-13-12-2021-724x1024.jpg 724w, https://www.upo.es/area-historia-arte/wp-content/uploads/2021/12/Programa-13-12-2021-212x300.jpg 212w, https://www.upo.es/area-historia-arte/wp-content/uploads/2021/12/Programa-13-12-2021-768x1086.jpg 768w, https://www.upo.es/area-historia-arte/wp-content/uploads/2021/12/Programa-13-12-2021-1086x1536.jpg 1086w, https://www.upo.es/area-historia-arte/wp-content/uploads/2021/12/Programa-13-12-2021-1448x2048.jpg 1448w, https://www.upo.es/area-historia-arte/wp-content/uploads/2021/12/Programa-13-12-2021.jpg 1654w" sizes="(max-width: 724px) 100vw, 724px" /><figcaption>Seminario de trabajo proyecto I+D+i. PAIDI 2021 P20_00838 Atlas histórico de las celebraciones públicas en Andalucía durante la Edad Moderna</figcaption></figure>



<p class="has-text-align-center"><strong>Fecha</strong>: 13 de diciembre de 2021</p>



<p class="has-text-align-center"><strong>Lugar</strong>: Universidad Pablo de Olavide, edificio 11, seminario 2</p>



<p><strong>Organización</strong>:</p>



<ul><li>Francisco Ollero Lobato (IP)</li><li>Juan Manuel Barrios Rozúa</li><li>José Peral López</li></ul>



<p>Actividad cofinanciada por el Fondo Europeo de Desarrollo Regional (FEDER) y por la Consejería de Transformación Económica, Industria, Conocimiento y Universidades de la Junta de Andalucía, en el marco del programa operativo FEDER Andalucía 2014-2020 Objetivo temático&nbsp; “01 &#8211; Refuerzo de la investigación, el desarrollo tecnológico y la innovación” a través del&nbsp; proyecto de investigación de referencia&nbsp; PAIDI 2021 P20_00838 Atlas histórico de las celebraciones públicas en Andalucía durante la Edad Moderna. Porcentaje de cofinanciación FEDER 80%.</p>



<p><strong><a href="https://www.upo.es/area-historia-arte/wp-content/uploads/2021/12/Programa-13-12-2021.pdf">PROGRAMA</a></strong></p>

<p>Fecha: 13 de diciembre de 2021 Lugar: Universidad Pablo de Olavide, edificio 11, seminario 2 Organización: Francisco Ollero Lobato (IP)[&#8230;]</p>
