{"id":264,"date":"2019-03-27T19:35:35","date_gmt":"2019-03-27T18:35:35","guid":{"rendered":"https:\/\/www.upo.es\/area-historia-arte\/?page_id=264"},"modified":"2019-07-19T09:35:54","modified_gmt":"2019-07-19T07:35:54","slug":"ii-coloquio-internacional-de-arte-y-patrimonio-en-espana-y-america-17-y-18-de-febrero-de-2014%ef%bb%bf","status":"publish","type":"page","link":"https:\/\/www.upo.es\/area-historia-arte\/ii-coloquio-internacional-de-arte-y-patrimonio-en-espana-y-america-17-y-18-de-febrero-de-2014%ef%bb%bf\/","title":{"rendered":"II Coloquio Internacional de \u00abArte y Patrimonio en Espa\u00f1a y Am\u00e9rica\u00bb"},"content":{"rendered":"\n<p style=\"text-align:center\"><\/p>\n\n\n\n<div class=\"wp-block-image\"><figure class=\"aligncenter is-resized\"><img loading=\"lazy\" src=\"https:\/\/www.upo.es\/area-historia-arte\/wp-content\/uploads\/2019\/05\/II-coloquio-arte-y-patrimonio-espan\u0303a-y-maerica.png\" alt=\"\" class=\"wp-image-1149\" width=\"297\" height=\"510\" srcset=\"https:\/\/www.upo.es\/area-historia-arte\/wp-content\/uploads\/2019\/05\/II-coloquio-arte-y-patrimonio-espan\u0303a-y-maerica.png 365w, https:\/\/www.upo.es\/area-historia-arte\/wp-content\/uploads\/2019\/05\/II-coloquio-arte-y-patrimonio-espan\u0303a-y-maerica-175x300.png 175w\" sizes=\"(max-width: 297px) 100vw, 297px\" \/><figcaption><br><\/figcaption><\/figure><\/div>\n\n\n\n<p style=\"text-align:center\">II Coloquio Internacional \u00abArte y Patrimonio en Espa\u00f1a y Am\u00e9rica\u00bb<\/p>\n\n\n\n<p style=\"text-align:center\"><strong>Lugar y fecha<\/strong>: Escuela de Estudios Hispanoamericanos (CSIC), Sala Calder\u00f3n Quijano, 17 de febrero de 2014 &#8211; Sevilla<\/p>\n\n\n\n<p style=\"text-align:center\"><strong>Lugar y fecha:<\/strong> Universidad Pablo de Olavide, Sala de Grados del Edificio 7, 18 de febrero de 2014 &#8211; Sevilla<\/p>\n\n\n\n<p><strong>Organizan:<\/strong><\/p>\n\n\n\n<ul><li> \u00c1rea de Historia del Arte. Universidad Pablo de Olavide, Sevilla<\/li><li> M\u00e1ster Universitario en Arte, Museos y Gesti\u00f3n del Patrimonio Hist\u00f3rico, UPO<\/li><li> Escuela de Estudios Hispano &#8211; Americanos (CSIC), Sevilla<\/li><li> Unidad Asociada UPO-EEHA, Sevilla<\/li><\/ul>\n\n\n\n<p><strong>Colaboran:<\/strong><\/p>\n\n\n\n<ul><li>CEIBA. Centro de Estudios del Barroco Iberoamericano.<\/li><li>Visibilia. Red de Patrimonio Art\u00edstico de Andaluc\u00eda. Proyecto Motriz de Excelencia de la Junta de Andaluc\u00eda [P09-HUM-4523].<\/li><li>Red de Arquitectura Vern\u00e1cula Iberoamericana (Red-Avi). Proyecto de la Agencia Espa\u00f1ola de Cooperaci\u00f3n Internacional para el Desarrollo [A3\/041329\/11].<\/li><li> Museo Torres Garc\u00eda. Montevideo, Uruguay.<\/li><\/ul>\n\n\n\n<p><strong> Coordinaci\u00f3n acad\u00e9mica:<\/strong><\/p>\n\n\n\n<ul><li> Fernando Quiles Garc\u00eda (Universidad Pablo de Olavide)<\/li><li> Mar\u00eda de los \u00c1ngeles Fern\u00e1ndez Valle (Universidad Pablo de Olavide)<\/li><\/ul>\n\n\n\n<p><a href=\"https:\/\/www.upo.es\/area-historia-arte\/wp-content\/uploads\/2019\/03\/II_Coloquio_Internacional_Arte_y_Patrimonio_en_Espana_y_America_UPO_EEHA_2014.pdf\">PROGRAMA<\/a><\/p>\n","protected":false},"excerpt":{"rendered":"<p>II Coloquio Internacional \u00abArte y Patrimonio en Espa\u00f1a y Am\u00e9rica\u00bb Lugar y fecha: Escuela de Estudios Hispanoamericanos (CSIC), Sala Calder\u00f3n[&#8230;]<\/p>\n","protected":false},"author":1,"featured_media":0,"parent":0,"menu_order":0,"comment_status":"closed","ping_status":"closed","template":"template-fullwidth.php","meta":[],"_links":{"self":[{"href":"https:\/\/www.upo.es\/area-historia-arte\/wp-json\/wp\/v2\/pages\/264"}],"collection":[{"href":"https:\/\/www.upo.es\/area-historia-arte\/wp-json\/wp\/v2\/pages"}],"about":[{"href":"https:\/\/www.upo.es\/area-historia-arte\/wp-json\/wp\/v2\/types\/page"}],"author":[{"embeddable":true,"href":"https:\/\/www.upo.es\/area-historia-arte\/wp-json\/wp\/v2\/users\/1"}],"replies":[{"embeddable":true,"href":"https:\/\/www.upo.es\/area-historia-arte\/wp-json\/wp\/v2\/comments?post=264"}],"version-history":[{"count":7,"href":"https:\/\/www.upo.es\/area-historia-arte\/wp-json\/wp\/v2\/pages\/264\/revisions"}],"predecessor-version":[{"id":2206,"href":"https:\/\/www.upo.es\/area-historia-arte\/wp-json\/wp\/v2\/pages\/264\/revisions\/2206"}],"wp:attachment":[{"href":"https:\/\/www.upo.es\/area-historia-arte\/wp-json\/wp\/v2\/media?parent=264"}],"curies":[{"name":"wp","href":"https:\/\/api.w.org\/{rel}","templated":true}]}}

II Coloquio Internacional de «Arte y Patrimonio en España y América»

<p style="text-align:center"></p>



<div class="wp-block-image"><figure class="aligncenter is-resized"><img loading="lazy" src="https://www.upo.es/area-historia-arte/wp-content/uploads/2019/05/II-coloquio-arte-y-patrimonio-españa-y-maerica.png" alt="" class="wp-image-1149" width="297" height="510" srcset="https://www.upo.es/area-historia-arte/wp-content/uploads/2019/05/II-coloquio-arte-y-patrimonio-españa-y-maerica.png 365w, https://www.upo.es/area-historia-arte/wp-content/uploads/2019/05/II-coloquio-arte-y-patrimonio-españa-y-maerica-175x300.png 175w" sizes="(max-width: 297px) 100vw, 297px" /><figcaption><br></figcaption></figure></div>



<p style="text-align:center">II Coloquio Internacional «Arte y Patrimonio en España y América»</p>



<p style="text-align:center"><strong>Lugar y fecha</strong>: Escuela de Estudios Hispanoamericanos (CSIC), Sala Calderón Quijano, 17 de febrero de 2014 &#8211; Sevilla</p>



<p style="text-align:center"><strong>Lugar y fecha:</strong> Universidad Pablo de Olavide, Sala de Grados del Edificio 7, 18 de febrero de 2014 &#8211; Sevilla</p>



<p><strong>Organizan:</strong></p>



<ul><li> Área de Historia del Arte. Universidad Pablo de Olavide, Sevilla</li><li> Máster Universitario en Arte, Museos y Gestión del Patrimonio Histórico, UPO</li><li> Escuela de Estudios Hispano &#8211; Americanos (CSIC), Sevilla</li><li> Unidad Asociada UPO-EEHA, Sevilla</li></ul>



<p><strong>Colaboran:</strong></p>



<ul><li>CEIBA. Centro de Estudios del Barroco Iberoamericano.</li><li>Visibilia. Red de Patrimonio Artístico de Andalucía. Proyecto Motriz de Excelencia de la Junta de Andalucía [P09-HUM-4523].</li><li>Red de Arquitectura Vernácula Iberoamericana (Red-Avi). Proyecto de la Agencia Española de Cooperación Internacional para el Desarrollo [A3/041329/11].</li><li> Museo Torres García. Montevideo, Uruguay.</li></ul>



<p><strong> Coordinación académica:</strong></p>



<ul><li> Fernando Quiles García (Universidad Pablo de Olavide)</li><li> María de los Ángeles Fernández Valle (Universidad Pablo de Olavide)</li></ul>



<p><a href="https://www.upo.es/area-historia-arte/wp-content/uploads/2019/03/II_Coloquio_Internacional_Arte_y_Patrimonio_en_Espana_y_America_UPO_EEHA_2014.pdf">PROGRAMA</a></p>

<p>II Coloquio Internacional «Arte y Patrimonio en España y América» Lugar y fecha: Escuela de Estudios Hispanoamericanos (CSIC), Sala Calderón[&#8230;]</p>
