{"id":2651,"date":"2022-01-29T09:11:47","date_gmt":"2022-01-29T08:11:47","guid":{"rendered":"https:\/\/www.upo.es\/area-historia-arte\/?page_id=2651"},"modified":"2022-01-29T09:18:00","modified_gmt":"2022-01-29T08:18:00","slug":"xii-seminario-gestion-y-difusion-del-patrimonio-cultural-local-en-el-fondo-libros-edicion-impresion-y-comercializacion-en-la-historia-y-en-la-actualidad","status":"publish","type":"page","link":"https:\/\/www.upo.es\/area-historia-arte\/xii-seminario-gestion-y-difusion-del-patrimonio-cultural-local-en-el-fondo-libros-edicion-impresion-y-comercializacion-en-la-historia-y-en-la-actualidad\/","title":{"rendered":"XII Seminario Gesti\u00f3n y Difusi\u00f3n del Patrimonio Cultural Local. En el fondo&#8230; Libros. Edici\u00f3n, impresi\u00f3n y comercializaci\u00f3n, en la historia y en la actualidad"},"content":{"rendered":"\n<div class=\"wp-block-image\"><figure class=\"aligncenter size-large\"><img loading=\"lazy\" width=\"338\" height=\"562\" src=\"https:\/\/www.upo.es\/area-historia-arte\/wp-content\/uploads\/2022\/01\/XII-Seminario-imagen.jpg\" alt=\"\" class=\"wp-image-2656\" srcset=\"https:\/\/www.upo.es\/area-historia-arte\/wp-content\/uploads\/2022\/01\/XII-Seminario-imagen.jpg 338w, https:\/\/www.upo.es\/area-historia-arte\/wp-content\/uploads\/2022\/01\/XII-Seminario-imagen-180x300.jpg 180w\" sizes=\"(max-width: 338px) 100vw, 338px\" \/><figcaption>XII Seminario Gesti\u00f3n y Difusi\u00f3n del Patrimonio Cultural Local. En el fondo\u2026 Libros. Edici\u00f3n, impresi\u00f3n y comercializaci\u00f3n, en la historia y en la actualidad<\/figcaption><\/figure><\/div>\n\n\n\n<p class=\"has-text-align-center\"><strong>Fecha<\/strong>: 2, 3 y 9 de febrero de 2022<\/p>\n\n\n\n<p class=\"has-text-align-center\"><strong>Lugar<\/strong>: Universidad Pablo de Olavide, Sala de Centro (Lara\u00f1a,4), Sevilla, Espa\u00f1a<\/p>\n\n\n\n<p>El M\u00e1ster de Arte, Museos y Gesti\u00f3n del Patrimonio Hist\u00f3rico (UPO) organiza desde hace doce a\u00f1os este Seminario para quienes ejercen en los \u00e1mbitos de la Difusi\u00f3n y la Gesti\u00f3n del Patrimonio Cultural Local compartan sus experiencias con estudiantes y con el p\u00fablico interesado. La entrada es libre hasta completar el aforo de la sala. Y para inscribirse basta con enviar un correo a la direcci\u00f3n fquigar@upo.es, con datos personales (nombre y domicilio) y laborales (estudios o profesi\u00f3n y lugar de trabajo).<\/p>\n\n\n\n<p><strong>Coordinaci\u00f3n acad\u00e9mica:<\/strong><\/p>\n\n\n\n<ul><li>Fernando Quiles Garc\u00eda (Universidad Pablo de Olavide)<\/li><\/ul>\n\n\n\n<p><strong>Organizan:<\/strong><\/p>\n\n\n\n<ul><li>M\u00e1ster oficial en Arte, Museos y Gesti\u00f3n del Patrimonio Hist\u00f3rico<\/li><li>\u00c1rea de Historia del Arte, Universidad Pablo de Olavide, Sevilla<\/li><\/ul>\n\n\n\n<p><strong>Colabora:<\/strong><\/p>\n\n\n\n<ul><li>E. R. A. Arte, Creaci\u00f3n y Patrimonio Iberoamericanos en Redes.<\/li><\/ul>\n\n\n\n<p><strong>Gesti\u00f3n y difusi\u00f3n:<\/strong><\/p>\n\n\n\n<ul><li>Enredars. Matriz de Arte y Patrimonio Iberoamericano<\/li><\/ul>\n\n\n\n<p><strong>Inscripci\u00f3n:<\/strong><\/p>\n\n\n\n<p>Tel\u00e9fono: 954349158<\/p>\n\n\n\n<p>E-mail:<a href=\"mailto:enredars@gmail.com,\"> fquigar@upo.es<\/a><\/p>\n\n\n\n<p><strong><a href=\"https:\/\/www.upo.es\/area-historia-arte\/wp-content\/uploads\/2022\/01\/XII-Seminario-programa.pdf\">PROGRAMA<\/a><\/strong><\/p>\n","protected":false},"excerpt":{"rendered":"<p>Fecha: 2, 3 y 9 de febrero de 2022 Lugar: Universidad Pablo de Olavide, Sala de Centro (Lara\u00f1a,4), Sevilla, Espa\u00f1a[&#8230;]<\/p>\n","protected":false},"author":1,"featured_media":0,"parent":0,"menu_order":0,"comment_status":"closed","ping_status":"closed","template":"","meta":[],"_links":{"self":[{"href":"https:\/\/www.upo.es\/area-historia-arte\/wp-json\/wp\/v2\/pages\/2651"}],"collection":[{"href":"https:\/\/www.upo.es\/area-historia-arte\/wp-json\/wp\/v2\/pages"}],"about":[{"href":"https:\/\/www.upo.es\/area-historia-arte\/wp-json\/wp\/v2\/types\/page"}],"author":[{"embeddable":true,"href":"https:\/\/www.upo.es\/area-historia-arte\/wp-json\/wp\/v2\/users\/1"}],"replies":[{"embeddable":true,"href":"https:\/\/www.upo.es\/area-historia-arte\/wp-json\/wp\/v2\/comments?post=2651"}],"version-history":[{"count":2,"href":"https:\/\/www.upo.es\/area-historia-arte\/wp-json\/wp\/v2\/pages\/2651\/revisions"}],"predecessor-version":[{"id":2657,"href":"https:\/\/www.upo.es\/area-historia-arte\/wp-json\/wp\/v2\/pages\/2651\/revisions\/2657"}],"wp:attachment":[{"href":"https:\/\/www.upo.es\/area-historia-arte\/wp-json\/wp\/v2\/media?parent=2651"}],"curies":[{"name":"wp","href":"https:\/\/api.w.org\/{rel}","templated":true}]}}

XII Seminario Gestión y Difusión del Patrimonio Cultural Local. En el fondo&#8230; Libros. Edición, impresión y comercialización, en la historia y en la actualidad

<div class="wp-block-image"><figure class="aligncenter size-large"><img loading="lazy" width="338" height="562" src="https://www.upo.es/area-historia-arte/wp-content/uploads/2022/01/XII-Seminario-imagen.jpg" alt="" class="wp-image-2656" srcset="https://www.upo.es/area-historia-arte/wp-content/uploads/2022/01/XII-Seminario-imagen.jpg 338w, https://www.upo.es/area-historia-arte/wp-content/uploads/2022/01/XII-Seminario-imagen-180x300.jpg 180w" sizes="(max-width: 338px) 100vw, 338px" /><figcaption>XII Seminario Gestión y Difusión del Patrimonio Cultural Local. En el fondo… Libros. Edición, impresión y comercialización, en la historia y en la actualidad</figcaption></figure></div>



<p class="has-text-align-center"><strong>Fecha</strong>: 2, 3 y 9 de febrero de 2022</p>



<p class="has-text-align-center"><strong>Lugar</strong>: Universidad Pablo de Olavide, Sala de Centro (Laraña,4), Sevilla, España</p>



<p>El Máster de Arte, Museos y Gestión del Patrimonio Histórico (UPO) organiza desde hace doce años este Seminario para quienes ejercen en los ámbitos de la Difusión y la Gestión del Patrimonio Cultural Local compartan sus experiencias con estudiantes y con el público interesado. La entrada es libre hasta completar el aforo de la sala. Y para inscribirse basta con enviar un correo a la dirección fquigar@upo.es, con datos personales (nombre y domicilio) y laborales (estudios o profesión y lugar de trabajo).</p>



<p><strong>Coordinación académica:</strong></p>



<ul><li>Fernando Quiles García (Universidad Pablo de Olavide)</li></ul>



<p><strong>Organizan:</strong></p>



<ul><li>Máster oficial en Arte, Museos y Gestión del Patrimonio Histórico</li><li>Área de Historia del Arte, Universidad Pablo de Olavide, Sevilla</li></ul>



<p><strong>Colabora:</strong></p>



<ul><li>E. R. A. Arte, Creación y Patrimonio Iberoamericanos en Redes.</li></ul>



<p><strong>Gestión y difusión:</strong></p>



<ul><li>Enredars. Matriz de Arte y Patrimonio Iberoamericano</li></ul>



<p><strong>Inscripción:</strong></p>



<p>Teléfono: 954349158</p>



<p>E-mail:<a href="mailto:enredars@gmail.com,"> fquigar@upo.es</a></p>



<p><strong><a href="https://www.upo.es/area-historia-arte/wp-content/uploads/2022/01/XII-Seminario-programa.pdf">PROGRAMA</a></strong></p>

<p>Fecha: 2, 3 y 9 de febrero de 2022 Lugar: Universidad Pablo de Olavide, Sala de Centro (Laraña,4), Sevilla, España[&#8230;]</p>
