{"id":2671,"date":"2022-02-23T10:03:05","date_gmt":"2022-02-23T09:03:05","guid":{"rendered":"https:\/\/www.upo.es\/area-historia-arte\/?page_id=2671"},"modified":"2022-02-23T10:04:09","modified_gmt":"2022-02-23T09:04:09","slug":"capitanas-vii-jornadas-nacionales-agencia-femenina-en-la-escena-cultural-andaluza-artes-literatura-musica","status":"publish","type":"page","link":"https:\/\/www.upo.es\/area-historia-arte\/capitanas-vii-jornadas-nacionales-agencia-femenina-en-la-escena-cultural-andaluza-artes-literatura-musica\/","title":{"rendered":"Capitanas. VII Jornadas Nacionales Agencia Femenina en la Escena Cultural Andaluza. Artes-Literatura-M\u00fasica"},"content":{"rendered":"\n<div class=\"wp-block-image\"><figure class=\"aligncenter size-large\"><img loading=\"lazy\" width=\"688\" height=\"1024\" src=\"https:\/\/www.upo.es\/area-historia-arte\/wp-content\/uploads\/2022\/02\/Portada-JORNADAS-CAPITANAS-AGENCIA-FEMENINA-688x1024.jpg\" alt=\"\" class=\"wp-image-2672\" srcset=\"https:\/\/www.upo.es\/area-historia-arte\/wp-content\/uploads\/2022\/02\/Portada-JORNADAS-CAPITANAS-AGENCIA-FEMENINA-688x1024.jpg 688w, https:\/\/www.upo.es\/area-historia-arte\/wp-content\/uploads\/2022\/02\/Portada-JORNADAS-CAPITANAS-AGENCIA-FEMENINA-202x300.jpg 202w, https:\/\/www.upo.es\/area-historia-arte\/wp-content\/uploads\/2022\/02\/Portada-JORNADAS-CAPITANAS-AGENCIA-FEMENINA-768x1142.jpg 768w, https:\/\/www.upo.es\/area-historia-arte\/wp-content\/uploads\/2022\/02\/Portada-JORNADAS-CAPITANAS-AGENCIA-FEMENINA-1033x1536.jpg 1033w, https:\/\/www.upo.es\/area-historia-arte\/wp-content\/uploads\/2022\/02\/Portada-JORNADAS-CAPITANAS-AGENCIA-FEMENINA.jpg 1083w\" sizes=\"(max-width: 688px) 100vw, 688px\" \/><figcaption>Capitanas. VII Jornadas Nacionales Agencia Femenina en la Escena Cultural Andaluza. Artes-Literatura-M\u00fasica<\/figcaption><\/figure><\/div>\n\n\n\n<p class=\"has-text-align-center\"><strong>Fecha<\/strong>: 9, 10 y 11 de marzo de 2022<\/p>\n\n\n\n<p class=\"has-text-align-center\"><strong>Lugar<\/strong>: Aula Prof. Carriazo (Facultad de Geograf\u00eda e Historia, Universidad de Sevilla), Aula Olavide en Sevilla-Centro (Universidad Pablo de Olavide de Sevilla), Casa de la Provincia (Diputaci\u00f3n de Sevilla), Museo de Bellas Artes de Sevilla y Centro Andaluz de Arte Contempor\u00e1neo. Modalidad Telem\u00e1tica<\/p>\n\n\n\n<p><strong>Coordinaci\u00f3n:<\/strong><\/p>\n\n\n\n<ul><li>Ana Aranda Bernal<\/li><li>Isabel Cl\u00faa Gin\u00e9s<\/li><li>Mercedes Comellas <\/li><li>Magdalena Ill\u00e1n Mart\u00edn<\/li><\/ul>\n\n\n\n<p><strong>Secretar\u00eda t\u00e9cnica e preinscripci\u00f3n<\/strong>:<\/p>\n\n\n\n<ul><li><a href=\"mailto:agenciafemeninandaluza@us.es\">agenciafemeninandaluza@us.es<\/a><\/li><\/ul>\n\n\n\n<p><strong>Organizan:<\/strong><\/p>\n\n\n\n<ul><li>Proyecto Agencia Femenina en la Escena Cultural Andaluza (1440-1940). P20_01208. Consejer\u00eda de Transformaci\u00f3n econ\u00f3mica, Industria, Conocimiento y Universidades, Junta de Andaluc\u00eda.<\/li><li>Proyecto Vestir la casa: espacios, objetos y emociones en los siglos XV y XVI (VESCASEM). PGC2018-093835-B-100. Ministerio de Ciencia e Innovaci\u00f3n-Agencia Estatal de Investigaci\u00f3n y FEDER \u00abUna manera de hacer Europa\u00bb.<\/li><li>Proyecto Sujeto e Instituci\u00f3n Literaria en la Edad Moderna (Ministerio de Econom\u00eda y Competitividad).<\/li><\/ul>\n\n\n\n<p><strong>Colaboran:<\/strong><\/p>\n\n\n\n<ul><li>Universidad Pablo de Olavide<\/li><li>Universidad de Sevilla<\/li><li>C\u00e1tedra UNESCO CREhAR<\/li><li>Diputaci\u00f3n de Sevilla<\/li><li>Universidad Internacional Men\u00e9ndez Pelayo<\/li><\/ul>\n\n\n\n<p><strong><a href=\"https:\/\/www.upo.es\/area-historia-arte\/wp-content\/uploads\/2022\/02\/Diptico-JORNADAS-CAPITANAS-AGENCIA-FEMENINA.pdf\">PROGRAMA<\/a><\/strong><\/p>\n\n\n\n<p><strong><a href=\"https:\/\/www.upo.es\/area-historia-arte\/wp-content\/uploads\/2022\/02\/4-TEMPUS-MULIEBRE.-CONCIERTO.pdf\">PROGRAMA <\/a><\/strong>Concierto Tempus Muliebre. Predominio de la mujer en el teatro musical espa\u00f1ol en los s. XVII y XVIII. Arts<\/p>\n","protected":false},"excerpt":{"rendered":"<p>Fecha: 9, 10 y 11 de marzo de 2022 Lugar: Aula Prof. Carriazo (Facultad de Geograf\u00eda e Historia, Universidad de[&#8230;]<\/p>\n","protected":false},"author":1,"featured_media":0,"parent":0,"menu_order":0,"comment_status":"closed","ping_status":"closed","template":"","meta":[],"_links":{"self":[{"href":"https:\/\/www.upo.es\/area-historia-arte\/wp-json\/wp\/v2\/pages\/2671"}],"collection":[{"href":"https:\/\/www.upo.es\/area-historia-arte\/wp-json\/wp\/v2\/pages"}],"about":[{"href":"https:\/\/www.upo.es\/area-historia-arte\/wp-json\/wp\/v2\/types\/page"}],"author":[{"embeddable":true,"href":"https:\/\/www.upo.es\/area-historia-arte\/wp-json\/wp\/v2\/users\/1"}],"replies":[{"embeddable":true,"href":"https:\/\/www.upo.es\/area-historia-arte\/wp-json\/wp\/v2\/comments?post=2671"}],"version-history":[{"count":2,"href":"https:\/\/www.upo.es\/area-historia-arte\/wp-json\/wp\/v2\/pages\/2671\/revisions"}],"predecessor-version":[{"id":2677,"href":"https:\/\/www.upo.es\/area-historia-arte\/wp-json\/wp\/v2\/pages\/2671\/revisions\/2677"}],"wp:attachment":[{"href":"https:\/\/www.upo.es\/area-historia-arte\/wp-json\/wp\/v2\/media?parent=2671"}],"curies":[{"name":"wp","href":"https:\/\/api.w.org\/{rel}","templated":true}]}}

Capitanas. VII Jornadas Nacionales Agencia Femenina en la Escena Cultural Andaluza. Artes-Literatura-Música

<div class="wp-block-image"><figure class="aligncenter size-large"><img loading="lazy" width="688" height="1024" src="https://www.upo.es/area-historia-arte/wp-content/uploads/2022/02/Portada-JORNADAS-CAPITANAS-AGENCIA-FEMENINA-688x1024.jpg" alt="" class="wp-image-2672" srcset="https://www.upo.es/area-historia-arte/wp-content/uploads/2022/02/Portada-JORNADAS-CAPITANAS-AGENCIA-FEMENINA-688x1024.jpg 688w, https://www.upo.es/area-historia-arte/wp-content/uploads/2022/02/Portada-JORNADAS-CAPITANAS-AGENCIA-FEMENINA-202x300.jpg 202w, https://www.upo.es/area-historia-arte/wp-content/uploads/2022/02/Portada-JORNADAS-CAPITANAS-AGENCIA-FEMENINA-768x1142.jpg 768w, https://www.upo.es/area-historia-arte/wp-content/uploads/2022/02/Portada-JORNADAS-CAPITANAS-AGENCIA-FEMENINA-1033x1536.jpg 1033w, https://www.upo.es/area-historia-arte/wp-content/uploads/2022/02/Portada-JORNADAS-CAPITANAS-AGENCIA-FEMENINA.jpg 1083w" sizes="(max-width: 688px) 100vw, 688px" /><figcaption>Capitanas. VII Jornadas Nacionales Agencia Femenina en la Escena Cultural Andaluza. Artes-Literatura-Música</figcaption></figure></div>



<p class="has-text-align-center"><strong>Fecha</strong>: 9, 10 y 11 de marzo de 2022</p>



<p class="has-text-align-center"><strong>Lugar</strong>: Aula Prof. Carriazo (Facultad de Geografía e Historia, Universidad de Sevilla), Aula Olavide en Sevilla-Centro (Universidad Pablo de Olavide de Sevilla), Casa de la Provincia (Diputación de Sevilla), Museo de Bellas Artes de Sevilla y Centro Andaluz de Arte Contemporáneo. Modalidad Telemática</p>



<p><strong>Coordinación:</strong></p>



<ul><li>Ana Aranda Bernal</li><li>Isabel Clúa Ginés</li><li>Mercedes Comellas </li><li>Magdalena Illán Martín</li></ul>



<p><strong>Secretaría técnica e preinscripción</strong>:</p>



<ul><li><a href="mailto:agenciafemeninandaluza@us.es">agenciafemeninandaluza@us.es</a></li></ul>



<p><strong>Organizan:</strong></p>



<ul><li>Proyecto Agencia Femenina en la Escena Cultural Andaluza (1440-1940). P20_01208. Consejería de Transformación económica, Industria, Conocimiento y Universidades, Junta de Andalucía.</li><li>Proyecto Vestir la casa: espacios, objetos y emociones en los siglos XV y XVI (VESCASEM). PGC2018-093835-B-100. Ministerio de Ciencia e Innovación-Agencia Estatal de Investigación y FEDER «Una manera de hacer Europa».</li><li>Proyecto Sujeto e Institución Literaria en la Edad Moderna (Ministerio de Economía y Competitividad).</li></ul>



<p><strong>Colaboran:</strong></p>



<ul><li>Universidad Pablo de Olavide</li><li>Universidad de Sevilla</li><li>Cátedra UNESCO CREhAR</li><li>Diputación de Sevilla</li><li>Universidad Internacional Menéndez Pelayo</li></ul>



<p><strong><a href="https://www.upo.es/area-historia-arte/wp-content/uploads/2022/02/Diptico-JORNADAS-CAPITANAS-AGENCIA-FEMENINA.pdf">PROGRAMA</a></strong></p>



<p><strong><a href="https://www.upo.es/area-historia-arte/wp-content/uploads/2022/02/4-TEMPUS-MULIEBRE.-CONCIERTO.pdf">PROGRAMA </a></strong>Concierto Tempus Muliebre. Predominio de la mujer en el teatro musical español en los s. XVII y XVIII. Arts</p>

<p>Fecha: 9, 10 y 11 de marzo de 2022 Lugar: Aula Prof. Carriazo (Facultad de Geografía e Historia, Universidad de[&#8230;]</p>
