{"id":2696,"date":"2022-02-25T07:26:15","date_gmt":"2022-02-25T06:26:15","guid":{"rendered":"https:\/\/www.upo.es\/area-historia-arte\/?page_id=2696"},"modified":"2023-01-18T10:07:38","modified_gmt":"2023-01-18T09:07:38","slug":"seminario-horas-barrocas","status":"publish","type":"page","link":"https:\/\/www.upo.es\/area-historia-arte\/seminario-horas-barrocas\/","title":{"rendered":"Seminario \u00abHoras Barrocas\u2026\u00bb"},"content":{"rendered":"\n<figure class=\"wp-block-image size-large\"><img loading=\"lazy\" width=\"1024\" height=\"575\" src=\"https:\/\/www.upo.es\/area-historia-arte\/wp-content\/uploads\/2022\/02\/Horas-barrocas-marzo-2022-1024x575.png\" alt=\"\" class=\"wp-image-2694\" srcset=\"https:\/\/www.upo.es\/area-historia-arte\/wp-content\/uploads\/2022\/02\/Horas-barrocas-marzo-2022-1024x575.png 1024w, https:\/\/www.upo.es\/area-historia-arte\/wp-content\/uploads\/2022\/02\/Horas-barrocas-marzo-2022-300x168.png 300w, https:\/\/www.upo.es\/area-historia-arte\/wp-content\/uploads\/2022\/02\/Horas-barrocas-marzo-2022-768x431.png 768w, https:\/\/www.upo.es\/area-historia-arte\/wp-content\/uploads\/2022\/02\/Horas-barrocas-marzo-2022-1536x862.png 1536w, https:\/\/www.upo.es\/area-historia-arte\/wp-content\/uploads\/2022\/02\/Horas-barrocas-marzo-2022-2048x1149.png 2048w\" sizes=\"(max-width: 1024px) 100vw, 1024px\" \/><figcaption>Seminario \u00abHoras Barrocas\u2026\u00bb<\/figcaption><\/figure>\n\n\n\n<p class=\"has-text-align-center\"><strong>Fecha<\/strong>: 1 y 2 de marzo de 2022<\/p>\n\n\n\n<p class=\"has-text-align-center\"><strong>Lugar:<\/strong>&nbsp; Universidad Pablo de Olavide, sede Sevilla Centro, c\/ Lara\u00f1a n.\u00ba 4<\/p>\n\n\n\n<p><strong>Coordinaci\u00f3n acad\u00e9mica<\/strong>:<\/p>\n\n\n\n<ul><li>Fernando Quiles Garc\u00eda<\/li><\/ul>\n\n\n\n<p><strong>Organizan<\/strong>:<\/p>\n\n\n\n<ul><li>M\u00e1ster en Arte, Museos y Gesti\u00f3n del Patrimonio Hist\u00f3rico<\/li><li>\u00c1rea de Historia del Arte (UPO)<\/li><li>CeIBA. Centro de Estudios del Barroco Iberoamericano<\/li><\/ul>\n\n\n\n<p><strong>Informaci\u00f3n e inscripci\u00f3n<\/strong>: <a href=\"mailto:fquigar@upo.es\">fquigar@upo.es<\/a><\/p>\n\n\n\n<p><a href=\"https:\/\/www.upo.es\/area-historia-arte\/wp-content\/uploads\/2022\/02\/Horas-barrocas-marzo-2022.png\">PROGRAMA<\/a><\/p>\n","protected":false},"excerpt":{"rendered":"<p>Fecha: 1 y 2 de marzo de 2022 Lugar:&nbsp; Universidad Pablo de Olavide, sede Sevilla Centro, c\/ Lara\u00f1a n.\u00ba 4[&#8230;]<\/p>\n","protected":false},"author":1,"featured_media":0,"parent":0,"menu_order":0,"comment_status":"closed","ping_status":"closed","template":"","meta":[],"_links":{"self":[{"href":"https:\/\/www.upo.es\/area-historia-arte\/wp-json\/wp\/v2\/pages\/2696"}],"collection":[{"href":"https:\/\/www.upo.es\/area-historia-arte\/wp-json\/wp\/v2\/pages"}],"about":[{"href":"https:\/\/www.upo.es\/area-historia-arte\/wp-json\/wp\/v2\/types\/page"}],"author":[{"embeddable":true,"href":"https:\/\/www.upo.es\/area-historia-arte\/wp-json\/wp\/v2\/users\/1"}],"replies":[{"embeddable":true,"href":"https:\/\/www.upo.es\/area-historia-arte\/wp-json\/wp\/v2\/comments?post=2696"}],"version-history":[{"count":2,"href":"https:\/\/www.upo.es\/area-historia-arte\/wp-json\/wp\/v2\/pages\/2696\/revisions"}],"predecessor-version":[{"id":2872,"href":"https:\/\/www.upo.es\/area-historia-arte\/wp-json\/wp\/v2\/pages\/2696\/revisions\/2872"}],"wp:attachment":[{"href":"https:\/\/www.upo.es\/area-historia-arte\/wp-json\/wp\/v2\/media?parent=2696"}],"curies":[{"name":"wp","href":"https:\/\/api.w.org\/{rel}","templated":true}]}}

<figure class="wp-block-image size-large"><img loading="lazy" width="1024" height="575" src="https://www.upo.es/area-historia-arte/wp-content/uploads/2022/02/Horas-barrocas-marzo-2022-1024x575.png" alt="" class="wp-image-2694" srcset="https://www.upo.es/area-historia-arte/wp-content/uploads/2022/02/Horas-barrocas-marzo-2022-1024x575.png 1024w, https://www.upo.es/area-historia-arte/wp-content/uploads/2022/02/Horas-barrocas-marzo-2022-300x168.png 300w, https://www.upo.es/area-historia-arte/wp-content/uploads/2022/02/Horas-barrocas-marzo-2022-768x431.png 768w, https://www.upo.es/area-historia-arte/wp-content/uploads/2022/02/Horas-barrocas-marzo-2022-1536x862.png 1536w, https://www.upo.es/area-historia-arte/wp-content/uploads/2022/02/Horas-barrocas-marzo-2022-2048x1149.png 2048w" sizes="(max-width: 1024px) 100vw, 1024px" /><figcaption>Seminario «Horas Barrocas…»</figcaption></figure>



<p class="has-text-align-center"><strong>Fecha</strong>: 1 y 2 de marzo de 2022</p>



<p class="has-text-align-center"><strong>Lugar:</strong>&nbsp; Universidad Pablo de Olavide, sede Sevilla Centro, c/ Laraña n.º 4</p>



<p><strong>Coordinación académica</strong>:</p>



<ul><li>Fernando Quiles García</li></ul>



<p><strong>Organizan</strong>:</p>



<ul><li>Máster en Arte, Museos y Gestión del Patrimonio Histórico</li><li>Área de Historia del Arte (UPO)</li><li>CeIBA. Centro de Estudios del Barroco Iberoamericano</li></ul>



<p><strong>Información e inscripción</strong>: <a href="mailto:fquigar@upo.es">fquigar@upo.es</a></p>



<p><a href="https://www.upo.es/area-historia-arte/wp-content/uploads/2022/02/Horas-barrocas-marzo-2022.png">PROGRAMA</a></p>

<p>Fecha: 1 y 2 de marzo de 2022 Lugar:&nbsp; Universidad Pablo de Olavide, sede Sevilla Centro, c/ Laraña n.º 4[&#8230;]</p>
