{"id":272,"date":"2019-03-31T12:48:35","date_gmt":"2019-03-31T10:48:35","guid":{"rendered":"https:\/\/www.upo.es\/area-historia-arte\/?page_id=272"},"modified":"2019-07-16T13:10:56","modified_gmt":"2019-07-16T11:10:56","slug":"solemne-acto-de-investidura-de-doctor-honoris-causa-a-don-ramon-gutierrez-26-de-febrero-de-2014-universidad-pablo-de-olavide","status":"publish","type":"page","link":"https:\/\/www.upo.es\/area-historia-arte\/solemne-acto-de-investidura-de-doctor-honoris-causa-a-don-ramon-gutierrez-26-de-febrero-de-2014-universidad-pablo-de-olavide\/","title":{"rendered":"Solemne Acto de Investidura de Doctor Honoris Causa a Don Ram\u00f3n Guti\u00e9rrez, 26 de febrero de 2014, Universidad Pablo de Olavide"},"content":{"rendered":"\n<p><\/p>\n\n\n\n<div class=\"wp-block-image\"><figure class=\"aligncenter is-resized\"><img loading=\"lazy\" src=\"https:\/\/www.upo.es\/area-historia-arte\/wp-content\/uploads\/2019\/05\/Doctor_Honoris_Causa_Ramon_Gutierrez_UPO_2014.jpg\" alt=\"\" class=\"wp-image-1145\" width=\"459\" height=\"395\" srcset=\"https:\/\/www.upo.es\/area-historia-arte\/wp-content\/uploads\/2019\/05\/Doctor_Honoris_Causa_Ramon_Gutierrez_UPO_2014.jpg 932w, https:\/\/www.upo.es\/area-historia-arte\/wp-content\/uploads\/2019\/05\/Doctor_Honoris_Causa_Ramon_Gutierrez_UPO_2014-300x259.jpg 300w, https:\/\/www.upo.es\/area-historia-arte\/wp-content\/uploads\/2019\/05\/Doctor_Honoris_Causa_Ramon_Gutierrez_UPO_2014-768x663.jpg 768w\" sizes=\"(max-width: 459px) 100vw, 459px\" \/><\/figure><\/div>\n\n\n\n<p>El arquitecto e\nhistoriador Ram\u00f3n Guti\u00e9rrez ser\u00e1 nombrado&nbsp;<strong>Doctor Honoris Causa<\/strong>por\nla Universidad Pablo de Olavide de Sevilla el pr\u00f3ximo&nbsp;<strong>mi\u00e9rcoles 26 de\nfebrero a las 12:30 h<\/strong>.<\/p>\n\n\n\n<p>Desde el Departamento de Geograf\u00eda, Historia y Filosof\u00eda y el \u00c1rea de Historia del Arte les invitamos al acto de investidura de tan reconocido especialista en la historia de la arquitectura y el urbanismo de Latinoam\u00e9rica.<\/p>\n\n\n\n<p><a href=\"https:\/\/www.upo.es\/area-historia-arte\/wp-content\/uploads\/2019\/03\/Resumen_CV_prof._Ramon_Gutierrez.pdf\">CV de D. Ram\u00f3n Rodr\u00edguez<\/a><\/p>\n","protected":false},"excerpt":{"rendered":"<p>El arquitecto e historiador Ram\u00f3n Guti\u00e9rrez ser\u00e1 nombrado&nbsp;Doctor Honoris Causapor la Universidad Pablo de Olavide de Sevilla el pr\u00f3ximo&nbsp;mi\u00e9rcoles 26[&#8230;]<\/p>\n","protected":false},"author":1,"featured_media":0,"parent":0,"menu_order":0,"comment_status":"closed","ping_status":"closed","template":"template-fullwidth.php","meta":[],"_links":{"self":[{"href":"https:\/\/www.upo.es\/area-historia-arte\/wp-json\/wp\/v2\/pages\/272"}],"collection":[{"href":"https:\/\/www.upo.es\/area-historia-arte\/wp-json\/wp\/v2\/pages"}],"about":[{"href":"https:\/\/www.upo.es\/area-historia-arte\/wp-json\/wp\/v2\/types\/page"}],"author":[{"embeddable":true,"href":"https:\/\/www.upo.es\/area-historia-arte\/wp-json\/wp\/v2\/users\/1"}],"replies":[{"embeddable":true,"href":"https:\/\/www.upo.es\/area-historia-arte\/wp-json\/wp\/v2\/comments?post=272"}],"version-history":[{"count":3,"href":"https:\/\/www.upo.es\/area-historia-arte\/wp-json\/wp\/v2\/pages\/272\/revisions"}],"predecessor-version":[{"id":2034,"href":"https:\/\/www.upo.es\/area-historia-arte\/wp-json\/wp\/v2\/pages\/272\/revisions\/2034"}],"wp:attachment":[{"href":"https:\/\/www.upo.es\/area-historia-arte\/wp-json\/wp\/v2\/media?parent=272"}],"curies":[{"name":"wp","href":"https:\/\/api.w.org\/{rel}","templated":true}]}}

Solemne Acto de Investidura de Doctor Honoris Causa a Don Ramón Gutiérrez, 26 de febrero de 2014, Universidad Pablo de Olavide

<p></p>



<div class="wp-block-image"><figure class="aligncenter is-resized"><img loading="lazy" src="https://www.upo.es/area-historia-arte/wp-content/uploads/2019/05/Doctor_Honoris_Causa_Ramon_Gutierrez_UPO_2014.jpg" alt="" class="wp-image-1145" width="459" height="395" srcset="https://www.upo.es/area-historia-arte/wp-content/uploads/2019/05/Doctor_Honoris_Causa_Ramon_Gutierrez_UPO_2014.jpg 932w, https://www.upo.es/area-historia-arte/wp-content/uploads/2019/05/Doctor_Honoris_Causa_Ramon_Gutierrez_UPO_2014-300x259.jpg 300w, https://www.upo.es/area-historia-arte/wp-content/uploads/2019/05/Doctor_Honoris_Causa_Ramon_Gutierrez_UPO_2014-768x663.jpg 768w" sizes="(max-width: 459px) 100vw, 459px" /></figure></div>



<p>El arquitecto e
historiador Ramón Gutiérrez será nombrado&nbsp;<strong>Doctor Honoris Causa</strong>por
la Universidad Pablo de Olavide de Sevilla el próximo&nbsp;<strong>miércoles 26 de
febrero a las 12:30 h</strong>.</p>



<p>Desde el Departamento de Geografía, Historia y Filosofía y el Área de Historia del Arte les invitamos al acto de investidura de tan reconocido especialista en la historia de la arquitectura y el urbanismo de Latinoamérica.</p>



<p><a href="https://www.upo.es/area-historia-arte/wp-content/uploads/2019/03/Resumen_CV_prof._Ramon_Gutierrez.pdf">CV de D. Ramón Rodríguez</a></p>

<p>El arquitecto e historiador Ramón Gutiérrez será nombrado&nbsp;Doctor Honoris Causapor la Universidad Pablo de Olavide de Sevilla el próximo&nbsp;miércoles 26[&#8230;]</p>
