{"id":2863,"date":"2023-01-18T09:57:29","date_gmt":"2023-01-18T08:57:29","guid":{"rendered":"https:\/\/www.upo.es\/area-historia-arte\/?page_id=2863"},"modified":"2023-01-18T09:59:36","modified_gmt":"2023-01-18T08:59:36","slug":"seminario-horas-barrocas-3","status":"publish","type":"page","link":"https:\/\/www.upo.es\/area-historia-arte\/seminario-horas-barrocas-3\/","title":{"rendered":"Seminario \u00abHoras Barrocas\u2026\u00bb"},"content":{"rendered":"\n<div class=\"wp-block-image\"><figure class=\"aligncenter size-large is-resized\"><img loading=\"lazy\" src=\"https:\/\/www.upo.es\/area-historia-arte\/wp-content\/uploads\/2023\/01\/Seminario-Horas-Barrocas-ener-de-2023_portada-1024x573.jpg\" alt=\"\" class=\"wp-image-2861\" width=\"589\" height=\"329\" srcset=\"https:\/\/www.upo.es\/area-historia-arte\/wp-content\/uploads\/2023\/01\/Seminario-Horas-Barrocas-ener-de-2023_portada-1024x573.jpg 1024w, https:\/\/www.upo.es\/area-historia-arte\/wp-content\/uploads\/2023\/01\/Seminario-Horas-Barrocas-ener-de-2023_portada-300x168.jpg 300w, https:\/\/www.upo.es\/area-historia-arte\/wp-content\/uploads\/2023\/01\/Seminario-Horas-Barrocas-ener-de-2023_portada-768x430.jpg 768w, https:\/\/www.upo.es\/area-historia-arte\/wp-content\/uploads\/2023\/01\/Seminario-Horas-Barrocas-ener-de-2023_portada.jpg 1164w\" sizes=\"(max-width: 589px) 100vw, 589px\" \/><figcaption>Seminario \u00abHoras Barrocas\u2026\u00bb<\/figcaption><\/figure><\/div>\n\n\n\n<p class=\"has-text-align-center\"><strong>Fecha<\/strong>: 18 y 20 de enero de 2023<\/p>\n\n\n\n<p class=\"has-text-align-center\"><strong>Lugar:<\/strong>&nbsp; Universidad Pablo de Olavide, edificio 45, aula 110<\/p>\n\n\n\n<p><strong>Coordinaci\u00f3n acad\u00e9mica<\/strong>:<\/p>\n\n\n\n<ul><li>Mar\u00eda Siquier Herrera (UPO)<\/li><\/ul>\n\n\n\n<p><strong>Organizan<\/strong>:<\/p>\n\n\n\n<ul><li>M\u00e1ster en Arte, Museos y Gesti\u00f3n del Patrimonio Hist\u00f3rico<\/li><li>CeIBA. Centro de Estudios del Barroco Iberoamericano<\/li><li>\u00c1rea de Historia del Arte (UPO)<\/li><\/ul>\n\n\n\n<p><strong>Informaci\u00f3n e inscripci\u00f3n<\/strong>: <a href=\"mailto:mariasiquierherrera@gmail.com\">mariasiquierherrera@gmail.com<\/a><\/p>\n\n\n\n<p><a href=\"https:\/\/www.upo.es\/area-historia-arte\/wp-content\/uploads\/2023\/01\/Seminario-Horas-Barrocas-ener-de-2023_programa.pdf\">PROGRAMA<\/a><\/p>\n","protected":false},"excerpt":{"rendered":"<p>Fecha: 18 y 20 de enero de 2023 Lugar:&nbsp; Universidad Pablo de Olavide, edificio 45, aula 110 Coordinaci\u00f3n acad\u00e9mica: Mar\u00eda[&#8230;]<\/p>\n","protected":false},"author":1,"featured_media":0,"parent":0,"menu_order":0,"comment_status":"closed","ping_status":"closed","template":"","meta":[],"_links":{"self":[{"href":"https:\/\/www.upo.es\/area-historia-arte\/wp-json\/wp\/v2\/pages\/2863"}],"collection":[{"href":"https:\/\/www.upo.es\/area-historia-arte\/wp-json\/wp\/v2\/pages"}],"about":[{"href":"https:\/\/www.upo.es\/area-historia-arte\/wp-json\/wp\/v2\/types\/page"}],"author":[{"embeddable":true,"href":"https:\/\/www.upo.es\/area-historia-arte\/wp-json\/wp\/v2\/users\/1"}],"replies":[{"embeddable":true,"href":"https:\/\/www.upo.es\/area-historia-arte\/wp-json\/wp\/v2\/comments?post=2863"}],"version-history":[{"count":2,"href":"https:\/\/www.upo.es\/area-historia-arte\/wp-json\/wp\/v2\/pages\/2863\/revisions"}],"predecessor-version":[{"id":2867,"href":"https:\/\/www.upo.es\/area-historia-arte\/wp-json\/wp\/v2\/pages\/2863\/revisions\/2867"}],"wp:attachment":[{"href":"https:\/\/www.upo.es\/area-historia-arte\/wp-json\/wp\/v2\/media?parent=2863"}],"curies":[{"name":"wp","href":"https:\/\/api.w.org\/{rel}","templated":true}]}}

<div class="wp-block-image"><figure class="aligncenter size-large is-resized"><img loading="lazy" src="https://www.upo.es/area-historia-arte/wp-content/uploads/2023/01/Seminario-Horas-Barrocas-ener-de-2023_portada-1024x573.jpg" alt="" class="wp-image-2861" width="589" height="329" srcset="https://www.upo.es/area-historia-arte/wp-content/uploads/2023/01/Seminario-Horas-Barrocas-ener-de-2023_portada-1024x573.jpg 1024w, https://www.upo.es/area-historia-arte/wp-content/uploads/2023/01/Seminario-Horas-Barrocas-ener-de-2023_portada-300x168.jpg 300w, https://www.upo.es/area-historia-arte/wp-content/uploads/2023/01/Seminario-Horas-Barrocas-ener-de-2023_portada-768x430.jpg 768w, https://www.upo.es/area-historia-arte/wp-content/uploads/2023/01/Seminario-Horas-Barrocas-ener-de-2023_portada.jpg 1164w" sizes="(max-width: 589px) 100vw, 589px" /><figcaption>Seminario «Horas Barrocas…»</figcaption></figure></div>



<p class="has-text-align-center"><strong>Fecha</strong>: 18 y 20 de enero de 2023</p>



<p class="has-text-align-center"><strong>Lugar:</strong>&nbsp; Universidad Pablo de Olavide, edificio 45, aula 110</p>



<p><strong>Coordinación académica</strong>:</p>



<ul><li>María Siquier Herrera (UPO)</li></ul>



<p><strong>Organizan</strong>:</p>



<ul><li>Máster en Arte, Museos y Gestión del Patrimonio Histórico</li><li>CeIBA. Centro de Estudios del Barroco Iberoamericano</li><li>Área de Historia del Arte (UPO)</li></ul>



<p><strong>Información e inscripción</strong>: <a href="mailto:mariasiquierherrera@gmail.com">mariasiquierherrera@gmail.com</a></p>



<p><a href="https://www.upo.es/area-historia-arte/wp-content/uploads/2023/01/Seminario-Horas-Barrocas-ener-de-2023_programa.pdf">PROGRAMA</a></p>

<p>Fecha: 18 y 20 de enero de 2023 Lugar:&nbsp; Universidad Pablo de Olavide, edificio 45, aula 110 Coordinación académica: María[&#8230;]</p>
