{"id":2918,"date":"2023-02-15T10:33:48","date_gmt":"2023-02-15T09:33:48","guid":{"rendered":"https:\/\/www.upo.es\/area-historia-arte\/?page_id=2918"},"modified":"2023-02-15T10:33:48","modified_gmt":"2023-02-15T09:33:48","slug":"seminario-apropiaciones-indebidas-disyuntivas-para-una-historia-del-arte-del-siglo-xxi","status":"publish","type":"page","link":"https:\/\/www.upo.es\/area-historia-arte\/seminario-apropiaciones-indebidas-disyuntivas-para-una-historia-del-arte-del-siglo-xxi\/","title":{"rendered":"Seminario Apropiaciones (in)debidas. Disyuntivas para una Historia del Arte del siglo XXI"},"content":{"rendered":"\n<div class=\"wp-block-image\"><figure class=\"aligncenter size-large is-resized\"><a href=\"https:\/\/www.upo.es\/area-historia-arte\/wp-content\/uploads\/2023\/02\/Seminario-Apropiaciones.jpeg\"><img loading=\"lazy\" src=\"https:\/\/www.upo.es\/area-historia-arte\/wp-content\/uploads\/2023\/02\/Seminario-Apropiaciones-1024x654.jpeg\" alt=\"\" class=\"wp-image-2916\" width=\"721\" height=\"460\" srcset=\"https:\/\/www.upo.es\/area-historia-arte\/wp-content\/uploads\/2023\/02\/Seminario-Apropiaciones-1024x654.jpeg 1024w, https:\/\/www.upo.es\/area-historia-arte\/wp-content\/uploads\/2023\/02\/Seminario-Apropiaciones-300x192.jpeg 300w, https:\/\/www.upo.es\/area-historia-arte\/wp-content\/uploads\/2023\/02\/Seminario-Apropiaciones-768x491.jpeg 768w, https:\/\/www.upo.es\/area-historia-arte\/wp-content\/uploads\/2023\/02\/Seminario-Apropiaciones-1536x981.jpeg 1536w, https:\/\/www.upo.es\/area-historia-arte\/wp-content\/uploads\/2023\/02\/Seminario-Apropiaciones-2048x1309.jpeg 2048w\" sizes=\"(max-width: 721px) 100vw, 721px\" \/><\/a><figcaption>Seminario Apropiaciones (in)debidas. Disyuntivas para una Historia del Arte del siglo XXI<\/figcaption><\/figure><\/div>\n\n\n\n<p class=\"has-text-align-center\"><strong>Fecha<\/strong>: 15 y 16 de febrero de 2023<\/p>\n\n\n\n<p class=\"has-text-align-center\"><strong>Lugar:<\/strong>&nbsp; Universidad Pablo de Olavide, edificio 45, aula 110<\/p>\n\n\n\n<p><strong>Coordinaci\u00f3n acad\u00e9mica<\/strong>:<\/p>\n\n\n\n<ul><li>Mar\u00eda Siquier Herrera (UPO)<\/li><\/ul>\n\n\n\n<p><strong>Organizan<\/strong>:<\/p>\n\n\n\n<ul><li>M\u00e1ster en Arte, Museos y Gesti\u00f3n del Patrimonio Hist\u00f3rico<\/li><li>\u00c1rea de Historia del Arte (UPO)<\/li><\/ul>\n\n\n\n<p><strong>Informaci\u00f3n e inscripci\u00f3n<\/strong>: <a href=\"mailto:mariasiquierherrera@gmail.com\">mariasiquierherrera@gmail.com<\/a><\/p>\n\n\n\n<p><a href=\"https:\/\/www.upo.es\/area-historia-arte\/wp-content\/uploads\/2023\/02\/Seminario-Apropiaciones.jpeg\">PROGRAMA<\/a><\/p>\n","protected":false},"excerpt":{"rendered":"<p>Fecha: 15 y 16 de febrero de 2023 Lugar:&nbsp; Universidad Pablo de Olavide, edificio 45, aula 110 Coordinaci\u00f3n acad\u00e9mica: Mar\u00eda[&#8230;]<\/p>\n","protected":false},"author":1,"featured_media":0,"parent":0,"menu_order":0,"comment_status":"closed","ping_status":"closed","template":"","meta":[],"_links":{"self":[{"href":"https:\/\/www.upo.es\/area-historia-arte\/wp-json\/wp\/v2\/pages\/2918"}],"collection":[{"href":"https:\/\/www.upo.es\/area-historia-arte\/wp-json\/wp\/v2\/pages"}],"about":[{"href":"https:\/\/www.upo.es\/area-historia-arte\/wp-json\/wp\/v2\/types\/page"}],"author":[{"embeddable":true,"href":"https:\/\/www.upo.es\/area-historia-arte\/wp-json\/wp\/v2\/users\/1"}],"replies":[{"embeddable":true,"href":"https:\/\/www.upo.es\/area-historia-arte\/wp-json\/wp\/v2\/comments?post=2918"}],"version-history":[{"count":1,"href":"https:\/\/www.upo.es\/area-historia-arte\/wp-json\/wp\/v2\/pages\/2918\/revisions"}],"predecessor-version":[{"id":2919,"href":"https:\/\/www.upo.es\/area-historia-arte\/wp-json\/wp\/v2\/pages\/2918\/revisions\/2919"}],"wp:attachment":[{"href":"https:\/\/www.upo.es\/area-historia-arte\/wp-json\/wp\/v2\/media?parent=2918"}],"curies":[{"name":"wp","href":"https:\/\/api.w.org\/{rel}","templated":true}]}}

<div class="wp-block-image"><figure class="aligncenter size-large is-resized"><a href="https://www.upo.es/area-historia-arte/wp-content/uploads/2023/02/Seminario-Apropiaciones.jpeg"><img loading="lazy" src="https://www.upo.es/area-historia-arte/wp-content/uploads/2023/02/Seminario-Apropiaciones-1024x654.jpeg" alt="" class="wp-image-2916" width="721" height="460" srcset="https://www.upo.es/area-historia-arte/wp-content/uploads/2023/02/Seminario-Apropiaciones-1024x654.jpeg 1024w, https://www.upo.es/area-historia-arte/wp-content/uploads/2023/02/Seminario-Apropiaciones-300x192.jpeg 300w, https://www.upo.es/area-historia-arte/wp-content/uploads/2023/02/Seminario-Apropiaciones-768x491.jpeg 768w, https://www.upo.es/area-historia-arte/wp-content/uploads/2023/02/Seminario-Apropiaciones-1536x981.jpeg 1536w, https://www.upo.es/area-historia-arte/wp-content/uploads/2023/02/Seminario-Apropiaciones-2048x1309.jpeg 2048w" sizes="(max-width: 721px) 100vw, 721px" /></a><figcaption>Seminario Apropiaciones (in)debidas. Disyuntivas para una Historia del Arte del siglo XXI</figcaption></figure></div>



<p class="has-text-align-center"><strong>Fecha</strong>: 15 y 16 de febrero de 2023</p>



<p class="has-text-align-center"><strong>Lugar:</strong>&nbsp; Universidad Pablo de Olavide, edificio 45, aula 110</p>



<p><strong>Coordinación académica</strong>:</p>



<ul><li>María Siquier Herrera (UPO)</li></ul>



<p><strong>Organizan</strong>:</p>



<ul><li>Máster en Arte, Museos y Gestión del Patrimonio Histórico</li><li>Área de Historia del Arte (UPO)</li></ul>



<p><strong>Información e inscripción</strong>: <a href="mailto:mariasiquierherrera@gmail.com">mariasiquierherrera@gmail.com</a></p>



<p><a href="https://www.upo.es/area-historia-arte/wp-content/uploads/2023/02/Seminario-Apropiaciones.jpeg">PROGRAMA</a></p>

<p>Fecha: 15 y 16 de febrero de 2023 Lugar:&nbsp; Universidad Pablo de Olavide, edificio 45, aula 110 Coordinación académica: María[&#8230;]</p>
