{"id":2939,"date":"2023-02-27T15:16:54","date_gmt":"2023-02-27T14:16:54","guid":{"rendered":"https:\/\/www.upo.es\/area-historia-arte\/?page_id=2939"},"modified":"2023-02-27T15:17:27","modified_gmt":"2023-02-27T14:17:27","slug":"xiii-seminario-de-gestion-y-difusion-del-patrimonio-cultural-local-en-el-fondo-libros-y-ahora-reguera","status":"publish","type":"page","link":"https:\/\/www.upo.es\/area-historia-arte\/xiii-seminario-de-gestion-y-difusion-del-patrimonio-cultural-local-en-el-fondo-libros-y-ahora-reguera\/","title":{"rendered":"XIII Seminario de Gesti\u00f3n y Difusi\u00f3n del Patrimonio Cultural Local. En el fondo, libros. Y ahora Reguera&#8230;"},"content":{"rendered":"\n<div class=\"wp-block-image\"><figure class=\"aligncenter size-large is-resized\"><a href=\"https:\/\/www.upo.es\/area-historia-arte\/wp-content\/uploads\/2023\/02\/XIII-SEMINARIO.pdf\"><img loading=\"lazy\" src=\"https:\/\/www.upo.es\/area-historia-arte\/wp-content\/uploads\/2023\/02\/XIII-SEMINARIO_portada-entera-722x1024.jpg\" alt=\"\" class=\"wp-image-2940\" width=\"315\" height=\"447\" srcset=\"https:\/\/www.upo.es\/area-historia-arte\/wp-content\/uploads\/2023\/02\/XIII-SEMINARIO_portada-entera-722x1024.jpg 722w, https:\/\/www.upo.es\/area-historia-arte\/wp-content\/uploads\/2023\/02\/XIII-SEMINARIO_portada-entera-212x300.jpg 212w, https:\/\/www.upo.es\/area-historia-arte\/wp-content\/uploads\/2023\/02\/XIII-SEMINARIO_portada-entera-768x1089.jpg 768w, https:\/\/www.upo.es\/area-historia-arte\/wp-content\/uploads\/2023\/02\/XIII-SEMINARIO_portada-entera-1083x1536.jpg 1083w, https:\/\/www.upo.es\/area-historia-arte\/wp-content\/uploads\/2023\/02\/XIII-SEMINARIO_portada-entera-1444x2048.jpg 1444w, https:\/\/www.upo.es\/area-historia-arte\/wp-content\/uploads\/2023\/02\/XIII-SEMINARIO_portada-entera-scaled.jpg 1805w\" sizes=\"(max-width: 315px) 100vw, 315px\" \/><\/a><figcaption>XIII Seminario de Gesti\u00f3n y Difusi\u00f3n del Patrimonio Cultural Local. En el fondo, libros. Y ahora Reguera\u2026<\/figcaption><\/figure><\/div>\n\n\n\n<p class=\"has-text-align-center\"><strong>Fecha<\/strong>: 2 y 3 de marzo de 2023<\/p>\n\n\n\n<p class=\"has-text-align-center\"><strong>Lugar<\/strong>: Casa de la Provincia, plaza del Triunfo, Sevilla<\/p>\n\n\n\n<p>El M\u00e1ster de Arte, Museos y Gesti\u00f3n del Patrimonio Hist\u00f3rico (UPO) organiza desde hace trece a\u00f1os este Seminario para quienes ejercen en los \u00e1mbitos de la Difusi\u00f3n y la Gesti\u00f3n del Patrimonio Cultural Local compartan sus experiencias con estudiantes y con el p\u00fablico interesado. La entrada es libre hasta completar el aforo de la sala. Y para inscribirse basta con enviar un correo a la direcci\u00f3n enredars@gmail.com, con datos personales (nombre y domicilio) y laborales (estudios o profesi\u00f3n y lugar de trabajo).<\/p>\n\n\n\n<p><strong>Coordinaci\u00f3n acad\u00e9mica:<\/strong><\/p>\n\n\n\n<ul><li>Fernando Quiles Garc\u00eda (Universidad Pablo de Olavide)<\/li><\/ul>\n\n\n\n<p><strong>Organizan:<\/strong><\/p>\n\n\n\n<ul><li>M\u00e1ster oficial en Arte, Museos y Gesti\u00f3n del Patrimonio Hist\u00f3rico<\/li><li>\u00c1rea de Historia del Arte, Universidad Pablo de Olavide, Sevilla<\/li><\/ul>\n\n\n\n<p><strong>Colaboran:<\/strong><\/p>\n\n\n\n<ul><li>Casa de la Provincia. Diputaci\u00f3n Provincial de Sevilla<\/li><li>Publicaciones Enredars<\/li><\/ul>\n\n\n\n<p><strong>Inscripci\u00f3n:<\/strong><\/p>\n\n\n\n<p>E-mail: <a href=\"mailto:enredars@gmail.com\">enredars@gmail.com<\/a><\/p>\n\n\n\n<p><strong><a href=\"https:\/\/www.upo.es\/area-historia-arte\/wp-content\/uploads\/2023\/02\/XIII-SEMINARIO.pdf\">PROGRAMA<\/a><\/strong><\/p>\n","protected":false},"excerpt":{"rendered":"<p>Fecha: 2 y 3 de marzo de 2023 Lugar: Casa de la Provincia, plaza del Triunfo, Sevilla El M\u00e1ster de[&#8230;]<\/p>\n","protected":false},"author":1,"featured_media":0,"parent":0,"menu_order":0,"comment_status":"closed","ping_status":"closed","template":"","meta":[],"_links":{"self":[{"href":"https:\/\/www.upo.es\/area-historia-arte\/wp-json\/wp\/v2\/pages\/2939"}],"collection":[{"href":"https:\/\/www.upo.es\/area-historia-arte\/wp-json\/wp\/v2\/pages"}],"about":[{"href":"https:\/\/www.upo.es\/area-historia-arte\/wp-json\/wp\/v2\/types\/page"}],"author":[{"embeddable":true,"href":"https:\/\/www.upo.es\/area-historia-arte\/wp-json\/wp\/v2\/users\/1"}],"replies":[{"embeddable":true,"href":"https:\/\/www.upo.es\/area-historia-arte\/wp-json\/wp\/v2\/comments?post=2939"}],"version-history":[{"count":2,"href":"https:\/\/www.upo.es\/area-historia-arte\/wp-json\/wp\/v2\/pages\/2939\/revisions"}],"predecessor-version":[{"id":2942,"href":"https:\/\/www.upo.es\/area-historia-arte\/wp-json\/wp\/v2\/pages\/2939\/revisions\/2942"}],"wp:attachment":[{"href":"https:\/\/www.upo.es\/area-historia-arte\/wp-json\/wp\/v2\/media?parent=2939"}],"curies":[{"name":"wp","href":"https:\/\/api.w.org\/{rel}","templated":true}]}}

XIII Seminario de Gestión y Difusión del Patrimonio Cultural Local. En el fondo, libros. Y ahora Reguera&#8230;

<div class="wp-block-image"><figure class="aligncenter size-large is-resized"><a href="https://www.upo.es/area-historia-arte/wp-content/uploads/2023/02/XIII-SEMINARIO.pdf"><img loading="lazy" src="https://www.upo.es/area-historia-arte/wp-content/uploads/2023/02/XIII-SEMINARIO_portada-entera-722x1024.jpg" alt="" class="wp-image-2940" width="315" height="447" srcset="https://www.upo.es/area-historia-arte/wp-content/uploads/2023/02/XIII-SEMINARIO_portada-entera-722x1024.jpg 722w, https://www.upo.es/area-historia-arte/wp-content/uploads/2023/02/XIII-SEMINARIO_portada-entera-212x300.jpg 212w, https://www.upo.es/area-historia-arte/wp-content/uploads/2023/02/XIII-SEMINARIO_portada-entera-768x1089.jpg 768w, https://www.upo.es/area-historia-arte/wp-content/uploads/2023/02/XIII-SEMINARIO_portada-entera-1083x1536.jpg 1083w, https://www.upo.es/area-historia-arte/wp-content/uploads/2023/02/XIII-SEMINARIO_portada-entera-1444x2048.jpg 1444w, https://www.upo.es/area-historia-arte/wp-content/uploads/2023/02/XIII-SEMINARIO_portada-entera-scaled.jpg 1805w" sizes="(max-width: 315px) 100vw, 315px" /></a><figcaption>XIII Seminario de Gestión y Difusión del Patrimonio Cultural Local. En el fondo, libros. Y ahora Reguera…</figcaption></figure></div>



<p class="has-text-align-center"><strong>Fecha</strong>: 2 y 3 de marzo de 2023</p>



<p class="has-text-align-center"><strong>Lugar</strong>: Casa de la Provincia, plaza del Triunfo, Sevilla</p>



<p>El Máster de Arte, Museos y Gestión del Patrimonio Histórico (UPO) organiza desde hace trece años este Seminario para quienes ejercen en los ámbitos de la Difusión y la Gestión del Patrimonio Cultural Local compartan sus experiencias con estudiantes y con el público interesado. La entrada es libre hasta completar el aforo de la sala. Y para inscribirse basta con enviar un correo a la dirección enredars@gmail.com, con datos personales (nombre y domicilio) y laborales (estudios o profesión y lugar de trabajo).</p>



<p><strong>Coordinación académica:</strong></p>



<ul><li>Fernando Quiles García (Universidad Pablo de Olavide)</li></ul>



<p><strong>Organizan:</strong></p>



<ul><li>Máster oficial en Arte, Museos y Gestión del Patrimonio Histórico</li><li>Área de Historia del Arte, Universidad Pablo de Olavide, Sevilla</li></ul>



<p><strong>Colaboran:</strong></p>



<ul><li>Casa de la Provincia. Diputación Provincial de Sevilla</li><li>Publicaciones Enredars</li></ul>



<p><strong>Inscripción:</strong></p>



<p>E-mail: <a href="mailto:enredars@gmail.com">enredars@gmail.com</a></p>



<p><strong><a href="https://www.upo.es/area-historia-arte/wp-content/uploads/2023/02/XIII-SEMINARIO.pdf">PROGRAMA</a></strong></p>

<p>Fecha: 2 y 3 de marzo de 2023 Lugar: Casa de la Provincia, plaza del Triunfo, Sevilla El Máster de[&#8230;]</p>
