{"id":2961,"date":"2023-03-14T12:35:22","date_gmt":"2023-03-14T11:35:22","guid":{"rendered":"https:\/\/www.upo.es\/area-historia-arte\/?page_id=2961"},"modified":"2023-03-18T10:56:39","modified_gmt":"2023-03-18T09:56:39","slug":"xii-jornadas-de-orientacion-y-empleo","status":"publish","type":"page","link":"https:\/\/www.upo.es\/area-historia-arte\/xii-jornadas-de-orientacion-y-empleo\/","title":{"rendered":"XII Jornadas de Orientaci\u00f3n y Empleo"},"content":{"rendered":"\n<div class=\"wp-block-image\"><figure class=\"aligncenter size-large is-resized\"><a href=\"https:\/\/www.upo.es\/area-historia-arte\/wp-content\/uploads\/2023\/03\/Programa-jornada-empleabilidad2.jpeg\"><img loading=\"lazy\" src=\"https:\/\/www.upo.es\/area-historia-arte\/wp-content\/uploads\/2023\/03\/Programa-jornada-empleabilidad2-768x1024.jpeg\" alt=\"\" class=\"wp-image-2972\" width=\"450\" height=\"600\" srcset=\"https:\/\/www.upo.es\/area-historia-arte\/wp-content\/uploads\/2023\/03\/Programa-jornada-empleabilidad2-768x1024.jpeg 768w, https:\/\/www.upo.es\/area-historia-arte\/wp-content\/uploads\/2023\/03\/Programa-jornada-empleabilidad2-225x300.jpeg 225w, https:\/\/www.upo.es\/area-historia-arte\/wp-content\/uploads\/2023\/03\/Programa-jornada-empleabilidad2-1152x1536.jpeg 1152w, https:\/\/www.upo.es\/area-historia-arte\/wp-content\/uploads\/2023\/03\/Programa-jornada-empleabilidad2.jpeg 1296w\" sizes=\"(max-width: 450px) 100vw, 450px\" \/><\/a><figcaption>XII Jornadas de Orientaci\u00f3n y Empleo<\/figcaption><\/figure><\/div>\n\n\n\n<p class=\"has-text-align-center\"><strong>Fecha<\/strong>: 17 de marzo de 2023<\/p>\n\n\n\n<p class=\"has-text-align-center\"><strong>Lugar:<\/strong>&nbsp; Universidad Pablo de Olavide, sal\u00f3n de Grados, edificio 6<\/p>\n\n\n\n<p><strong>Coordinadores:<\/strong><\/p>\n\n\n\n<ul><li>Francisco Ollero Lobato<\/li><li>Mar\u00eda Siquier Herrera<\/li><\/ul>\n\n\n\n<p><strong>Organizan<\/strong>:<\/p>\n\n\n\n<ul><li>Facultad de Humanidades<\/li><li>M\u00e1ster oficial Arte, Museos y Gesti\u00f3n del Patrimonio Hist\u00f3rico<\/li><\/ul>\n\n\n\n<p><strong>Colaboran:<\/strong><\/p>\n\n\n\n<ul id=\"block-8ba9f7fc-ec55-49cc-8f89-a621b98e6e78\"><li>Espiral Patrimonio<\/li><li>Sedena<\/li><li>Engranajes culturales<\/li><\/ul>\n\n\n\n<p><a href=\"https:\/\/www.upo.es\/area-historia-arte\/wp-content\/uploads\/2023\/03\/Programa-jornada-empleabilidad2.jpeg\">PROGRAMA<\/a><\/p>\n","protected":false},"excerpt":{"rendered":"<p>Fecha: 17 de marzo de 2023 Lugar:&nbsp; Universidad Pablo de Olavide, sal\u00f3n de Grados, edificio 6 Coordinadores: Francisco Ollero Lobato[&#8230;]<\/p>\n","protected":false},"author":1,"featured_media":0,"parent":0,"menu_order":0,"comment_status":"closed","ping_status":"closed","template":"","meta":[],"_links":{"self":[{"href":"https:\/\/www.upo.es\/area-historia-arte\/wp-json\/wp\/v2\/pages\/2961"}],"collection":[{"href":"https:\/\/www.upo.es\/area-historia-arte\/wp-json\/wp\/v2\/pages"}],"about":[{"href":"https:\/\/www.upo.es\/area-historia-arte\/wp-json\/wp\/v2\/types\/page"}],"author":[{"embeddable":true,"href":"https:\/\/www.upo.es\/area-historia-arte\/wp-json\/wp\/v2\/users\/1"}],"replies":[{"embeddable":true,"href":"https:\/\/www.upo.es\/area-historia-arte\/wp-json\/wp\/v2\/comments?post=2961"}],"version-history":[{"count":4,"href":"https:\/\/www.upo.es\/area-historia-arte\/wp-json\/wp\/v2\/pages\/2961\/revisions"}],"predecessor-version":[{"id":2978,"href":"https:\/\/www.upo.es\/area-historia-arte\/wp-json\/wp\/v2\/pages\/2961\/revisions\/2978"}],"wp:attachment":[{"href":"https:\/\/www.upo.es\/area-historia-arte\/wp-json\/wp\/v2\/media?parent=2961"}],"curies":[{"name":"wp","href":"https:\/\/api.w.org\/{rel}","templated":true}]}}

XII Jornadas de Orientación y Empleo

<div class="wp-block-image"><figure class="aligncenter size-large is-resized"><a href="https://www.upo.es/area-historia-arte/wp-content/uploads/2023/03/Programa-jornada-empleabilidad2.jpeg"><img loading="lazy" src="https://www.upo.es/area-historia-arte/wp-content/uploads/2023/03/Programa-jornada-empleabilidad2-768x1024.jpeg" alt="" class="wp-image-2972" width="450" height="600" srcset="https://www.upo.es/area-historia-arte/wp-content/uploads/2023/03/Programa-jornada-empleabilidad2-768x1024.jpeg 768w, https://www.upo.es/area-historia-arte/wp-content/uploads/2023/03/Programa-jornada-empleabilidad2-225x300.jpeg 225w, https://www.upo.es/area-historia-arte/wp-content/uploads/2023/03/Programa-jornada-empleabilidad2-1152x1536.jpeg 1152w, https://www.upo.es/area-historia-arte/wp-content/uploads/2023/03/Programa-jornada-empleabilidad2.jpeg 1296w" sizes="(max-width: 450px) 100vw, 450px" /></a><figcaption>XII Jornadas de Orientación y Empleo</figcaption></figure></div>



<p class="has-text-align-center"><strong>Fecha</strong>: 17 de marzo de 2023</p>



<p class="has-text-align-center"><strong>Lugar:</strong>&nbsp; Universidad Pablo de Olavide, salón de Grados, edificio 6</p>



<p><strong>Coordinadores:</strong></p>



<ul><li>Francisco Ollero Lobato</li><li>María Siquier Herrera</li></ul>



<p><strong>Organizan</strong>:</p>



<ul><li>Facultad de Humanidades</li><li>Máster oficial Arte, Museos y Gestión del Patrimonio Histórico</li></ul>



<p><strong>Colaboran:</strong></p>



<ul id="block-8ba9f7fc-ec55-49cc-8f89-a621b98e6e78"><li>Espiral Patrimonio</li><li>Sedena</li><li>Engranajes culturales</li></ul>



<p><a href="https://www.upo.es/area-historia-arte/wp-content/uploads/2023/03/Programa-jornada-empleabilidad2.jpeg">PROGRAMA</a></p>

<p>Fecha: 17 de marzo de 2023 Lugar:&nbsp; Universidad Pablo de Olavide, salón de Grados, edificio 6 Coordinadores: Francisco Ollero Lobato[&#8230;]</p>
