{"id":3066,"date":"2024-02-21T10:47:38","date_gmt":"2024-02-21T09:47:38","guid":{"rendered":"https:\/\/www.upo.es\/area-historia-arte\/?page_id=3066"},"modified":"2024-02-21T11:07:27","modified_gmt":"2024-02-21T10:07:27","slug":"ane-fradua-ruiz-de-azua-recibe-un-accesit-en-la-iii-edicion-del-premio-manuel-blasco-garzon","status":"publish","type":"page","link":"https:\/\/www.upo.es\/area-historia-arte\/ane-fradua-ruiz-de-azua-recibe-un-accesit-en-la-iii-edicion-del-premio-manuel-blasco-garzon\/","title":{"rendered":"Ane Fradua Ruiz de Azua y Andrea D\u00edaz Mattei reciben un  Acc\u00e9sit en la III edici\u00f3n del Premio Manuel Blasco Garz\u00f3n"},"content":{"rendered":"\n<p>Ane Fradua Ruiz de Azua, egresada del M\u00e1ster en Arte, Museos y Gesti\u00f3n del Patrimonio Hist\u00f3rico, y Andrea D\u00edaz Mattei, tutora de Trabajo Fin de M\u00e1ster, han recibido un  Acc\u00e9sit en la III edici\u00f3n del Premio Manuel Blasco Garz\u00f3n por su TFM titulado <em>El Remo, el modo de supervivencia de nuestros ancestros convertida en Deporte, propuesta de exposici\u00f3n temporal<\/em>. La entrega del premio ser\u00e1 el 7 de marzo a las 12:30 en la sala de prensa de la UPO.<\/p>\n\n\n\n<p>El premio est\u00e1 organizado por la \u2018C\u00e1tedra Sevilla FC: Universidad, Empresa y Deporte\u2019 de la Universidad Pablo de Olavide y rinde homenaje a Manuel Blasco Garz\u00f3n, expresidente del Sevilla FC. Con \u00e9l se busca resaltar la excelencia de los mejores trabajos Fin de Grado y Fin de M\u00e1ster de la UPO.<\/p>\n\n\n\n<p>M\u00e1s info en: <a href=\"https:\/\/sevillafc.es\/actualidad\/noticias\/listado-trabajos-iii-premio-blasco-garzon\">https:\/\/sevillafc.es\/actualidad\/noticias\/listado-trabajos-iii-premio-blasco-garzon<\/a><\/p>\n\n\n\n<p><\/p>\n","protected":false},"excerpt":{"rendered":"<p>Ane Fradua Ruiz de Azua, egresada del M\u00e1ster en Arte, Museos y Gesti\u00f3n del Patrimonio Hist\u00f3rico, y Andrea D\u00edaz Mattei,[&#8230;]<\/p>\n","protected":false},"author":1,"featured_media":0,"parent":0,"menu_order":0,"comment_status":"closed","ping_status":"closed","template":"","meta":[],"_links":{"self":[{"href":"https:\/\/www.upo.es\/area-historia-arte\/wp-json\/wp\/v2\/pages\/3066"}],"collection":[{"href":"https:\/\/www.upo.es\/area-historia-arte\/wp-json\/wp\/v2\/pages"}],"about":[{"href":"https:\/\/www.upo.es\/area-historia-arte\/wp-json\/wp\/v2\/types\/page"}],"author":[{"embeddable":true,"href":"https:\/\/www.upo.es\/area-historia-arte\/wp-json\/wp\/v2\/users\/1"}],"replies":[{"embeddable":true,"href":"https:\/\/www.upo.es\/area-historia-arte\/wp-json\/wp\/v2\/comments?post=3066"}],"version-history":[{"count":4,"href":"https:\/\/www.upo.es\/area-historia-arte\/wp-json\/wp\/v2\/pages\/3066\/revisions"}],"predecessor-version":[{"id":3073,"href":"https:\/\/www.upo.es\/area-historia-arte\/wp-json\/wp\/v2\/pages\/3066\/revisions\/3073"}],"wp:attachment":[{"href":"https:\/\/www.upo.es\/area-historia-arte\/wp-json\/wp\/v2\/media?parent=3066"}],"curies":[{"name":"wp","href":"https:\/\/api.w.org\/{rel}","templated":true}]}}

Ane Fradua Ruiz de Azua y Andrea Díaz Mattei reciben un  Accésit en la III edición del Premio Manuel Blasco Garzón

<p>Ane Fradua Ruiz de Azua, egresada del Máster en Arte, Museos y Gestión del Patrimonio Histórico, y Andrea Díaz Mattei, tutora de Trabajo Fin de Máster, han recibido un  Accésit en la III edición del Premio Manuel Blasco Garzón por su TFM titulado <em>El Remo, el modo de supervivencia de nuestros ancestros convertida en Deporte, propuesta de exposición temporal</em>. La entrega del premio será el 7 de marzo a las 12:30 en la sala de prensa de la UPO.</p>



<p>El premio está organizado por la ‘Cátedra Sevilla FC: Universidad, Empresa y Deporte’ de la Universidad Pablo de Olavide y rinde homenaje a Manuel Blasco Garzón, expresidente del Sevilla FC. Con él se busca resaltar la excelencia de los mejores trabajos Fin de Grado y Fin de Máster de la UPO.</p>



<p>Más info en: <a href="https://sevillafc.es/actualidad/noticias/listado-trabajos-iii-premio-blasco-garzon">https://sevillafc.es/actualidad/noticias/listado-trabajos-iii-premio-blasco-garzon</a></p>



<p></p>

<p>Ane Fradua Ruiz de Azua, egresada del Máster en Arte, Museos y Gestión del Patrimonio Histórico, y Andrea Díaz Mattei,[&#8230;]</p>
