{"id":3189,"date":"2025-01-27T12:25:30","date_gmt":"2025-01-27T11:25:30","guid":{"rendered":"https:\/\/www.upo.es\/area-historia-arte\/?page_id=3189"},"modified":"2025-01-27T12:28:04","modified_gmt":"2025-01-27T11:28:04","slug":"apropiaciones-indebidas-disyuntivas-para-una-historia-del-arte-del-siglo-xxi","status":"publish","type":"page","link":"https:\/\/www.upo.es\/area-historia-arte\/apropiaciones-indebidas-disyuntivas-para-una-historia-del-arte-del-siglo-xxi\/","title":{"rendered":"APROPIACIONES (IN)DEBIDAS. Disyuntivas para una historia del arte del siglo XXI"},"content":{"rendered":"\n<div class=\"wp-block-image\"><figure class=\"aligncenter size-large is-resized\"><a href=\"https:\/\/www.upo.es\/area-historia-arte\/wp-content\/uploads\/2025\/01\/APROPIACIONES-IN-DEBIDAS-1.pdf\"><img loading=\"lazy\" src=\"https:\/\/www.upo.es\/area-historia-arte\/wp-content\/uploads\/2025\/01\/APROPIACIONES-IN-DEBIDAS-3-1024x512.png\" alt=\"\" class=\"wp-image-3187\" width=\"643\" height=\"322\" srcset=\"https:\/\/www.upo.es\/area-historia-arte\/wp-content\/uploads\/2025\/01\/APROPIACIONES-IN-DEBIDAS-3-1024x512.png 1024w, https:\/\/www.upo.es\/area-historia-arte\/wp-content\/uploads\/2025\/01\/APROPIACIONES-IN-DEBIDAS-3-300x150.png 300w, https:\/\/www.upo.es\/area-historia-arte\/wp-content\/uploads\/2025\/01\/APROPIACIONES-IN-DEBIDAS-3-768x384.png 768w, https:\/\/www.upo.es\/area-historia-arte\/wp-content\/uploads\/2025\/01\/APROPIACIONES-IN-DEBIDAS-3-1536x768.png 1536w, https:\/\/www.upo.es\/area-historia-arte\/wp-content\/uploads\/2025\/01\/APROPIACIONES-IN-DEBIDAS-3-2048x1024.png 2048w, https:\/\/www.upo.es\/area-historia-arte\/wp-content\/uploads\/2025\/01\/APROPIACIONES-IN-DEBIDAS-3-840x420.png 840w\" sizes=\"(max-width: 643px) 100vw, 643px\" \/><\/a><figcaption>APROPIACIONES (IN)DEBIDAS. Disyuntivas para una historia del arte del siglo XXI<\/figcaption><\/figure><\/div>\n\n\n\n<p class=\"has-text-align-center\"><strong>Fecha<\/strong>: del 11 al 12 de febrero de 2025<\/p>\n\n\n\n<p class=\"has-text-align-center\"><strong>Lugar:<\/strong>&nbsp; Universidad Pablo de Olavide<\/p>\n\n\n\n<p><strong>Coordinaci\u00f3n:<\/strong><\/p>\n\n\n\n<ul><li>Daniela Kaplan Stein<\/li><\/ul>\n\n\n\n<p><strong>Organizan<\/strong>:<\/p>\n\n\n\n<ul><li>M\u00e1ster en Arte, Museos y Gesti\u00f3n del Patrimonio Hist\u00f3rico<\/li><li>\u00c1rea de Historia del Arte<\/li><\/ul>\n\n\n\n<p><a href=\"https:\/\/www.upo.es\/area-historia-arte\/wp-content\/uploads\/2025\/01\/APROPIACIONES-IN-DEBIDAS-1.pdf\">PROGRAMA<\/a><\/p>\n","protected":false},"excerpt":{"rendered":"<p>Fecha: del 11 al 12 de febrero de 2025 Lugar:&nbsp; Universidad Pablo de Olavide Coordinaci\u00f3n: Daniela Kaplan Stein Organizan: M\u00e1ster[&#8230;]<\/p>\n","protected":false},"author":1,"featured_media":0,"parent":0,"menu_order":0,"comment_status":"closed","ping_status":"closed","template":"","meta":[],"_links":{"self":[{"href":"https:\/\/www.upo.es\/area-historia-arte\/wp-json\/wp\/v2\/pages\/3189"}],"collection":[{"href":"https:\/\/www.upo.es\/area-historia-arte\/wp-json\/wp\/v2\/pages"}],"about":[{"href":"https:\/\/www.upo.es\/area-historia-arte\/wp-json\/wp\/v2\/types\/page"}],"author":[{"embeddable":true,"href":"https:\/\/www.upo.es\/area-historia-arte\/wp-json\/wp\/v2\/users\/1"}],"replies":[{"embeddable":true,"href":"https:\/\/www.upo.es\/area-historia-arte\/wp-json\/wp\/v2\/comments?post=3189"}],"version-history":[{"count":2,"href":"https:\/\/www.upo.es\/area-historia-arte\/wp-json\/wp\/v2\/pages\/3189\/revisions"}],"predecessor-version":[{"id":3192,"href":"https:\/\/www.upo.es\/area-historia-arte\/wp-json\/wp\/v2\/pages\/3189\/revisions\/3192"}],"wp:attachment":[{"href":"https:\/\/www.upo.es\/area-historia-arte\/wp-json\/wp\/v2\/media?parent=3189"}],"curies":[{"name":"wp","href":"https:\/\/api.w.org\/{rel}","templated":true}]}}

<div class="wp-block-image"><figure class="aligncenter size-large is-resized"><a href="https://www.upo.es/area-historia-arte/wp-content/uploads/2025/01/APROPIACIONES-IN-DEBIDAS-1.pdf"><img loading="lazy" src="https://www.upo.es/area-historia-arte/wp-content/uploads/2025/01/APROPIACIONES-IN-DEBIDAS-3-1024x512.png" alt="" class="wp-image-3187" width="643" height="322" srcset="https://www.upo.es/area-historia-arte/wp-content/uploads/2025/01/APROPIACIONES-IN-DEBIDAS-3-1024x512.png 1024w, https://www.upo.es/area-historia-arte/wp-content/uploads/2025/01/APROPIACIONES-IN-DEBIDAS-3-300x150.png 300w, https://www.upo.es/area-historia-arte/wp-content/uploads/2025/01/APROPIACIONES-IN-DEBIDAS-3-768x384.png 768w, https://www.upo.es/area-historia-arte/wp-content/uploads/2025/01/APROPIACIONES-IN-DEBIDAS-3-1536x768.png 1536w, https://www.upo.es/area-historia-arte/wp-content/uploads/2025/01/APROPIACIONES-IN-DEBIDAS-3-2048x1024.png 2048w, https://www.upo.es/area-historia-arte/wp-content/uploads/2025/01/APROPIACIONES-IN-DEBIDAS-3-840x420.png 840w" sizes="(max-width: 643px) 100vw, 643px" /></a><figcaption>APROPIACIONES (IN)DEBIDAS. Disyuntivas para una historia del arte del siglo XXI</figcaption></figure></div>



<p class="has-text-align-center"><strong>Fecha</strong>: del 11 al 12 de febrero de 2025</p>



<p class="has-text-align-center"><strong>Lugar:</strong>&nbsp; Universidad Pablo de Olavide</p>



<p><strong>Coordinación:</strong></p>



<ul><li>Daniela Kaplan Stein</li></ul>



<p><strong>Organizan</strong>:</p>



<ul><li>Máster en Arte, Museos y Gestión del Patrimonio Histórico</li><li>Área de Historia del Arte</li></ul>



<p><a href="https://www.upo.es/area-historia-arte/wp-content/uploads/2025/01/APROPIACIONES-IN-DEBIDAS-1.pdf">PROGRAMA</a></p>

<p>Fecha: del 11 al 12 de febrero de 2025 Lugar:&nbsp; Universidad Pablo de Olavide Coordinación: Daniela Kaplan Stein Organizan: Máster[&#8230;]</p>
