{"id":3226,"date":"2025-02-11T16:29:16","date_gmt":"2025-02-11T15:29:16","guid":{"rendered":"https:\/\/www.upo.es\/area-historia-arte\/?page_id=3226"},"modified":"2025-02-11T16:42:21","modified_gmt":"2025-02-11T15:42:21","slug":"caminamos-luego-avanzamos-xv-seminario-de-gestion-y-difusion-del-patrimonio-cultural-local","status":"publish","type":"page","link":"https:\/\/www.upo.es\/area-historia-arte\/caminamos-luego-avanzamos-xv-seminario-de-gestion-y-difusion-del-patrimonio-cultural-local\/","title":{"rendered":"CAMINAMOS, LUEGO AVANZAMOS&#8230; XV Seminario de gesti\u00f3n y difusi\u00f3n del patrimonio cultural local"},"content":{"rendered":"\n<p>Universidad Pablo de Olavide<br>Del 24 y 25 de febrero de 2025<\/p>\n\n\n\n<figure class=\"wp-block-image size-large\"><a href=\"https:\/\/www.upo.es\/area-historia-arte\/caminamos-luego-avanzamos-xv-seminario-de-gestion-y-difusion-del-patrimonio-cultural-local\"><img loading=\"lazy\" width=\"1024\" height=\"576\" src=\"https:\/\/www.upo.es\/area-historia-arte\/wp-content\/uploads\/2025\/02\/Caminando-aprendiendo-1-1024x576.jpg\" alt=\"\" class=\"wp-image-3227\" srcset=\"https:\/\/www.upo.es\/area-historia-arte\/wp-content\/uploads\/2025\/02\/Caminando-aprendiendo-1-1024x576.jpg 1024w, https:\/\/www.upo.es\/area-historia-arte\/wp-content\/uploads\/2025\/02\/Caminando-aprendiendo-1-300x169.jpg 300w, https:\/\/www.upo.es\/area-historia-arte\/wp-content\/uploads\/2025\/02\/Caminando-aprendiendo-1-768x432.jpg 768w, https:\/\/www.upo.es\/area-historia-arte\/wp-content\/uploads\/2025\/02\/Caminando-aprendiendo-1-1536x864.jpg 1536w, https:\/\/www.upo.es\/area-historia-arte\/wp-content\/uploads\/2025\/02\/Caminando-aprendiendo-1.jpg 1920w\" sizes=\"(max-width: 1024px) 100vw, 1024px\" \/><\/a><\/figure>\n\n\n\n<p><strong>Fecha<\/strong>: del 24 al 25 de febrero<\/p>\n\n\n\n<p><strong>Lugar:<\/strong>&nbsp; Casa de la Provincia<\/p>\n\n\n\n<p><strong>Direcci\u00f3n: <\/strong><\/p>\n\n\n\n<p>Fernando Quiles<\/p>\n\n\n\n<p><strong>Coordinaci\u00f3n:<\/strong><\/p>\n\n\n\n<p>Daniela Kaplan Stein<\/p>\n\n\n\n<p><strong>Organizan<\/strong>:<\/p>\n\n\n\n<ul><li>M\u00e1ster en Arte, Museos y Gesti\u00f3n del Patrimonio Hist\u00f3rico<\/li><li>\u00c1rea de Historia del Arte<\/li><\/ul>\n\n\n\n<p><a href=\"https:\/\/www.upo.es\/area-historia-arte\/caminamos-luego-avanzamos-xv-seminario-de-gestion-y-difusion-del-patrimonio-cultural-local\/\" data-type=\"URL\" data-id=\"https:\/\/www.upo.es\/area-historia-arte\/caminamos-luego-avanzamos-xv-seminario-de-gestion-y-difusion-del-patrimonio-cultural-local\/\">PROGRAMA<\/a><\/p>\n","protected":false},"excerpt":{"rendered":"<p>Universidad Pablo de OlavideDel 24 y 25 de febrero de 2025 Fecha: del 24 al 25 de febrero Lugar:&nbsp; Casa[&#8230;]<\/p>\n","protected":false},"author":1,"featured_media":0,"parent":0,"menu_order":0,"comment_status":"closed","ping_status":"closed","template":"","meta":[],"_links":{"self":[{"href":"https:\/\/www.upo.es\/area-historia-arte\/wp-json\/wp\/v2\/pages\/3226"}],"collection":[{"href":"https:\/\/www.upo.es\/area-historia-arte\/wp-json\/wp\/v2\/pages"}],"about":[{"href":"https:\/\/www.upo.es\/area-historia-arte\/wp-json\/wp\/v2\/types\/page"}],"author":[{"embeddable":true,"href":"https:\/\/www.upo.es\/area-historia-arte\/wp-json\/wp\/v2\/users\/1"}],"replies":[{"embeddable":true,"href":"https:\/\/www.upo.es\/area-historia-arte\/wp-json\/wp\/v2\/comments?post=3226"}],"version-history":[{"count":5,"href":"https:\/\/www.upo.es\/area-historia-arte\/wp-json\/wp\/v2\/pages\/3226\/revisions"}],"predecessor-version":[{"id":3236,"href":"https:\/\/www.upo.es\/area-historia-arte\/wp-json\/wp\/v2\/pages\/3226\/revisions\/3236"}],"wp:attachment":[{"href":"https:\/\/www.upo.es\/area-historia-arte\/wp-json\/wp\/v2\/media?parent=3226"}],"curies":[{"name":"wp","href":"https:\/\/api.w.org\/{rel}","templated":true}]}}

CAMINAMOS, LUEGO AVANZAMOS&#8230; XV Seminario de gestión y difusión del patrimonio cultural local

<p>Universidad Pablo de Olavide<br>Del 24 y 25 de febrero de 2025</p>



<figure class="wp-block-image size-large"><a href="https://www.upo.es/area-historia-arte/caminamos-luego-avanzamos-xv-seminario-de-gestion-y-difusion-del-patrimonio-cultural-local"><img loading="lazy" width="1024" height="576" src="https://www.upo.es/area-historia-arte/wp-content/uploads/2025/02/Caminando-aprendiendo-1-1024x576.jpg" alt="" class="wp-image-3227" srcset="https://www.upo.es/area-historia-arte/wp-content/uploads/2025/02/Caminando-aprendiendo-1-1024x576.jpg 1024w, https://www.upo.es/area-historia-arte/wp-content/uploads/2025/02/Caminando-aprendiendo-1-300x169.jpg 300w, https://www.upo.es/area-historia-arte/wp-content/uploads/2025/02/Caminando-aprendiendo-1-768x432.jpg 768w, https://www.upo.es/area-historia-arte/wp-content/uploads/2025/02/Caminando-aprendiendo-1-1536x864.jpg 1536w, https://www.upo.es/area-historia-arte/wp-content/uploads/2025/02/Caminando-aprendiendo-1.jpg 1920w" sizes="(max-width: 1024px) 100vw, 1024px" /></a></figure>



<p><strong>Fecha</strong>: del 24 al 25 de febrero</p>



<p><strong>Lugar:</strong>&nbsp; Casa de la Provincia</p>



<p><strong>Dirección: </strong></p>



<p>Fernando Quiles</p>



<p><strong>Coordinación:</strong></p>



<p>Daniela Kaplan Stein</p>



<p><strong>Organizan</strong>:</p>



<ul><li>Máster en Arte, Museos y Gestión del Patrimonio Histórico</li><li>Área de Historia del Arte</li></ul>



<p><a href="https://www.upo.es/area-historia-arte/caminamos-luego-avanzamos-xv-seminario-de-gestion-y-difusion-del-patrimonio-cultural-local/" data-type="URL" data-id="https://www.upo.es/area-historia-arte/caminamos-luego-avanzamos-xv-seminario-de-gestion-y-difusion-del-patrimonio-cultural-local/">PROGRAMA</a></p>
