{"id":3264,"date":"2025-02-21T11:54:26","date_gmt":"2025-02-21T10:54:26","guid":{"rendered":"https:\/\/www.upo.es\/area-historia-arte\/?page_id=3264"},"modified":"2025-02-27T13:07:44","modified_gmt":"2025-02-27T12:07:44","slug":"x-jornadas-internacionales-mujeres-contra-el-canon-arte-literatura-musica","status":"publish","type":"page","link":"https:\/\/www.upo.es\/area-historia-arte\/x-jornadas-internacionales-mujeres-contra-el-canon-arte-literatura-musica\/","title":{"rendered":"X Jornadas Internacionales. Mujeres contra el Canon. Arte &#8211; Literatura &#8211; M\u00fasica"},"content":{"rendered":"\n<p>Aula de grados Carriazo. Facultad de Geograf\u00eda e Historia, Universidad de Sevilla<br>4, 5 y 6 de marzo<\/p>\n\n\n\n<p><\/p>\n\n\n\n<figure class=\"wp-block-image size-large\"><img loading=\"lazy\" width=\"1024\" height=\"769\" src=\"https:\/\/www.upo.es\/area-historia-arte\/wp-content\/uploads\/2025\/02\/Captura-de-pantalla-2025-02-21-a-las-11.46.32-1024x769.png\" alt=\"\" class=\"wp-image-3265\" srcset=\"https:\/\/www.upo.es\/area-historia-arte\/wp-content\/uploads\/2025\/02\/Captura-de-pantalla-2025-02-21-a-las-11.46.32-1024x769.png 1024w, https:\/\/www.upo.es\/area-historia-arte\/wp-content\/uploads\/2025\/02\/Captura-de-pantalla-2025-02-21-a-las-11.46.32-300x225.png 300w, https:\/\/www.upo.es\/area-historia-arte\/wp-content\/uploads\/2025\/02\/Captura-de-pantalla-2025-02-21-a-las-11.46.32-768x577.png 768w, https:\/\/www.upo.es\/area-historia-arte\/wp-content\/uploads\/2025\/02\/Captura-de-pantalla-2025-02-21-a-las-11.46.32.png 1164w\" sizes=\"(max-width: 1024px) 100vw, 1024px\" \/><\/figure>\n\n\n\n<p><strong>Fecha:<\/strong><br>4, 5 y 6 de marzo<br><br><strong>Coordinaci\u00f3n:<\/strong><br>Ana Aranda Bernal<br>Isabel Cl\u00faa<br>Mercedes Comellas<br>Magdalena Ill\u00e1n Mart\u00edn<br><br><strong>Organizan<\/strong>:<br>Proyecto I+D+I GIMA-G\u00e9nero, imagen y materialidad en la cultura literaria de la modernidad (1880s-1930s) (PID2022-137613NB)<br>PROYECTO I+D+I SILEM III- La instituci\u00f3n del \u00abSiglo de Oro\u00bb. Procesos en la construcci\u00f3n de la prensa peri\u00f3dica (1801-1868). (PID2022-136995NB-I00)<br>PROYECTO I+D+I IMACAPA. Las cosas por su nombre: (re)construir la casa con palabras e im\u00e1genes, siglos XV y XVI. (PID2022-136565NB-100) MCIN\/AEI\/10.13039\/501100011033 y \u00abFeder. Una manera de hacer Euopa\u00bb<br><br><strong>Colaboran:<\/strong><br>Universidad de Sevilla<br>Universidad Pablo de Olavide<\/p>\n\n\n\n<div class=\"wp-block-file\"><a href=\"https:\/\/www.upo.es\/area-historia-arte\/wp-content\/uploads\/2025\/02\/X-JORNADAS-INTERNACIONALES-MUJERES-CONTRA-EL-CANON.-ARTE-LITERATURA-MU\u0301SICA-1.pdf\">PROGRAMA<\/a><a href=\"https:\/\/www.upo.es\/area-historia-arte\/wp-content\/uploads\/2025\/02\/X-JORNADAS-INTERNACIONALES-MUJERES-CONTRA-EL-CANON.-ARTE-LITERATURA-MU\u0301SICA-1.pdf\" class=\"wp-block-file__button\" download>Descarga<\/a><\/div>\n\n\n\n<p><\/p>\n","protected":false},"excerpt":{"rendered":"<p>Aula de grados Carriazo. Facultad de Geograf\u00eda e Historia, Universidad de Sevilla4, 5 y 6 de marzo Fecha:4, 5 y[&#8230;]<\/p>\n","protected":false},"author":1,"featured_media":0,"parent":0,"menu_order":0,"comment_status":"closed","ping_status":"closed","template":"","meta":[],"_links":{"self":[{"href":"https:\/\/www.upo.es\/area-historia-arte\/wp-json\/wp\/v2\/pages\/3264"}],"collection":[{"href":"https:\/\/www.upo.es\/area-historia-arte\/wp-json\/wp\/v2\/pages"}],"about":[{"href":"https:\/\/www.upo.es\/area-historia-arte\/wp-json\/wp\/v2\/types\/page"}],"author":[{"embeddable":true,"href":"https:\/\/www.upo.es\/area-historia-arte\/wp-json\/wp\/v2\/users\/1"}],"replies":[{"embeddable":true,"href":"https:\/\/www.upo.es\/area-historia-arte\/wp-json\/wp\/v2\/comments?post=3264"}],"version-history":[{"count":5,"href":"https:\/\/www.upo.es\/area-historia-arte\/wp-json\/wp\/v2\/pages\/3264\/revisions"}],"predecessor-version":[{"id":3305,"href":"https:\/\/www.upo.es\/area-historia-arte\/wp-json\/wp\/v2\/pages\/3264\/revisions\/3305"}],"wp:attachment":[{"href":"https:\/\/www.upo.es\/area-historia-arte\/wp-json\/wp\/v2\/media?parent=3264"}],"curies":[{"name":"wp","href":"https:\/\/api.w.org\/{rel}","templated":true}]}}

X Jornadas Internacionales. Mujeres contra el Canon. Arte &#8211; Literatura &#8211; Música

<p>Aula de grados Carriazo. Facultad de Geografía e Historia, Universidad de Sevilla<br>4, 5 y 6 de marzo</p>



<p></p>



<figure class="wp-block-image size-large"><img loading="lazy" width="1024" height="769" src="https://www.upo.es/area-historia-arte/wp-content/uploads/2025/02/Captura-de-pantalla-2025-02-21-a-las-11.46.32-1024x769.png" alt="" class="wp-image-3265" srcset="https://www.upo.es/area-historia-arte/wp-content/uploads/2025/02/Captura-de-pantalla-2025-02-21-a-las-11.46.32-1024x769.png 1024w, https://www.upo.es/area-historia-arte/wp-content/uploads/2025/02/Captura-de-pantalla-2025-02-21-a-las-11.46.32-300x225.png 300w, https://www.upo.es/area-historia-arte/wp-content/uploads/2025/02/Captura-de-pantalla-2025-02-21-a-las-11.46.32-768x577.png 768w, https://www.upo.es/area-historia-arte/wp-content/uploads/2025/02/Captura-de-pantalla-2025-02-21-a-las-11.46.32.png 1164w" sizes="(max-width: 1024px) 100vw, 1024px" /></figure>



<p><strong>Fecha:</strong><br>4, 5 y 6 de marzo<br><br><strong>Coordinación:</strong><br>Ana Aranda Bernal<br>Isabel Clúa<br>Mercedes Comellas<br>Magdalena Illán Martín<br><br><strong>Organizan</strong>:<br>Proyecto I+D+I GIMA-Género, imagen y materialidad en la cultura literaria de la modernidad (1880s-1930s) (PID2022-137613NB)<br>PROYECTO I+D+I SILEM III- La institución del «Siglo de Oro». Procesos en la construcción de la prensa periódica (1801-1868). (PID2022-136995NB-I00)<br>PROYECTO I+D+I IMACAPA. Las cosas por su nombre: (re)construir la casa con palabras e imágenes, siglos XV y XVI. (PID2022-136565NB-100) MCIN/AEI/10.13039/501100011033 y «Feder. Una manera de hacer Euopa»<br><br><strong>Colaboran:</strong><br>Universidad de Sevilla<br>Universidad Pablo de Olavide</p>



<div class="wp-block-file"><a href="https://www.upo.es/area-historia-arte/wp-content/uploads/2025/02/X-JORNADAS-INTERNACIONALES-MUJERES-CONTRA-EL-CANON.-ARTE-LITERATURA-MÚSICA-1.pdf">PROGRAMA</a><a href="https://www.upo.es/area-historia-arte/wp-content/uploads/2025/02/X-JORNADAS-INTERNACIONALES-MUJERES-CONTRA-EL-CANON.-ARTE-LITERATURA-MÚSICA-1.pdf" class="wp-block-file__button" download>Descarga</a></div>



<p></p>

<p>Aula de grados Carriazo. Facultad de Geografía e Historia, Universidad de Sevilla4, 5 y 6 de marzo Fecha:4, 5 y[&#8230;]</p>
