{"id":3315,"date":"2025-03-07T16:15:33","date_gmt":"2025-03-07T15:15:33","guid":{"rendered":"https:\/\/www.upo.es\/area-historia-arte\/?page_id=3315"},"modified":"2025-03-07T16:15:33","modified_gmt":"2025-03-07T15:15:33","slug":"presentacion-ah-86-mujeres-artistas-y-promotoras-en-andalucia","status":"publish","type":"page","link":"https:\/\/www.upo.es\/area-historia-arte\/presentacion-ah-86-mujeres-artistas-y-promotoras-en-andalucia\/","title":{"rendered":"Presentaci\u00f3n AH 86. Mujeres artistas y promotoras en Andaluc\u00eda"},"content":{"rendered":"\n<p>Casa Palacio Condesa de Lebrija<br>7 de marzo<\/p>\n\n\n\n<figure class=\"wp-block-image size-large\"><img loading=\"lazy\" width=\"819\" height=\"1024\" src=\"https:\/\/www.upo.es\/area-historia-arte\/wp-content\/uploads\/2025\/03\/WhatsApp-Image-2025-03-07-at-13.35.21-819x1024.jpeg\" alt=\"\" class=\"wp-image-3316\" srcset=\"https:\/\/www.upo.es\/area-historia-arte\/wp-content\/uploads\/2025\/03\/WhatsApp-Image-2025-03-07-at-13.35.21-819x1024.jpeg 819w, https:\/\/www.upo.es\/area-historia-arte\/wp-content\/uploads\/2025\/03\/WhatsApp-Image-2025-03-07-at-13.35.21-240x300.jpeg 240w, https:\/\/www.upo.es\/area-historia-arte\/wp-content\/uploads\/2025\/03\/WhatsApp-Image-2025-03-07-at-13.35.21-768x960.jpeg 768w, https:\/\/www.upo.es\/area-historia-arte\/wp-content\/uploads\/2025\/03\/WhatsApp-Image-2025-03-07-at-13.35.21.jpeg 1080w\" sizes=\"(max-width: 819px) 100vw, 819px\" \/><\/figure>\n\n\n\n<p><strong>Fecha:<\/strong><br>7 de marzo<\/p>\n\n\n\n<p><strong>Intervienen:<\/strong><br>Isabel de Le\u00f3n Borrero<br>Trist\u00e1n Pert\u00ed\u00f1ez Blasco<br>Jos\u00e9 Antonio Parejo Fern\u00e1ndez<br>Magdalena Ill\u00e1n Mart\u00edn<br>Ana Aranda Vernal<\/p>\n\n\n\n<p><\/p>\n","protected":false},"excerpt":{"rendered":"<p>Casa Palacio Condesa de Lebrija7 de marzo Fecha:7 de marzo Intervienen:Isabel de Le\u00f3n BorreroTrist\u00e1n Pert\u00ed\u00f1ez BlascoJos\u00e9 Antonio Parejo Fern\u00e1ndezMagdalena Ill\u00e1n[&#8230;]<\/p>\n","protected":false},"author":1,"featured_media":0,"parent":0,"menu_order":0,"comment_status":"closed","ping_status":"closed","template":"","meta":[],"_links":{"self":[{"href":"https:\/\/www.upo.es\/area-historia-arte\/wp-json\/wp\/v2\/pages\/3315"}],"collection":[{"href":"https:\/\/www.upo.es\/area-historia-arte\/wp-json\/wp\/v2\/pages"}],"about":[{"href":"https:\/\/www.upo.es\/area-historia-arte\/wp-json\/wp\/v2\/types\/page"}],"author":[{"embeddable":true,"href":"https:\/\/www.upo.es\/area-historia-arte\/wp-json\/wp\/v2\/users\/1"}],"replies":[{"embeddable":true,"href":"https:\/\/www.upo.es\/area-historia-arte\/wp-json\/wp\/v2\/comments?post=3315"}],"version-history":[{"count":1,"href":"https:\/\/www.upo.es\/area-historia-arte\/wp-json\/wp\/v2\/pages\/3315\/revisions"}],"predecessor-version":[{"id":3317,"href":"https:\/\/www.upo.es\/area-historia-arte\/wp-json\/wp\/v2\/pages\/3315\/revisions\/3317"}],"wp:attachment":[{"href":"https:\/\/www.upo.es\/area-historia-arte\/wp-json\/wp\/v2\/media?parent=3315"}],"curies":[{"name":"wp","href":"https:\/\/api.w.org\/{rel}","templated":true}]}}

Presentación AH 86. Mujeres artistas y promotoras en Andalucía

<p>Casa Palacio Condesa de Lebrija<br>7 de marzo</p>



<figure class="wp-block-image size-large"><img loading="lazy" width="819" height="1024" src="https://www.upo.es/area-historia-arte/wp-content/uploads/2025/03/WhatsApp-Image-2025-03-07-at-13.35.21-819x1024.jpeg" alt="" class="wp-image-3316" srcset="https://www.upo.es/area-historia-arte/wp-content/uploads/2025/03/WhatsApp-Image-2025-03-07-at-13.35.21-819x1024.jpeg 819w, https://www.upo.es/area-historia-arte/wp-content/uploads/2025/03/WhatsApp-Image-2025-03-07-at-13.35.21-240x300.jpeg 240w, https://www.upo.es/area-historia-arte/wp-content/uploads/2025/03/WhatsApp-Image-2025-03-07-at-13.35.21-768x960.jpeg 768w, https://www.upo.es/area-historia-arte/wp-content/uploads/2025/03/WhatsApp-Image-2025-03-07-at-13.35.21.jpeg 1080w" sizes="(max-width: 819px) 100vw, 819px" /></figure>



<p><strong>Fecha:</strong><br>7 de marzo</p>



<p><strong>Intervienen:</strong><br>Isabel de León Borrero<br>Tristán Pertíñez Blasco<br>José Antonio Parejo Fernández<br>Magdalena Illán Martín<br>Ana Aranda Vernal</p>



<p></p>

<p>Casa Palacio Condesa de Lebrija7 de marzo Fecha:7 de marzo Intervienen:Isabel de León BorreroTristán Pertíñez BlascoJosé Antonio Parejo FernándezMagdalena Illán[&#8230;]</p>
