{"id":3321,"date":"2025-04-01T10:58:37","date_gmt":"2025-04-01T08:58:37","guid":{"rendered":"https:\/\/www.upo.es\/area-historia-arte\/?page_id=3321"},"modified":"2025-04-01T10:58:37","modified_gmt":"2025-04-01T08:58:37","slug":"dialogos-interdisciplinares-con-perspectiva-de-genero-violencia-ciudad-enfermedad-y-ausencia","status":"publish","type":"page","link":"https:\/\/www.upo.es\/area-historia-arte\/dialogos-interdisciplinares-con-perspectiva-de-genero-violencia-ciudad-enfermedad-y-ausencia\/","title":{"rendered":"Di\u00e1logos interdisciplinares con perspectiva de g\u00e9nero. Violencia, ciudad, enfermedad y ausencia"},"content":{"rendered":"\n<p>Universidad Pablo de Olavide<br>18 de marzo, 1, 4 y 24 de abril<\/p>\n\n\n\n<p><\/p>\n\n\n\n<figure class=\"wp-block-image size-large\"><img loading=\"lazy\" width=\"741\" height=\"1024\" src=\"https:\/\/www.upo.es\/area-historia-arte\/wp-content\/uploads\/2025\/04\/Programa-ciclo-genero-2025-741x1024.png\" alt=\"\" class=\"wp-image-3322\" srcset=\"https:\/\/www.upo.es\/area-historia-arte\/wp-content\/uploads\/2025\/04\/Programa-ciclo-genero-2025-741x1024.png 741w, https:\/\/www.upo.es\/area-historia-arte\/wp-content\/uploads\/2025\/04\/Programa-ciclo-genero-2025-217x300.png 217w, https:\/\/www.upo.es\/area-historia-arte\/wp-content\/uploads\/2025\/04\/Programa-ciclo-genero-2025-768x1061.png 768w, https:\/\/www.upo.es\/area-historia-arte\/wp-content\/uploads\/2025\/04\/Programa-ciclo-genero-2025-1112x1536.png 1112w, https:\/\/www.upo.es\/area-historia-arte\/wp-content\/uploads\/2025\/04\/Programa-ciclo-genero-2025.png 1448w\" sizes=\"(max-width: 741px) 100vw, 741px\" \/><\/figure>\n\n\n\n<p><strong>Fecha:<\/strong><br>18 de marzo, 1, 4 y 24 de abril<\/p>\n\n\n\n<p><strong>Participan:<\/strong><br>Carmen Velasco Montiel<br>Inmaculada Villa Gil Bermejo<br>Ana Mar\u00eda Aranda Bernal<br>Marian P\u00e9rez Bernal<br>Ver\u00f3nica Pacheco Costa<br>Hanan Saleh Hussein<br>Amalia Vah\u00ed Serrano<br>Mar\u00eda \u00c1ngeles Fern\u00e1ndez Valle<\/p>\n\n\n\n<p><strong>Organiza<\/strong>:<br>Universidad Pablo de Olavide, Facultad de Humanidades<\/p>\n\n\n\n<p><strong>Financia:<\/strong><br>Universidad Pablo de Olavide<br>Delegaci\u00f3n del Rector para la Igualdad de G\u00e9nero, Oficina de Igualdad<\/p>\n","protected":false},"excerpt":{"rendered":"<p>Universidad Pablo de Olavide18 de marzo, 1, 4 y 24 de abril Fecha:18 de marzo, 1, 4 y 24 de[&#8230;]<\/p>\n","protected":false},"author":1,"featured_media":0,"parent":0,"menu_order":0,"comment_status":"closed","ping_status":"closed","template":"","meta":[],"_links":{"self":[{"href":"https:\/\/www.upo.es\/area-historia-arte\/wp-json\/wp\/v2\/pages\/3321"}],"collection":[{"href":"https:\/\/www.upo.es\/area-historia-arte\/wp-json\/wp\/v2\/pages"}],"about":[{"href":"https:\/\/www.upo.es\/area-historia-arte\/wp-json\/wp\/v2\/types\/page"}],"author":[{"embeddable":true,"href":"https:\/\/www.upo.es\/area-historia-arte\/wp-json\/wp\/v2\/users\/1"}],"replies":[{"embeddable":true,"href":"https:\/\/www.upo.es\/area-historia-arte\/wp-json\/wp\/v2\/comments?post=3321"}],"version-history":[{"count":2,"href":"https:\/\/www.upo.es\/area-historia-arte\/wp-json\/wp\/v2\/pages\/3321\/revisions"}],"predecessor-version":[{"id":3326,"href":"https:\/\/www.upo.es\/area-historia-arte\/wp-json\/wp\/v2\/pages\/3321\/revisions\/3326"}],"wp:attachment":[{"href":"https:\/\/www.upo.es\/area-historia-arte\/wp-json\/wp\/v2\/media?parent=3321"}],"curies":[{"name":"wp","href":"https:\/\/api.w.org\/{rel}","templated":true}]}}