{"id":3342,"date":"2025-04-28T11:47:08","date_gmt":"2025-04-28T09:47:08","guid":{"rendered":"https:\/\/www.upo.es\/area-historia-arte\/?page_id=3342"},"modified":"2025-04-29T11:29:32","modified_gmt":"2025-04-29T09:29:32","slug":"ii-jornada-seminario-beneficiencia-hospitalidad-y-mujer","status":"publish","type":"page","link":"https:\/\/www.upo.es\/area-historia-arte\/ii-jornada-seminario-beneficiencia-hospitalidad-y-mujer\/","title":{"rendered":"II Jornada Seminario. Beneficencia, hospitalidad y mujer."},"content":{"rendered":"\n<p>30 de abril de 16:00 a 21:00<br>Aula de Prensa, Rectorado UPO<\/p>\n\n\n\n<figure class=\"wp-block-image size-large\"><img loading=\"lazy\" width=\"1024\" height=\"576\" src=\"https:\/\/www.upo.es\/area-historia-arte\/wp-content\/uploads\/2025\/04\/41d62c07-1-1024x576.jpeg\" alt=\"\" class=\"wp-image-3355\" srcset=\"https:\/\/www.upo.es\/area-historia-arte\/wp-content\/uploads\/2025\/04\/41d62c07-1-1024x576.jpeg 1024w, https:\/\/www.upo.es\/area-historia-arte\/wp-content\/uploads\/2025\/04\/41d62c07-1-300x169.jpeg 300w, https:\/\/www.upo.es\/area-historia-arte\/wp-content\/uploads\/2025\/04\/41d62c07-1-768x432.jpeg 768w, https:\/\/www.upo.es\/area-historia-arte\/wp-content\/uploads\/2025\/04\/41d62c07-1-1536x864.jpeg 1536w, https:\/\/www.upo.es\/area-historia-arte\/wp-content\/uploads\/2025\/04\/41d62c07-1.jpeg 1600w\" sizes=\"(max-width: 1024px) 100vw, 1024px\" \/><\/figure>\n\n\n\n<p><strong>Fecha<\/strong>: 30 de abril de 2025<\/p>\n\n\n\n<p><strong>Lugar:<\/strong>&nbsp;Aula de Prensa, Rectorado UPO<\/p>\n\n\n\n<p><strong>Dirige<\/strong>:<br>Mar\u00eda del Carmen Calder\u00f3n Berrocal<br><br><strong>Ponentes:<\/strong><br>Mar\u00eda del Carmen Calder\u00f3n Berrocal<br>Reyes Pro<br>Fernando Quiles<br>Mar\u00eda Fidalgo<\/p>\n\n\n\n<p><\/p>\n","protected":false},"excerpt":{"rendered":"<p>30 de abril de 16:00 a 21:00Aula de Prensa, Rectorado UPO Fecha: 30 de abril de 2025 Lugar:&nbsp;Aula de Prensa,[&#8230;]<\/p>\n","protected":false},"author":1,"featured_media":0,"parent":0,"menu_order":0,"comment_status":"closed","ping_status":"closed","template":"","meta":[],"_links":{"self":[{"href":"https:\/\/www.upo.es\/area-historia-arte\/wp-json\/wp\/v2\/pages\/3342"}],"collection":[{"href":"https:\/\/www.upo.es\/area-historia-arte\/wp-json\/wp\/v2\/pages"}],"about":[{"href":"https:\/\/www.upo.es\/area-historia-arte\/wp-json\/wp\/v2\/types\/page"}],"author":[{"embeddable":true,"href":"https:\/\/www.upo.es\/area-historia-arte\/wp-json\/wp\/v2\/users\/1"}],"replies":[{"embeddable":true,"href":"https:\/\/www.upo.es\/area-historia-arte\/wp-json\/wp\/v2\/comments?post=3342"}],"version-history":[{"count":6,"href":"https:\/\/www.upo.es\/area-historia-arte\/wp-json\/wp\/v2\/pages\/3342\/revisions"}],"predecessor-version":[{"id":3362,"href":"https:\/\/www.upo.es\/area-historia-arte\/wp-json\/wp\/v2\/pages\/3342\/revisions\/3362"}],"wp:attachment":[{"href":"https:\/\/www.upo.es\/area-historia-arte\/wp-json\/wp\/v2\/media?parent=3342"}],"curies":[{"name":"wp","href":"https:\/\/api.w.org\/{rel}","templated":true}]}}