{"id":338,"date":"2019-03-31T15:22:38","date_gmt":"2019-03-31T13:22:38","guid":{"rendered":"https:\/\/www.upo.es\/area-historia-arte\/?page_id=338"},"modified":"2019-07-17T20:16:20","modified_gmt":"2019-07-17T18:16:20","slug":"ix-jornadas-de-patrimonio-historico-y-cultural-de-la-provincia-de-sevilla-sevilla-11-y-12-de-diciembre-de-2014","status":"publish","type":"page","link":"https:\/\/www.upo.es\/area-historia-arte\/ix-jornadas-de-patrimonio-historico-y-cultural-de-la-provincia-de-sevilla-sevilla-11-y-12-de-diciembre-de-2014\/","title":{"rendered":"IX Jornadas de \u00abPatrimonio Hist\u00f3rico y Cultural de la provincia de Sevilla\u00bb"},"content":{"rendered":"\n<p style=\"text-align:center\"><\/p>\n\n\n\n<div class=\"wp-block-image\"><figure class=\"aligncenter\"><img loading=\"lazy\" width=\"637\" height=\"335\" src=\"https:\/\/www.upo.es\/area-historia-arte\/wp-content\/uploads\/2019\/05\/IX-jornadas.png\" alt=\"\" class=\"wp-image-1117\" srcset=\"https:\/\/www.upo.es\/area-historia-arte\/wp-content\/uploads\/2019\/05\/IX-jornadas.png 637w, https:\/\/www.upo.es\/area-historia-arte\/wp-content\/uploads\/2019\/05\/IX-jornadas-300x158.png 300w\" sizes=\"(max-width: 637px) 100vw, 637px\" \/><\/figure><\/div>\n\n\n\n<p style=\"text-align:center\">IX Jornadas de \u00abPatrimonio Hist\u00f3rico y Cultural de la provincia de Sevilla\u00bb<\/p>\n\n\n\n<p style=\"text-align:center\"><strong>Fecha<\/strong>: 11 y 12 de diciembre de 2014 <\/p>\n\n\n\n<p style=\"text-align:center\"><strong>Lugar<\/strong>: Casa de la Provincia, Sevilla<\/p>\n\n\n\n<p>La Casa de la Provincia de la Diputaci\u00f3n de Sevilla y el \u00c1rea de Historia del Arte del Departamento de Geograf\u00eda, Historia y Filosof\u00eda de la Universidad Pablo de Olavide organizan una nueva edici\u00f3n de las Jornadas de Patrimonio Hist\u00f3rico y Cultural de la provincia de Sevilla. En esta novena cita con el Patrimonio sevillano hemos decidido tratar un tema de actualidad, las Rutas e Itinerarios Culturales. Son varios y diversos los itinerarios y rutas culturales reconocidos que transitan por la provincia de Sevilla: la Ruta de \u00abEl Tempranillo\u00bb, la Ruta de los Castillos, la Ruta B\u00e9tica Romana, el Legado Andalus\u00ed o Caminos de Pasi\u00f3n, entre otras. Recorren este territorio hilvanando municipios y enclaves significativos para las historias locales. Ello justifica plenamente el inter\u00e9s que hoy en d\u00eda suscitan, tanto como para dedicarles las presentes Jornadas, donde abordaremos esta nueva manera de conectar al p\u00fablico con su herencia. Con el deseo de tratar esta tem\u00e1tica adecuadamente hemos convocado a diversos especialistas, que nos ofrecer\u00e1n sus particulares visiones, yendo desde la generalidad a la particularidad y desde la escala internacional a la local. Como antecedentes queremos presentar lo ocurrido en otros lugares que se reconocen como avanzadilla en esta materia, desde Espa\u00f1a a Latinoam\u00e9rica, con los resultados positivos que han aportado algunas rutas creadas hace a\u00f1os y otras en proceso. En este sentido, tambi\u00e9n nos parece interesante hacer un tratamiento desde lo conceptual, para entender por qu\u00e9, c\u00f3mo y cuando se ha empezado con el tema de los itinerarios y rutas culturales. Hay que agradecer a todos los participantes en estas IX Jornadas de Patrimonio Hist\u00f3rico y Cultural de la Provincia de Sevilla la excelente predisposici\u00f3n mostrada para formar parte del programa. No defraudar\u00e1n a un p\u00fablico que es asiduo y que ha participado con inter\u00e9s, a lo largo de los a\u00f1os, en estas Jornadas. Si algo avala el \u00e9xito de esta actividad despu\u00e9s de nueve ediciones es, sin lugar a dudas, esta buena acogida entre los distintos agentes relacionados con el patrimonio de nuestra provincia, ya sean investigadores, profesionales, t\u00e9cnicos municipales o estudiantes. Por ello, deseamos que esta novena edici\u00f3n siga contando con vuestra asistencia que ser\u00e1 la mejor muestra de apoyo al trabajo realizado para poder cumplir con las expectativas. <\/p>\n\n\n\n<p><strong>Coordinaci\u00f3n de las jornadas:<\/strong><\/p>\n\n\n\n<ul><li> Francisco Mantec\u00f3n Campos (Ayuntamiento de Alcal\u00e1 de Guadaira)<\/li><li> Fernando Quiles Garc\u00eda (Universidad Pablo de Olavide)<\/li><li> Jos\u00e9 Reina Mac\u00edas (Casa de la Provincia)<\/li><\/ul>\n\n\n\n<p><strong>Inscripci\u00f3n: <\/strong>josereinamacias@dipusevilla.es <\/p>\n\n\n\n<p><a href=\"https:\/\/www.upo.es\/area-historia-arte\/wp-content\/uploads\/2019\/03\/IX_Jornadas_Patrimonio_Historico_y_cultural_Casa_de_la_Provincia.pdf\">Formulario de inscripci\u00f3n y programa<\/a><\/p>\n","protected":false},"excerpt":{"rendered":"<p>IX Jornadas de \u00abPatrimonio Hist\u00f3rico y Cultural de la provincia de Sevilla\u00bb Fecha: 11 y 12 de diciembre de 2014[&#8230;]<\/p>\n","protected":false},"author":1,"featured_media":0,"parent":0,"menu_order":0,"comment_status":"closed","ping_status":"closed","template":"template-fullwidth.php","meta":[],"_links":{"self":[{"href":"https:\/\/www.upo.es\/area-historia-arte\/wp-json\/wp\/v2\/pages\/338"}],"collection":[{"href":"https:\/\/www.upo.es\/area-historia-arte\/wp-json\/wp\/v2\/pages"}],"about":[{"href":"https:\/\/www.upo.es\/area-historia-arte\/wp-json\/wp\/v2\/types\/page"}],"author":[{"embeddable":true,"href":"https:\/\/www.upo.es\/area-historia-arte\/wp-json\/wp\/v2\/users\/1"}],"replies":[{"embeddable":true,"href":"https:\/\/www.upo.es\/area-historia-arte\/wp-json\/wp\/v2\/comments?post=338"}],"version-history":[{"count":6,"href":"https:\/\/www.upo.es\/area-historia-arte\/wp-json\/wp\/v2\/pages\/338\/revisions"}],"predecessor-version":[{"id":2124,"href":"https:\/\/www.upo.es\/area-historia-arte\/wp-json\/wp\/v2\/pages\/338\/revisions\/2124"}],"wp:attachment":[{"href":"https:\/\/www.upo.es\/area-historia-arte\/wp-json\/wp\/v2\/media?parent=338"}],"curies":[{"name":"wp","href":"https:\/\/api.w.org\/{rel}","templated":true}]}}

IX Jornadas de «Patrimonio Histórico y Cultural de la provincia de Sevilla»

<p style="text-align:center"></p>



<div class="wp-block-image"><figure class="aligncenter"><img loading="lazy" width="637" height="335" src="https://www.upo.es/area-historia-arte/wp-content/uploads/2019/05/IX-jornadas.png" alt="" class="wp-image-1117" srcset="https://www.upo.es/area-historia-arte/wp-content/uploads/2019/05/IX-jornadas.png 637w, https://www.upo.es/area-historia-arte/wp-content/uploads/2019/05/IX-jornadas-300x158.png 300w" sizes="(max-width: 637px) 100vw, 637px" /></figure></div>



<p style="text-align:center">IX Jornadas de «Patrimonio Histórico y Cultural de la provincia de Sevilla»</p>



<p style="text-align:center"><strong>Fecha</strong>: 11 y 12 de diciembre de 2014 </p>



<p style="text-align:center"><strong>Lugar</strong>: Casa de la Provincia, Sevilla</p>



<p>La Casa de la Provincia de la Diputación de Sevilla y el Área de Historia del Arte del Departamento de Geografía, Historia y Filosofía de la Universidad Pablo de Olavide organizan una nueva edición de las Jornadas de Patrimonio Histórico y Cultural de la provincia de Sevilla. En esta novena cita con el Patrimonio sevillano hemos decidido tratar un tema de actualidad, las Rutas e Itinerarios Culturales. Son varios y diversos los itinerarios y rutas culturales reconocidos que transitan por la provincia de Sevilla: la Ruta de «El Tempranillo», la Ruta de los Castillos, la Ruta Bética Romana, el Legado Andalusí o Caminos de Pasión, entre otras. Recorren este territorio hilvanando municipios y enclaves significativos para las historias locales. Ello justifica plenamente el interés que hoy en día suscitan, tanto como para dedicarles las presentes Jornadas, donde abordaremos esta nueva manera de conectar al público con su herencia. Con el deseo de tratar esta temática adecuadamente hemos convocado a diversos especialistas, que nos ofrecerán sus particulares visiones, yendo desde la generalidad a la particularidad y desde la escala internacional a la local. Como antecedentes queremos presentar lo ocurrido en otros lugares que se reconocen como avanzadilla en esta materia, desde España a Latinoamérica, con los resultados positivos que han aportado algunas rutas creadas hace años y otras en proceso. En este sentido, también nos parece interesante hacer un tratamiento desde lo conceptual, para entender por qué, cómo y cuando se ha empezado con el tema de los itinerarios y rutas culturales. Hay que agradecer a todos los participantes en estas IX Jornadas de Patrimonio Histórico y Cultural de la Provincia de Sevilla la excelente predisposición mostrada para formar parte del programa. No defraudarán a un público que es asiduo y que ha participado con interés, a lo largo de los años, en estas Jornadas. Si algo avala el éxito de esta actividad después de nueve ediciones es, sin lugar a dudas, esta buena acogida entre los distintos agentes relacionados con el patrimonio de nuestra provincia, ya sean investigadores, profesionales, técnicos municipales o estudiantes. Por ello, deseamos que esta novena edición siga contando con vuestra asistencia que será la mejor muestra de apoyo al trabajo realizado para poder cumplir con las expectativas. </p>



<p><strong>Coordinación de las jornadas:</strong></p>



<ul><li> Francisco Mantecón Campos (Ayuntamiento de Alcalá de Guadaira)</li><li> Fernando Quiles García (Universidad Pablo de Olavide)</li><li> José Reina Macías (Casa de la Provincia)</li></ul>



<p><strong>Inscripción: </strong>josereinamacias@dipusevilla.es </p>



<p><a href="https://www.upo.es/area-historia-arte/wp-content/uploads/2019/03/IX_Jornadas_Patrimonio_Historico_y_cultural_Casa_de_la_Provincia.pdf">Formulario de inscripción y programa</a></p>

<p>IX Jornadas de «Patrimonio Histórico y Cultural de la provincia de Sevilla» Fecha: 11 y 12 de diciembre de 2014[&#8230;]</p>
