{"id":3383,"date":"2025-06-20T17:29:15","date_gmt":"2025-06-20T15:29:15","guid":{"rendered":"https:\/\/www.upo.es\/area-historia-arte\/?page_id=3383"},"modified":"2025-06-20T17:35:09","modified_gmt":"2025-06-20T15:35:09","slug":"los-hilos-invisibles-redes-de-mujeres-en-la-creacion-artistica-moderna-y-contemporanea","status":"publish","type":"page","link":"https:\/\/www.upo.es\/area-historia-arte\/los-hilos-invisibles-redes-de-mujeres-en-la-creacion-artistica-moderna-y-contemporanea\/","title":{"rendered":"Los hilos invisibles: redes de mujeres en la creaci\u00f3n art\u00edstica moderna y contempor\u00e1nea"},"content":{"rendered":"\n<p><\/p>\n\n\n\n<figure class=\"wp-block-image\"><img src=\"https:\/\/mav.org.es\/wp-content\/uploads\/2025\/06\/eyJ0eXAiOiJKV1QiLCJhbGciOiJIUzI1NiJ9.eyJpbSI6WyJcL2FydHdvcmtcL2ltYWdlRmlsZVwvNWU1YTRlMGY5OTQ1Ny5qcGVnIiwicmVzaXplLDYwMCw2MDAiXX0._zCTbAsYllyxS1AvXSlEVZPD2jNPBbiHRk_dZq5_6LY.png\" alt=\"Curso de Verano UNED-Sevilla \u00abLos hilos invisibles: redes de mujeres en la creaci\u00f3n  art\u00edstica modernas y contempor\u00e1nea\u00bb | MAV\"\/><\/figure>\n\n\n\n<p><strong>Fecha<\/strong>: 1, 2 y 3  de julio de 2025<\/p>\n\n\n\n<p><strong>Lugar:<\/strong>\u00a0 UNED, Sevilla<\/p>\n\n\n\n<p><strong>Direcci\u00f3n:<\/strong><br>Amparo Serrano de Haro Soriano<\/p>\n\n\n\n<p><strong>Coordinaci\u00f3n:<\/strong><br>\u00c1frica Cabanillas Casafranca<\/p>\n\n\n\n<p><strong>Propone:<\/strong><br>Departamento de Historia del Arte, UNED<br><\/p>\n\n\n\n<p><strong>Participan:<\/strong><br>\u00c1frica Cabanillas Casafranca<br>Ana Aranda Bernal<br>Magdalena Ill\u00e1n Mart\u00edn<br>Amparo Serrano de Haro Soriano<br>Pilar V. de Foronda<br>Elina Norandi<br>Isabel Tejeda Mart\u00edn<br><br><a href=\"https:\/\/extension.uned.es\/actividad\/idactividad\/44245\" data-type=\"URL\" data-id=\"https:\/\/extension.uned.es\/actividad\/idactividad\/44245\">PROGRAMA E INFORMACI\u00d3N<\/a><br><\/p>\n","protected":false},"excerpt":{"rendered":"<p>Fecha: 1, 2 y 3 de julio de 2025 Lugar:\u00a0 UNED, Sevilla Direcci\u00f3n:Amparo Serrano de Haro Soriano Coordinaci\u00f3n:\u00c1frica Cabanillas Casafranca[&#8230;]<\/p>\n","protected":false},"author":1,"featured_media":0,"parent":0,"menu_order":0,"comment_status":"closed","ping_status":"closed","template":"","meta":[],"_links":{"self":[{"href":"https:\/\/www.upo.es\/area-historia-arte\/wp-json\/wp\/v2\/pages\/3383"}],"collection":[{"href":"https:\/\/www.upo.es\/area-historia-arte\/wp-json\/wp\/v2\/pages"}],"about":[{"href":"https:\/\/www.upo.es\/area-historia-arte\/wp-json\/wp\/v2\/types\/page"}],"author":[{"embeddable":true,"href":"https:\/\/www.upo.es\/area-historia-arte\/wp-json\/wp\/v2\/users\/1"}],"replies":[{"embeddable":true,"href":"https:\/\/www.upo.es\/area-historia-arte\/wp-json\/wp\/v2\/comments?post=3383"}],"version-history":[{"count":4,"href":"https:\/\/www.upo.es\/area-historia-arte\/wp-json\/wp\/v2\/pages\/3383\/revisions"}],"predecessor-version":[{"id":3397,"href":"https:\/\/www.upo.es\/area-historia-arte\/wp-json\/wp\/v2\/pages\/3383\/revisions\/3397"}],"wp:attachment":[{"href":"https:\/\/www.upo.es\/area-historia-arte\/wp-json\/wp\/v2\/media?parent=3383"}],"curies":[{"name":"wp","href":"https:\/\/api.w.org\/{rel}","templated":true}]}}

Los hilos invisibles: redes de mujeres en la creación artística moderna y contemporánea

<p></p>



<figure class="wp-block-image"><img src="https://mav.org.es/wp-content/uploads/2025/06/eyJ0eXAiOiJKV1QiLCJhbGciOiJIUzI1NiJ9.eyJpbSI6WyJcL2FydHdvcmtcL2ltYWdlRmlsZVwvNWU1YTRlMGY5OTQ1Ny5qcGVnIiwicmVzaXplLDYwMCw2MDAiXX0._zCTbAsYllyxS1AvXSlEVZPD2jNPBbiHRk_dZq5_6LY.png" alt="Curso de Verano UNED-Sevilla «Los hilos invisibles: redes de mujeres en la creación  artística modernas y contemporánea» | MAV"/></figure>



<p><strong>Fecha</strong>: 1, 2 y 3  de julio de 2025</p>



<p><strong>Lugar:</strong>  UNED, Sevilla</p>



<p><strong>Dirección:</strong><br>Amparo Serrano de Haro Soriano</p>



<p><strong>Coordinación:</strong><br>África Cabanillas Casafranca</p>



<p><strong>Propone:</strong><br>Departamento de Historia del Arte, UNED<br></p>



<p><strong>Participan:</strong><br>África Cabanillas Casafranca<br>Ana Aranda Bernal<br>Magdalena Illán Martín<br>Amparo Serrano de Haro Soriano<br>Pilar V. de Foronda<br>Elina Norandi<br>Isabel Tejeda Martín<br><br><a href="https://extension.uned.es/actividad/idactividad/44245" data-type="URL" data-id="https://extension.uned.es/actividad/idactividad/44245">PROGRAMA E INFORMACIÓN</a><br></p>

<p>Fecha: 1, 2 y 3 de julio de 2025 Lugar:  UNED, Sevilla Dirección:Amparo Serrano de Haro Soriano Coordinación:África Cabanillas Casafranca[&#8230;]</p>
