{"id":3399,"date":"2025-09-12T13:22:44","date_gmt":"2025-09-12T11:22:44","guid":{"rendered":"https:\/\/www.upo.es\/area-historia-arte\/?page_id=3399"},"modified":"2025-09-12T13:22:44","modified_gmt":"2025-09-12T11:22:44","slug":"las-fiestas-sevillanas-y-el-espacio-publico","status":"publish","type":"page","link":"https:\/\/www.upo.es\/area-historia-arte\/las-fiestas-sevillanas-y-el-espacio-publico\/","title":{"rendered":"Las fiestas sevillanas y el espacio p\u00fablico"},"content":{"rendered":"\n<h1><\/h1>\n\n\n\n<figure class=\"wp-block-image size-large\"><img loading=\"lazy\" width=\"767\" height=\"1024\" src=\"https:\/\/www.upo.es\/area-historia-arte\/wp-content\/uploads\/2025\/09\/Captura-de-pantalla-2025-09-12-a-las-13.17.56-767x1024.png\" alt=\"\" class=\"wp-image-3404\" srcset=\"https:\/\/www.upo.es\/area-historia-arte\/wp-content\/uploads\/2025\/09\/Captura-de-pantalla-2025-09-12-a-las-13.17.56-767x1024.png 767w, https:\/\/www.upo.es\/area-historia-arte\/wp-content\/uploads\/2025\/09\/Captura-de-pantalla-2025-09-12-a-las-13.17.56-225x300.png 225w, https:\/\/www.upo.es\/area-historia-arte\/wp-content\/uploads\/2025\/09\/Captura-de-pantalla-2025-09-12-a-las-13.17.56-768x1025.png 768w, https:\/\/www.upo.es\/area-historia-arte\/wp-content\/uploads\/2025\/09\/Captura-de-pantalla-2025-09-12-a-las-13.17.56.png 992w\" sizes=\"(max-width: 767px) 100vw, 767px\" \/><\/figure>\n\n\n\n<p><strong>Fecha<\/strong>: 8, 15, 22 y 29 de octubre y 5 de noviembre de 2025. Mi\u00e9rcoles, 19:00 hs.<\/p>\n\n\n\n<p><strong>Lugar:<\/strong>\u00a0 Casa de los Pinelo<\/p>\n\n\n\n<p><strong>Direcci\u00f3n:<\/strong><br>C\/ Abades n\u00ba14.<\/p>\n\n\n\n<p><strong>Coordinaci\u00f3n:<\/strong><br>Antonio Collantes de Ter\u00e1n S\u00e1nchez<\/p>\n\n\n\n<p><strong>Propone:<\/strong><br>Departamento de Historia del Arte, UNED<\/p>\n\n\n\n<p><strong>Participan:<\/strong><br>Fernando D\u00edaz Moreno<br>Jaime Garc\u00eda Bernal<br>Jos\u00e9 Roda Pe\u00f1a<br>Francisco Ollero Lobato<br>Antonio Garc\u00eda Garc\u00eda<\/p>\n\n\n\n<div class=\"wp-block-file\"><a href=\"https:\/\/www.upo.es\/area-historia-arte\/wp-content\/uploads\/2025\/09\/DI\u0301PTICO.pdf\">PROGRAMA<\/a><a href=\"https:\/\/www.upo.es\/area-historia-arte\/wp-content\/uploads\/2025\/09\/DI\u0301PTICO.pdf\" class=\"wp-block-file__button\" download>Descarga<\/a><\/div>\n","protected":false},"excerpt":{"rendered":"<p>Fecha: 8, 15, 22 y 29 de octubre y 5 de noviembre de 2025. Mi\u00e9rcoles, 19:00 hs. Lugar:\u00a0 Casa de[&#8230;]<\/p>\n","protected":false},"author":1,"featured_media":0,"parent":0,"menu_order":0,"comment_status":"closed","ping_status":"closed","template":"","meta":[],"_links":{"self":[{"href":"https:\/\/www.upo.es\/area-historia-arte\/wp-json\/wp\/v2\/pages\/3399"}],"collection":[{"href":"https:\/\/www.upo.es\/area-historia-arte\/wp-json\/wp\/v2\/pages"}],"about":[{"href":"https:\/\/www.upo.es\/area-historia-arte\/wp-json\/wp\/v2\/types\/page"}],"author":[{"embeddable":true,"href":"https:\/\/www.upo.es\/area-historia-arte\/wp-json\/wp\/v2\/users\/1"}],"replies":[{"embeddable":true,"href":"https:\/\/www.upo.es\/area-historia-arte\/wp-json\/wp\/v2\/comments?post=3399"}],"version-history":[{"count":1,"href":"https:\/\/www.upo.es\/area-historia-arte\/wp-json\/wp\/v2\/pages\/3399\/revisions"}],"predecessor-version":[{"id":3405,"href":"https:\/\/www.upo.es\/area-historia-arte\/wp-json\/wp\/v2\/pages\/3399\/revisions\/3405"}],"wp:attachment":[{"href":"https:\/\/www.upo.es\/area-historia-arte\/wp-json\/wp\/v2\/media?parent=3399"}],"curies":[{"name":"wp","href":"https:\/\/api.w.org\/{rel}","templated":true}]}}

Las fiestas sevillanas y el espacio público

<h1></h1>



<figure class="wp-block-image size-large"><img loading="lazy" width="767" height="1024" src="https://www.upo.es/area-historia-arte/wp-content/uploads/2025/09/Captura-de-pantalla-2025-09-12-a-las-13.17.56-767x1024.png" alt="" class="wp-image-3404" srcset="https://www.upo.es/area-historia-arte/wp-content/uploads/2025/09/Captura-de-pantalla-2025-09-12-a-las-13.17.56-767x1024.png 767w, https://www.upo.es/area-historia-arte/wp-content/uploads/2025/09/Captura-de-pantalla-2025-09-12-a-las-13.17.56-225x300.png 225w, https://www.upo.es/area-historia-arte/wp-content/uploads/2025/09/Captura-de-pantalla-2025-09-12-a-las-13.17.56-768x1025.png 768w, https://www.upo.es/area-historia-arte/wp-content/uploads/2025/09/Captura-de-pantalla-2025-09-12-a-las-13.17.56.png 992w" sizes="(max-width: 767px) 100vw, 767px" /></figure>



<p><strong>Fecha</strong>: 8, 15, 22 y 29 de octubre y 5 de noviembre de 2025. Miércoles, 19:00 hs.</p>



<p><strong>Lugar:</strong>  Casa de los Pinelo</p>



<p><strong>Dirección:</strong><br>C/ Abades nº14.</p>



<p><strong>Coordinación:</strong><br>Antonio Collantes de Terán Sánchez</p>



<p><strong>Propone:</strong><br>Departamento de Historia del Arte, UNED</p>



<p><strong>Participan:</strong><br>Fernando Díaz Moreno<br>Jaime García Bernal<br>José Roda Peña<br>Francisco Ollero Lobato<br>Antonio García García</p>



<div class="wp-block-file"><a href="https://www.upo.es/area-historia-arte/wp-content/uploads/2025/09/DÍPTICO.pdf">PROGRAMA</a><a href="https://www.upo.es/area-historia-arte/wp-content/uploads/2025/09/DÍPTICO.pdf" class="wp-block-file__button" download>Descarga</a></div>

<p>Fecha: 8, 15, 22 y 29 de octubre y 5 de noviembre de 2025. Miércoles, 19:00 hs. Lugar:  Casa de[&#8230;]</p>
