{"id":3452,"date":"2026-02-10T13:07:36","date_gmt":"2026-02-10T12:07:36","guid":{"rendered":"https:\/\/www.upo.es\/area-historia-arte\/?page_id=3452"},"modified":"2026-02-13T11:15:10","modified_gmt":"2026-02-13T10:15:10","slug":"del-despertar-a-la-muerte-xvi-seminario-de-gestion-y-difusion-del-patrimonio-local","status":"publish","type":"page","link":"https:\/\/www.upo.es\/area-historia-arte\/del-despertar-a-la-muerte-xvi-seminario-de-gestion-y-difusion-del-patrimonio-local\/","title":{"rendered":"Del despertar a la muerte. XVI Seminario de gesti\u00f3n y difusi\u00f3n del patrimonio local"},"content":{"rendered":"\n<p>Casa de la Provincia, Sevilla<br>23 y 25 de febrero<\/p>\n\n\n\n<figure class=\"wp-block-image size-large\"><img loading=\"lazy\" width=\"1024\" height=\"576\" src=\"https:\/\/www.upo.es\/area-historia-arte\/wp-content\/uploads\/2026\/02\/XVI-Seminario-de-gestio\u0301n-y-difusio\u0301n-del-patrimonio-local-1-1024x576.jpg\" alt=\"\" class=\"wp-image-3453\" srcset=\"https:\/\/www.upo.es\/area-historia-arte\/wp-content\/uploads\/2026\/02\/XVI-Seminario-de-gestio\u0301n-y-difusio\u0301n-del-patrimonio-local-1-1024x576.jpg 1024w, https:\/\/www.upo.es\/area-historia-arte\/wp-content\/uploads\/2026\/02\/XVI-Seminario-de-gestio\u0301n-y-difusio\u0301n-del-patrimonio-local-1-300x169.jpg 300w, https:\/\/www.upo.es\/area-historia-arte\/wp-content\/uploads\/2026\/02\/XVI-Seminario-de-gestio\u0301n-y-difusio\u0301n-del-patrimonio-local-1-768x432.jpg 768w, https:\/\/www.upo.es\/area-historia-arte\/wp-content\/uploads\/2026\/02\/XVI-Seminario-de-gestio\u0301n-y-difusio\u0301n-del-patrimonio-local-1-1536x864.jpg 1536w, https:\/\/www.upo.es\/area-historia-arte\/wp-content\/uploads\/2026\/02\/XVI-Seminario-de-gestio\u0301n-y-difusio\u0301n-del-patrimonio-local-1.jpg 1920w\" sizes=\"(max-width: 1024px) 100vw, 1024px\" \/><\/figure>\n\n\n\n<div class=\"wp-block-file\"><a href=\"https:\/\/www.upo.es\/area-historia-arte\/wp-content\/uploads\/2026\/02\/XVI-Seminario-de-gestio\u0301n-y-difusio\u0301n-del-patrimonio-local.pdf\">PROGRAMA<\/a><a href=\"https:\/\/www.upo.es\/area-historia-arte\/wp-content\/uploads\/2026\/02\/XVI-Seminario-de-gestio\u0301n-y-difusio\u0301n-del-patrimonio-local.pdf\" class=\"wp-block-file__button\" download>Descarga<\/a><\/div>\n\n\n\n<p><strong>Direcci\u00f3n: <\/strong>Fernando Quiles Garc\u00eda<\/p>\n\n\n\n<p><strong>Coordinaci\u00f3n:&nbsp;<\/strong>Daniela Kaplan Stein<\/p>\n\n\n\n<p><strong>Inscripciones:&nbsp;<\/strong>dkapste@upo.es<\/p>\n\n\n\n<p><strong>Organiza:&nbsp;<\/strong>Universidad Pablo de Olavide, \u00c1rea de Historia del Arte. M\u00e1ster en Arte, Museos y Gesti\u00f3n del Patrimonio Hist\u00f3rico. C\u00e1tedra de Barroco.<\/p>\n","protected":false},"excerpt":{"rendered":"<p>Casa de la Provincia, Sevilla23 y 25 de febrero Direcci\u00f3n: Fernando Quiles Garc\u00eda Coordinaci\u00f3n:&nbsp;Daniela Kaplan Stein Inscripciones:&nbsp;dkapste@upo.es Organiza:&nbsp;Universidad Pablo de[&#8230;]<\/p>\n","protected":false},"author":1,"featured_media":0,"parent":0,"menu_order":0,"comment_status":"closed","ping_status":"closed","template":"","meta":[],"_links":{"self":[{"href":"https:\/\/www.upo.es\/area-historia-arte\/wp-json\/wp\/v2\/pages\/3452"}],"collection":[{"href":"https:\/\/www.upo.es\/area-historia-arte\/wp-json\/wp\/v2\/pages"}],"about":[{"href":"https:\/\/www.upo.es\/area-historia-arte\/wp-json\/wp\/v2\/types\/page"}],"author":[{"embeddable":true,"href":"https:\/\/www.upo.es\/area-historia-arte\/wp-json\/wp\/v2\/users\/1"}],"replies":[{"embeddable":true,"href":"https:\/\/www.upo.es\/area-historia-arte\/wp-json\/wp\/v2\/comments?post=3452"}],"version-history":[{"count":2,"href":"https:\/\/www.upo.es\/area-historia-arte\/wp-json\/wp\/v2\/pages\/3452\/revisions"}],"predecessor-version":[{"id":3465,"href":"https:\/\/www.upo.es\/area-historia-arte\/wp-json\/wp\/v2\/pages\/3452\/revisions\/3465"}],"wp:attachment":[{"href":"https:\/\/www.upo.es\/area-historia-arte\/wp-json\/wp\/v2\/media?parent=3452"}],"curies":[{"name":"wp","href":"https:\/\/api.w.org\/{rel}","templated":true}]}}

Del despertar a la muerte. XVI Seminario de gestión y difusión del patrimonio local

<p>Casa de la Provincia, Sevilla<br>23 y 25 de febrero</p>



<figure class="wp-block-image size-large"><img loading="lazy" width="1024" height="576" src="https://www.upo.es/area-historia-arte/wp-content/uploads/2026/02/XVI-Seminario-de-gestión-y-difusión-del-patrimonio-local-1-1024x576.jpg" alt="" class="wp-image-3453" srcset="https://www.upo.es/area-historia-arte/wp-content/uploads/2026/02/XVI-Seminario-de-gestión-y-difusión-del-patrimonio-local-1-1024x576.jpg 1024w, https://www.upo.es/area-historia-arte/wp-content/uploads/2026/02/XVI-Seminario-de-gestión-y-difusión-del-patrimonio-local-1-300x169.jpg 300w, https://www.upo.es/area-historia-arte/wp-content/uploads/2026/02/XVI-Seminario-de-gestión-y-difusión-del-patrimonio-local-1-768x432.jpg 768w, https://www.upo.es/area-historia-arte/wp-content/uploads/2026/02/XVI-Seminario-de-gestión-y-difusión-del-patrimonio-local-1-1536x864.jpg 1536w, https://www.upo.es/area-historia-arte/wp-content/uploads/2026/02/XVI-Seminario-de-gestión-y-difusión-del-patrimonio-local-1.jpg 1920w" sizes="(max-width: 1024px) 100vw, 1024px" /></figure>



<div class="wp-block-file"><a href="https://www.upo.es/area-historia-arte/wp-content/uploads/2026/02/XVI-Seminario-de-gestión-y-difusión-del-patrimonio-local.pdf">PROGRAMA</a><a href="https://www.upo.es/area-historia-arte/wp-content/uploads/2026/02/XVI-Seminario-de-gestión-y-difusión-del-patrimonio-local.pdf" class="wp-block-file__button" download>Descarga</a></div>



<p><strong>Dirección: </strong>Fernando Quiles García</p>



<p><strong>Coordinación:&nbsp;</strong>Daniela Kaplan Stein</p>



<p><strong>Inscripciones:&nbsp;</strong>dkapste@upo.es</p>



<p><strong>Organiza:&nbsp;</strong>Universidad Pablo de Olavide, Área de Historia del Arte. Máster en Arte, Museos y Gestión del Patrimonio Histórico. Cátedra de Barroco.</p>

<p>Casa de la Provincia, Sevilla23 y 25 de febrero Dirección: Fernando Quiles García Coordinación:&nbsp;Daniela Kaplan Stein Inscripciones:&nbsp;dkapste@upo.es Organiza:&nbsp;Universidad Pablo de[&#8230;]</p>
