{"id":3475,"date":"2026-03-03T15:07:32","date_gmt":"2026-03-03T14:07:32","guid":{"rendered":"https:\/\/www.upo.es\/area-historia-arte\/?page_id=3475"},"modified":"2026-03-03T15:09:41","modified_gmt":"2026-03-03T14:09:41","slug":"xi-jornadas-internacionales-autoridad-femenina-recepcion-critica-y-relato-del-yo","status":"publish","type":"page","link":"https:\/\/www.upo.es\/area-historia-arte\/xi-jornadas-internacionales-autoridad-femenina-recepcion-critica-y-relato-del-yo\/","title":{"rendered":"XI Jornadas Internacionales Autoridad Femenina: Recepci\u00f3n Cr\u00edtica y Relato del Yo"},"content":{"rendered":"\n<p>4 y 5 de marzo de 2026<br>Aula Luis Cernuda (118), Facultad Filolog\u00eda, Universidad de Sevilla<br>Aula de Grados Diego Angula, Facultad de Geograf\u00eda e Historia, Universidad de Sevilla<\/p>\n\n\n\n<figure class=\"wp-block-image size-large\"><img loading=\"lazy\" width=\"713\" height=\"1024\" src=\"https:\/\/www.upo.es\/area-historia-arte\/wp-content\/uploads\/2026\/03\/641777310_1852293588823793_2221766685342375751_n-713x1024.png\" alt=\"\" class=\"wp-image-3476\" srcset=\"https:\/\/www.upo.es\/area-historia-arte\/wp-content\/uploads\/2026\/03\/641777310_1852293588823793_2221766685342375751_n-713x1024.png 713w, https:\/\/www.upo.es\/area-historia-arte\/wp-content\/uploads\/2026\/03\/641777310_1852293588823793_2221766685342375751_n-209x300.png 209w, https:\/\/www.upo.es\/area-historia-arte\/wp-content\/uploads\/2026\/03\/641777310_1852293588823793_2221766685342375751_n-768x1104.png 768w, https:\/\/www.upo.es\/area-historia-arte\/wp-content\/uploads\/2026\/03\/641777310_1852293588823793_2221766685342375751_n-1069x1536.png 1069w, https:\/\/www.upo.es\/area-historia-arte\/wp-content\/uploads\/2026\/03\/641777310_1852293588823793_2221766685342375751_n-1425x2048.png 1425w, https:\/\/www.upo.es\/area-historia-arte\/wp-content\/uploads\/2026\/03\/641777310_1852293588823793_2221766685342375751_n.png 2048w\" sizes=\"(max-width: 713px) 100vw, 713px\" \/><\/figure>\n\n\n\n<p><strong>Inscripci\u00f3n: <\/strong>arteygenero@us.es. Entrada gratuita, previa inscripci\u00f3n, hasta completar aforo. <br>La asistencia al 70% de las sesiones podr\u00e1 ser reconocida mediante certificado acreditativo<\/p>\n\n\n\n<p><strong>Coordinan:<\/strong> Ana Aranda Bernal, Isabel Cl\u00faa, Mercedes Comellas, Magdalena Ill\u00e1n Mart\u00edn, Emre \u00d6zmen y Carmen Rodr\u00edguez Serrano.<\/p>\n\n\n\n<div class=\"wp-block-file\"><a href=\"https:\/\/www.upo.es\/area-historia-arte\/wp-content\/uploads\/2026\/03\/XI-JORNADAS-INTERNACIONALES-AUTORIDAD-FEMENINA.pdf\">PROGRAMA<\/a><a href=\"https:\/\/www.upo.es\/area-historia-arte\/wp-content\/uploads\/2026\/03\/XI-JORNADAS-INTERNACIONALES-AUTORIDAD-FEMENINA.pdf\" class=\"wp-block-file__button\" download>Descarga<\/a><\/div>\n","protected":false},"excerpt":{"rendered":"<p>4 y 5 de marzo de 2026Aula Luis Cernuda (118), Facultad Filolog\u00eda, Universidad de SevillaAula de Grados Diego Angula, Facultad[&#8230;]<\/p>\n","protected":false},"author":1,"featured_media":0,"parent":0,"menu_order":0,"comment_status":"closed","ping_status":"closed","template":"","meta":[],"_links":{"self":[{"href":"https:\/\/www.upo.es\/area-historia-arte\/wp-json\/wp\/v2\/pages\/3475"}],"collection":[{"href":"https:\/\/www.upo.es\/area-historia-arte\/wp-json\/wp\/v2\/pages"}],"about":[{"href":"https:\/\/www.upo.es\/area-historia-arte\/wp-json\/wp\/v2\/types\/page"}],"author":[{"embeddable":true,"href":"https:\/\/www.upo.es\/area-historia-arte\/wp-json\/wp\/v2\/users\/1"}],"replies":[{"embeddable":true,"href":"https:\/\/www.upo.es\/area-historia-arte\/wp-json\/wp\/v2\/comments?post=3475"}],"version-history":[{"count":2,"href":"https:\/\/www.upo.es\/area-historia-arte\/wp-json\/wp\/v2\/pages\/3475\/revisions"}],"predecessor-version":[{"id":3481,"href":"https:\/\/www.upo.es\/area-historia-arte\/wp-json\/wp\/v2\/pages\/3475\/revisions\/3481"}],"wp:attachment":[{"href":"https:\/\/www.upo.es\/area-historia-arte\/wp-json\/wp\/v2\/media?parent=3475"}],"curies":[{"name":"wp","href":"https:\/\/api.w.org\/{rel}","templated":true}]}}

XI Jornadas Internacionales Autoridad Femenina: Recepción Crítica y Relato del Yo

<p>4 y 5 de marzo de 2026<br>Aula Luis Cernuda (118), Facultad Filología, Universidad de Sevilla<br>Aula de Grados Diego Angula, Facultad de Geografía e Historia, Universidad de Sevilla</p>



<figure class="wp-block-image size-large"><img loading="lazy" width="713" height="1024" src="https://www.upo.es/area-historia-arte/wp-content/uploads/2026/03/641777310_1852293588823793_2221766685342375751_n-713x1024.png" alt="" class="wp-image-3476" srcset="https://www.upo.es/area-historia-arte/wp-content/uploads/2026/03/641777310_1852293588823793_2221766685342375751_n-713x1024.png 713w, https://www.upo.es/area-historia-arte/wp-content/uploads/2026/03/641777310_1852293588823793_2221766685342375751_n-209x300.png 209w, https://www.upo.es/area-historia-arte/wp-content/uploads/2026/03/641777310_1852293588823793_2221766685342375751_n-768x1104.png 768w, https://www.upo.es/area-historia-arte/wp-content/uploads/2026/03/641777310_1852293588823793_2221766685342375751_n-1069x1536.png 1069w, https://www.upo.es/area-historia-arte/wp-content/uploads/2026/03/641777310_1852293588823793_2221766685342375751_n-1425x2048.png 1425w, https://www.upo.es/area-historia-arte/wp-content/uploads/2026/03/641777310_1852293588823793_2221766685342375751_n.png 2048w" sizes="(max-width: 713px) 100vw, 713px" /></figure>



<p><strong>Inscripción: </strong>arteygenero@us.es. Entrada gratuita, previa inscripción, hasta completar aforo. <br>La asistencia al 70% de las sesiones podrá ser reconocida mediante certificado acreditativo</p>



<p><strong>Coordinan:</strong> Ana Aranda Bernal, Isabel Clúa, Mercedes Comellas, Magdalena Illán Martín, Emre Özmen y Carmen Rodríguez Serrano.</p>



<div class="wp-block-file"><a href="https://www.upo.es/area-historia-arte/wp-content/uploads/2026/03/XI-JORNADAS-INTERNACIONALES-AUTORIDAD-FEMENINA.pdf">PROGRAMA</a><a href="https://www.upo.es/area-historia-arte/wp-content/uploads/2026/03/XI-JORNADAS-INTERNACIONALES-AUTORIDAD-FEMENINA.pdf" class="wp-block-file__button" download>Descarga</a></div>

<p>4 y 5 de marzo de 2026Aula Luis Cernuda (118), Facultad Filología, Universidad de SevillaAula de Grados Diego Angula, Facultad[&#8230;]</p>
