{"id":3489,"date":"2026-03-03T15:29:12","date_gmt":"2026-03-03T14:29:12","guid":{"rendered":"https:\/\/www.upo.es\/area-historia-arte\/?page_id=3489"},"modified":"2026-03-03T15:29:12","modified_gmt":"2026-03-03T14:29:12","slug":"xv-jornadas-de-orientacion-y-empleo","status":"publish","type":"page","link":"https:\/\/www.upo.es\/area-historia-arte\/xv-jornadas-de-orientacion-y-empleo\/","title":{"rendered":"XV Jornadas de Orientaci\u00f3n y Empleo"},"content":{"rendered":"\n<p>16 de marzo de 2026<br>Sala de Grados, Edificio 6, Universidad Pablo de Olavide<\/p>\n\n\n\n<figure class=\"wp-block-image size-large\"><img loading=\"lazy\" width=\"724\" height=\"1024\" src=\"https:\/\/www.upo.es\/area-historia-arte\/wp-content\/uploads\/2026\/03\/Jornadas-de-Orientacio\u0301n-y-empleo-17-724x1024.png\" alt=\"\" class=\"wp-image-3491\" srcset=\"https:\/\/www.upo.es\/area-historia-arte\/wp-content\/uploads\/2026\/03\/Jornadas-de-Orientacio\u0301n-y-empleo-17-724x1024.png 724w, https:\/\/www.upo.es\/area-historia-arte\/wp-content\/uploads\/2026\/03\/Jornadas-de-Orientacio\u0301n-y-empleo-17-212x300.png 212w, https:\/\/www.upo.es\/area-historia-arte\/wp-content\/uploads\/2026\/03\/Jornadas-de-Orientacio\u0301n-y-empleo-17-768x1086.png 768w, https:\/\/www.upo.es\/area-historia-arte\/wp-content\/uploads\/2026\/03\/Jornadas-de-Orientacio\u0301n-y-empleo-17-1086x1536.png 1086w, https:\/\/www.upo.es\/area-historia-arte\/wp-content\/uploads\/2026\/03\/Jornadas-de-Orientacio\u0301n-y-empleo-17-1448x2048.png 1448w, https:\/\/www.upo.es\/area-historia-arte\/wp-content\/uploads\/2026\/03\/Jornadas-de-Orientacio\u0301n-y-empleo-17.png 1587w\" sizes=\"(max-width: 724px) 100vw, 724px\" \/><\/figure>\n\n\n\n<p><strong>COORDINACI\u00d3N: <\/strong>Daniela Kaplan Stein y Victoria S\u00e1nchez Mellado.<\/p>\n\n\n\n<p><strong>ORGANIZA: <\/strong>M\u00e1ster en Arte, Museos y Gesti\u00f3n del Patrimonio, \u00c1rea de Historia del Arte.<\/p>\n\n\n\n<div class=\"wp-block-file\"><a href=\"https:\/\/www.upo.es\/area-historia-arte\/wp-content\/uploads\/2026\/03\/Programa-XV-Jornadas-de-Orientacio\u0301n-y-empleo.-pdf.pdf\">PROGRAMA<\/a><a href=\"https:\/\/www.upo.es\/area-historia-arte\/wp-content\/uploads\/2026\/03\/Programa-XV-Jornadas-de-Orientacio\u0301n-y-empleo.-pdf.pdf\" class=\"wp-block-file__button\" download>Descarga<\/a><\/div>\n","protected":false},"excerpt":{"rendered":"<p>16 de marzo de 2026Sala de Grados, Edificio 6, Universidad Pablo de Olavide COORDINACI\u00d3N: Daniela Kaplan Stein y Victoria S\u00e1nchez[&#8230;]<\/p>\n","protected":false},"author":1,"featured_media":0,"parent":0,"menu_order":0,"comment_status":"closed","ping_status":"closed","template":"","meta":[],"_links":{"self":[{"href":"https:\/\/www.upo.es\/area-historia-arte\/wp-json\/wp\/v2\/pages\/3489"}],"collection":[{"href":"https:\/\/www.upo.es\/area-historia-arte\/wp-json\/wp\/v2\/pages"}],"about":[{"href":"https:\/\/www.upo.es\/area-historia-arte\/wp-json\/wp\/v2\/types\/page"}],"author":[{"embeddable":true,"href":"https:\/\/www.upo.es\/area-historia-arte\/wp-json\/wp\/v2\/users\/1"}],"replies":[{"embeddable":true,"href":"https:\/\/www.upo.es\/area-historia-arte\/wp-json\/wp\/v2\/comments?post=3489"}],"version-history":[{"count":1,"href":"https:\/\/www.upo.es\/area-historia-arte\/wp-json\/wp\/v2\/pages\/3489\/revisions"}],"predecessor-version":[{"id":3492,"href":"https:\/\/www.upo.es\/area-historia-arte\/wp-json\/wp\/v2\/pages\/3489\/revisions\/3492"}],"wp:attachment":[{"href":"https:\/\/www.upo.es\/area-historia-arte\/wp-json\/wp\/v2\/media?parent=3489"}],"curies":[{"name":"wp","href":"https:\/\/api.w.org\/{rel}","templated":true}]}}

XV Jornadas de Orientación y Empleo

<p>16 de marzo de 2026<br>Sala de Grados, Edificio 6, Universidad Pablo de Olavide</p>



<figure class="wp-block-image size-large"><img loading="lazy" width="724" height="1024" src="https://www.upo.es/area-historia-arte/wp-content/uploads/2026/03/Jornadas-de-Orientación-y-empleo-17-724x1024.png" alt="" class="wp-image-3491" srcset="https://www.upo.es/area-historia-arte/wp-content/uploads/2026/03/Jornadas-de-Orientación-y-empleo-17-724x1024.png 724w, https://www.upo.es/area-historia-arte/wp-content/uploads/2026/03/Jornadas-de-Orientación-y-empleo-17-212x300.png 212w, https://www.upo.es/area-historia-arte/wp-content/uploads/2026/03/Jornadas-de-Orientación-y-empleo-17-768x1086.png 768w, https://www.upo.es/area-historia-arte/wp-content/uploads/2026/03/Jornadas-de-Orientación-y-empleo-17-1086x1536.png 1086w, https://www.upo.es/area-historia-arte/wp-content/uploads/2026/03/Jornadas-de-Orientación-y-empleo-17-1448x2048.png 1448w, https://www.upo.es/area-historia-arte/wp-content/uploads/2026/03/Jornadas-de-Orientación-y-empleo-17.png 1587w" sizes="(max-width: 724px) 100vw, 724px" /></figure>



<p><strong>COORDINACIÓN: </strong>Daniela Kaplan Stein y Victoria Sánchez Mellado.</p>



<p><strong>ORGANIZA: </strong>Máster en Arte, Museos y Gestión del Patrimonio, Área de Historia del Arte.</p>



<div class="wp-block-file"><a href="https://www.upo.es/area-historia-arte/wp-content/uploads/2026/03/Programa-XV-Jornadas-de-Orientación-y-empleo.-pdf.pdf">PROGRAMA</a><a href="https://www.upo.es/area-historia-arte/wp-content/uploads/2026/03/Programa-XV-Jornadas-de-Orientación-y-empleo.-pdf.pdf" class="wp-block-file__button" download>Descarga</a></div>

<p>16 de marzo de 2026Sala de Grados, Edificio 6, Universidad Pablo de Olavide COORDINACIÓN: Daniela Kaplan Stein y Victoria Sánchez[&#8230;]</p>
