{"id":370,"date":"2019-03-31T15:40:42","date_gmt":"2019-03-31T13:40:42","guid":{"rendered":"https:\/\/www.upo.es\/area-historia-arte\/?page_id=370"},"modified":"2019-07-17T19:24:39","modified_gmt":"2019-07-17T17:24:39","slug":"i-simposio-internacional-centroamerica-patrimonio-vivo","status":"publish","type":"page","link":"https:\/\/www.upo.es\/area-historia-arte\/i-simposio-internacional-centroamerica-patrimonio-vivo\/","title":{"rendered":"I Simposio Internacional \u00abCentroam\u00e9rica Patrimonio Vivo\u00bb"},"content":{"rendered":"\n<p style=\"text-align:center\"><\/p>\n\n\n\n<div class=\"wp-block-image\"><figure class=\"aligncenter is-resized\"><img loading=\"lazy\" src=\"https:\/\/www.upo.es\/area-historia-arte\/wp-content\/uploads\/2019\/05\/centroamericapatrimoniovivo.png\" alt=\"\" class=\"wp-image-1101\" width=\"591\" height=\"420\" srcset=\"https:\/\/www.upo.es\/area-historia-arte\/wp-content\/uploads\/2019\/05\/centroamericapatrimoniovivo.png 897w, https:\/\/www.upo.es\/area-historia-arte\/wp-content\/uploads\/2019\/05\/centroamericapatrimoniovivo-300x213.png 300w, https:\/\/www.upo.es\/area-historia-arte\/wp-content\/uploads\/2019\/05\/centroamericapatrimoniovivo-768x545.png 768w\" sizes=\"(max-width: 591px) 100vw, 591px\" \/><\/figure><\/div>\n\n\n\n<p style=\"text-align:center\">I Simposio Internacional \u00abCentroam\u00e9rica Patrimonio Vivo\u00bb<\/p>\n\n\n\n<p style=\"text-align:center\"><strong>Fecha<\/strong>: 11, 12 y 13 de noviembre de 2015 <\/p>\n\n\n\n<p style=\"text-align:center\"><strong>Lugar<\/strong>: Universidad Pablo de Olavide y Escuela de Estudios Hispano-Americanos (CSIC), Sevilla<br><\/p>\n\n\n\n<p><strong>Direcci\u00f3n:<\/strong><\/p>\n\n\n\n<ul><li>Fernando Quiles (coord.) (Universidad Pablo de Olavide)<\/li><li>Karina Mej\u00eda (Universidad Centroamericana, Managua)<\/li><li>Juan Ram\u00f3n Rodr\u00edguez-Mateo (Universidad Pablo de Olavide, Sevilla)<\/li><\/ul>\n\n\n\n<p><strong>Secretar\u00eda:<\/strong><br><\/p>\n\n\n\n<ul><li>Sara Velasco (Universidad Pablo de Olavide, Sevilla)<\/li><li>Zara Ruiz Romero (Universidad Pablo de Olavide, Sevilla)<\/li><\/ul>\n\n\n\n<p><strong>Equipo de Apoyo:<\/strong><\/p>\n\n\n\n<ul><li> Eunice Miranda, Pablo Navarro, Daniel Exp\u00f3sito (Universidad Pablo de Olavide, Sevilla)<\/li><li> Mirta Linero (Patronato Panam\u00e1 Viejo, Panam\u00e1)<\/li><li> Cecilia Zurita (Univ. Rafael Land\u00edvar, Guatemala)<\/li><li> Rita Costa (Universidade de Lisboa, Portugal)<\/li><li> Guillermina Itzel de Gracia (OMK, SA, Panam\u00e1)<\/li><\/ul>\n\n\n\n<p>  <br><strong>Comisi\u00f3n Asesora<\/strong><\/p>\n\n\n\n<ul><li> \u00c1rea de Historia del Arte de la Universidad Pablo de Olavide<\/li><li> Red de Patrimonio Cultural en los Pa\u00edses Centroamericanos<\/li><\/ul>\n\n\n\n<p><strong>ENTIDADES PARTICIPANTES<\/strong><\/p>\n\n\n\n<p> <strong>Organiza:<\/strong><\/p>\n\n\n\n<ul><li> Universidad Pablo de Olavide. \u00c1rea de Historia del Arte<\/li><li> Campus de Excelencia \u201cCambio\u201d \/ Campus de las Am\u00e9ricas<\/li><li> #istmo. Red de Patrimonio Cultural en los Pa\u00edses Centroamericanos<\/li><li> Doctorado de Historia y Estudios Human\u00edsticos: Europa, Am\u00e9rica, Arte y Lenguas<\/li><li> En\/Red\/Ars. Matriz de Proyectos Culturales<\/li><li> Consejo Superior de Investigaciones Cient\u00edficas (CSIC): Escuela de Estudios Hispano-Americanos, Sevilla e Instituto de Historia, Madrid.<\/li><\/ul>\n\n\n\n<p><strong>Colabora:<\/strong><\/p>\n\n\n\n<ul><li> Programa de Cooperaci\u00f3n con Centroam\u00e9rica, Univ. de Alcal\u00e1, Espa\u00f1a<\/li><li> Patronato Panam\u00e1 Viejo, Panam\u00e1<\/li><li> Universidad Rafael Land\u00edvar, Guatemala<\/li><li> Universidad San Carlos, Guatemala<\/li><li> Universidad Tecnol\u00f3gica, El Salvador<\/li><li> Aula Latinoamerica de Pensamiento y Creaci\u00f3n Contempor\u00e1neos, UPO<\/li><\/ul>\n\n\n\n<p>Informaci\u00f3n e inscripci\u00f3n: opcpca@gmail.com (Fernando Quiles \/ Juan R. Rodr\u00edguez-Mateo)<\/p>\n\n\n\n<p><a href=\"https:\/\/www.upo.es\/area-historia-arte\/wp-content\/uploads\/2019\/03\/I_Simposio_Internacional_Centroamerica_Patrimonio_vivo__UPO__2015.pdf\">PROGRAMA<\/a><\/p>\n","protected":false},"excerpt":{"rendered":"<p>I Simposio Internacional \u00abCentroam\u00e9rica Patrimonio Vivo\u00bb Fecha: 11, 12 y 13 de noviembre de 2015 Lugar: Universidad Pablo de Olavide[&#8230;]<\/p>\n","protected":false},"author":1,"featured_media":0,"parent":0,"menu_order":0,"comment_status":"closed","ping_status":"closed","template":"template-fullwidth.php","meta":[],"_links":{"self":[{"href":"https:\/\/www.upo.es\/area-historia-arte\/wp-json\/wp\/v2\/pages\/370"}],"collection":[{"href":"https:\/\/www.upo.es\/area-historia-arte\/wp-json\/wp\/v2\/pages"}],"about":[{"href":"https:\/\/www.upo.es\/area-historia-arte\/wp-json\/wp\/v2\/types\/page"}],"author":[{"embeddable":true,"href":"https:\/\/www.upo.es\/area-historia-arte\/wp-json\/wp\/v2\/users\/1"}],"replies":[{"embeddable":true,"href":"https:\/\/www.upo.es\/area-historia-arte\/wp-json\/wp\/v2\/comments?post=370"}],"version-history":[{"count":12,"href":"https:\/\/www.upo.es\/area-historia-arte\/wp-json\/wp\/v2\/pages\/370\/revisions"}],"predecessor-version":[{"id":2085,"href":"https:\/\/www.upo.es\/area-historia-arte\/wp-json\/wp\/v2\/pages\/370\/revisions\/2085"}],"wp:attachment":[{"href":"https:\/\/www.upo.es\/area-historia-arte\/wp-json\/wp\/v2\/media?parent=370"}],"curies":[{"name":"wp","href":"https:\/\/api.w.org\/{rel}","templated":true}]}}

I Simposio Internacional «Centroamérica Patrimonio Vivo»

<p style="text-align:center"></p>



<div class="wp-block-image"><figure class="aligncenter is-resized"><img loading="lazy" src="https://www.upo.es/area-historia-arte/wp-content/uploads/2019/05/centroamericapatrimoniovivo.png" alt="" class="wp-image-1101" width="591" height="420" srcset="https://www.upo.es/area-historia-arte/wp-content/uploads/2019/05/centroamericapatrimoniovivo.png 897w, https://www.upo.es/area-historia-arte/wp-content/uploads/2019/05/centroamericapatrimoniovivo-300x213.png 300w, https://www.upo.es/area-historia-arte/wp-content/uploads/2019/05/centroamericapatrimoniovivo-768x545.png 768w" sizes="(max-width: 591px) 100vw, 591px" /></figure></div>



<p style="text-align:center">I Simposio Internacional «Centroamérica Patrimonio Vivo»</p>



<p style="text-align:center"><strong>Fecha</strong>: 11, 12 y 13 de noviembre de 2015 </p>



<p style="text-align:center"><strong>Lugar</strong>: Universidad Pablo de Olavide y Escuela de Estudios Hispano-Americanos (CSIC), Sevilla<br></p>



<p><strong>Dirección:</strong></p>



<ul><li>Fernando Quiles (coord.) (Universidad Pablo de Olavide)</li><li>Karina Mejía (Universidad Centroamericana, Managua)</li><li>Juan Ramón Rodríguez-Mateo (Universidad Pablo de Olavide, Sevilla)</li></ul>



<p><strong>Secretaría:</strong><br></p>



<ul><li>Sara Velasco (Universidad Pablo de Olavide, Sevilla)</li><li>Zara Ruiz Romero (Universidad Pablo de Olavide, Sevilla)</li></ul>



<p><strong>Equipo de Apoyo:</strong></p>



<ul><li> Eunice Miranda, Pablo Navarro, Daniel Expósito (Universidad Pablo de Olavide, Sevilla)</li><li> Mirta Linero (Patronato Panamá Viejo, Panamá)</li><li> Cecilia Zurita (Univ. Rafael Landívar, Guatemala)</li><li> Rita Costa (Universidade de Lisboa, Portugal)</li><li> Guillermina Itzel de Gracia (OMK, SA, Panamá)</li></ul>



<p>  <br><strong>Comisión Asesora</strong></p>



<ul><li> Área de Historia del Arte de la Universidad Pablo de Olavide</li><li> Red de Patrimonio Cultural en los Países Centroamericanos</li></ul>



<p><strong>ENTIDADES PARTICIPANTES</strong></p>



<p> <strong>Organiza:</strong></p>



<ul><li> Universidad Pablo de Olavide. Área de Historia del Arte</li><li> Campus de Excelencia “Cambio” / Campus de las Américas</li><li> #istmo. Red de Patrimonio Cultural en los Países Centroamericanos</li><li> Doctorado de Historia y Estudios Humanísticos: Europa, América, Arte y Lenguas</li><li> En/Red/Ars. Matriz de Proyectos Culturales</li><li> Consejo Superior de Investigaciones Científicas (CSIC): Escuela de Estudios Hispano-Americanos, Sevilla e Instituto de Historia, Madrid.</li></ul>



<p><strong>Colabora:</strong></p>



<ul><li> Programa de Cooperación con Centroamérica, Univ. de Alcalá, España</li><li> Patronato Panamá Viejo, Panamá</li><li> Universidad Rafael Landívar, Guatemala</li><li> Universidad San Carlos, Guatemala</li><li> Universidad Tecnológica, El Salvador</li><li> Aula Latinoamerica de Pensamiento y Creación Contemporáneos, UPO</li></ul>



<p>Información e inscripción: opcpca@gmail.com (Fernando Quiles / Juan R. Rodríguez-Mateo)</p>



<p><a href="https://www.upo.es/area-historia-arte/wp-content/uploads/2019/03/I_Simposio_Internacional_Centroamerica_Patrimonio_vivo__UPO__2015.pdf">PROGRAMA</a></p>

<p>I Simposio Internacional «Centroamérica Patrimonio Vivo» Fecha: 11, 12 y 13 de noviembre de 2015 Lugar: Universidad Pablo de Olavide[&#8230;]</p>
