{"id":422,"date":"2019-04-01T13:10:07","date_gmt":"2019-04-01T11:10:07","guid":{"rendered":"https:\/\/www.upo.es\/area-historia-arte\/?page_id=422"},"modified":"2019-07-17T20:09:37","modified_gmt":"2019-07-17T18:09:37","slug":"junio-2016-seminario-acervo-mexicano-legado-de-culturas","status":"publish","type":"page","link":"https:\/\/www.upo.es\/area-historia-arte\/junio-2016-seminario-acervo-mexicano-legado-de-culturas\/","title":{"rendered":"Seminario \u00abAcervo Mexicano. Legado de culturas\u00bb"},"content":{"rendered":"\n<p style=\"text-align:center\"><\/p>\n\n\n\n<div class=\"wp-block-image\"><figure class=\"aligncenter is-resized\"><img loading=\"lazy\" src=\"https:\/\/www.upo.es\/area-historia-arte\/wp-content\/uploads\/2019\/06\/Acervo_Mexicano_2016-1024x724.jpg\" alt=\"\" class=\"wp-image-1500\" width=\"652\" height=\"460\" srcset=\"https:\/\/www.upo.es\/area-historia-arte\/wp-content\/uploads\/2019\/06\/Acervo_Mexicano_2016-1024x724.jpg 1024w, https:\/\/www.upo.es\/area-historia-arte\/wp-content\/uploads\/2019\/06\/Acervo_Mexicano_2016-300x212.jpg 300w, https:\/\/www.upo.es\/area-historia-arte\/wp-content\/uploads\/2019\/06\/Acervo_Mexicano_2016-768x543.jpg 768w, https:\/\/www.upo.es\/area-historia-arte\/wp-content\/uploads\/2019\/06\/Acervo_Mexicano_2016.jpg 1123w\" sizes=\"(max-width: 652px) 100vw, 652px\" \/><\/figure><\/div>\n\n\n\n<p style=\"text-align:center\">Seminario \u00abAcervo Mexicano. Legado de culturas\u00bb<\/p>\n\n\n\n<p style=\"text-align:center\"><strong>Fecha<\/strong>: 22 y 23 de junio de 2016 <\/p>\n\n\n\n<p style=\"text-align:center\"><strong>Lugar<\/strong>: Casa de la Provincia, Sevilla<\/p>\n\n\n\n<p style=\"text-align:center\">Con M\u00e9xico\ninauguramos los encuentros doctorales Acervos, que, en esencia, persiguen\nreconocer y valorar el legado cultural de los pa\u00edses iberoamericanos.<\/p>\n\n\n\n<p><strong>Organiza: <\/strong><\/p>\n\n\n\n<ul><li>\u00c1rea de Historia del Arte<\/li><li>Doctorado en Historia y Estudios Human\u00edsticos: Europa, Am\u00e9rica, Arte y Lenguas<\/li><li>Universidad Pablo de Olavide, Sevilla<\/li><\/ul>\n\n\n\n<p><strong>Colaboran:<\/strong><\/p>\n\n\n\n<ul><li>EnredARS<\/li><li>AcerVOS<\/li><li>CEIBA<\/li><li>Casa de la Provincia de la Diputaci\u00f3n de Sevilla<\/li><li>EEHA-CSIC<\/li><li>Consulado Honorario de M\u00e9xico en Sevilla<\/li><li>INAH-Oaxaca<\/li><li>Colegio de Historia BUAP<\/li><li>Arte&amp;cia<\/li><\/ul>\n\n\n\n<p><strong>Coordinaci\u00f3n acad\u00e9mica: <\/strong><\/p>\n\n\n\n<ul><li>Fernando Quiles Garc\u00eda (Universidad Pablo de Olavide)<\/li><li>Mar\u00eda de los \u00c1ngeles Fern\u00e1ndez Valle  (Universidad Pablo de Olavide)<\/li><li>Zara Ruiz Romero (Universidad Pablo de Olavide)<\/li><\/ul>\n\n\n\n<p><strong>Informaci\u00f3n e inscripci\u00f3n: <\/strong>acervos.iberoamerica@gmail.com<\/p>\n\n\n\n<p><a href=\"https:\/\/www.upo.es\/area-historia-arte\/wp-content\/uploads\/2019\/06\/Acervo_Mexicano_UPO_2016.pdf\">PROGRAMA<\/a><\/p>\n","protected":false},"excerpt":{"rendered":"<p>Seminario \u00abAcervo Mexicano. Legado de culturas\u00bb Fecha: 22 y 23 de junio de 2016 Lugar: Casa de la Provincia, Sevilla[&#8230;]<\/p>\n","protected":false},"author":1,"featured_media":0,"parent":0,"menu_order":0,"comment_status":"closed","ping_status":"closed","template":"template-fullwidth.php","meta":[],"_links":{"self":[{"href":"https:\/\/www.upo.es\/area-historia-arte\/wp-json\/wp\/v2\/pages\/422"}],"collection":[{"href":"https:\/\/www.upo.es\/area-historia-arte\/wp-json\/wp\/v2\/pages"}],"about":[{"href":"https:\/\/www.upo.es\/area-historia-arte\/wp-json\/wp\/v2\/types\/page"}],"author":[{"embeddable":true,"href":"https:\/\/www.upo.es\/area-historia-arte\/wp-json\/wp\/v2\/users\/1"}],"replies":[{"embeddable":true,"href":"https:\/\/www.upo.es\/area-historia-arte\/wp-json\/wp\/v2\/comments?post=422"}],"version-history":[{"count":9,"href":"https:\/\/www.upo.es\/area-historia-arte\/wp-json\/wp\/v2\/pages\/422\/revisions"}],"predecessor-version":[{"id":2116,"href":"https:\/\/www.upo.es\/area-historia-arte\/wp-json\/wp\/v2\/pages\/422\/revisions\/2116"}],"wp:attachment":[{"href":"https:\/\/www.upo.es\/area-historia-arte\/wp-json\/wp\/v2\/media?parent=422"}],"curies":[{"name":"wp","href":"https:\/\/api.w.org\/{rel}","templated":true}]}}

<p style="text-align:center"></p>



<div class="wp-block-image"><figure class="aligncenter is-resized"><img loading="lazy" src="https://www.upo.es/area-historia-arte/wp-content/uploads/2019/06/Acervo_Mexicano_2016-1024x724.jpg" alt="" class="wp-image-1500" width="652" height="460" srcset="https://www.upo.es/area-historia-arte/wp-content/uploads/2019/06/Acervo_Mexicano_2016-1024x724.jpg 1024w, https://www.upo.es/area-historia-arte/wp-content/uploads/2019/06/Acervo_Mexicano_2016-300x212.jpg 300w, https://www.upo.es/area-historia-arte/wp-content/uploads/2019/06/Acervo_Mexicano_2016-768x543.jpg 768w, https://www.upo.es/area-historia-arte/wp-content/uploads/2019/06/Acervo_Mexicano_2016.jpg 1123w" sizes="(max-width: 652px) 100vw, 652px" /></figure></div>



<p style="text-align:center">Seminario «Acervo Mexicano. Legado de culturas»</p>



<p style="text-align:center"><strong>Fecha</strong>: 22 y 23 de junio de 2016 </p>



<p style="text-align:center"><strong>Lugar</strong>: Casa de la Provincia, Sevilla</p>



<p style="text-align:center">Con México
inauguramos los encuentros doctorales Acervos, que, en esencia, persiguen
reconocer y valorar el legado cultural de los países iberoamericanos.</p>



<p><strong>Organiza: </strong></p>



<ul><li>Área de Historia del Arte</li><li>Doctorado en Historia y Estudios Humanísticos: Europa, América, Arte y Lenguas</li><li>Universidad Pablo de Olavide, Sevilla</li></ul>



<p><strong>Colaboran:</strong></p>



<ul><li>EnredARS</li><li>AcerVOS</li><li>CEIBA</li><li>Casa de la Provincia de la Diputación de Sevilla</li><li>EEHA-CSIC</li><li>Consulado Honorario de México en Sevilla</li><li>INAH-Oaxaca</li><li>Colegio de Historia BUAP</li><li>Arte&amp;cia</li></ul>



<p><strong>Coordinación académica: </strong></p>



<ul><li>Fernando Quiles García (Universidad Pablo de Olavide)</li><li>María de los Ángeles Fernández Valle  (Universidad Pablo de Olavide)</li><li>Zara Ruiz Romero (Universidad Pablo de Olavide)</li></ul>



<p><strong>Información e inscripción: </strong>acervos.iberoamerica@gmail.com</p>



<p><a href="https://www.upo.es/area-historia-arte/wp-content/uploads/2019/06/Acervo_Mexicano_UPO_2016.pdf">PROGRAMA</a></p>
